-- Table structure for table `roles`
--

CREATE TABLE `roles` (
  `id` tinyint(3) unsigned NOT NULL AUTO_INCREMENT,
  `role` varchar(40) NOT NULL,
  PRIMARY KEY (`id`),
  UNIQUE KEY `roleCheck` (`role`)
) ENGINE=InnoDB AUTO_INCREMENT=6 DEFAULT CHARSET=latin1 ROW_FORMAT=COMPACT;

--
-- Dumping data for table `roles`
--

INSERT INTO `roles` VALUES (5,'Accountant I'),(1,'Bursar 1'),(4,'Exam officer'),(3,'Libarian');

--
-- Table structure for table `room_types`
--

CREATE TABLE `room_types` (
  `id` smallint(5) unsigned zerofill NOT NULL AUTO_INCREMENT COMMENT 'rooms',
  `type` varchar(50) NOT NULL,
  PRIMARY KEY (`id`),
  UNIQUE KEY `type` (`type`)
) ENGINE=InnoDB AUTO_INCREMENT=4 DEFAULT CHARSET=latin1 ROW_FORMAT=COMPACT;

--
-- Dumping data for table `room_types`
--

INSERT INTO `room_types` VALUES (00001,'Class room'),(00003,'Classroom'),(00002,'Laboratory');

--
-- Table structure for table `routes`
--

CREATE TABLE `routes` (
  `id` int(10) unsigned NOT NULL AUTO_INCREMENT,
  `tag` varchar(40) NOT NULL,
  `start` varchar(40) NOT NULL,
  `end` varchar(40) NOT NULL,
  `description` varchar(200) NOT NULL,
  PRIMARY KEY (`id`),
  UNIQUE KEY `Unique route` (`start`,`end`),
  UNIQUE KEY `Unique tag` (`tag`)
) ENGINE=InnoDB DEFAULT CHARSET=latin1 ROW_FORMAT=COMPACT;

--
-- Dumping data for table `routes`
--


--
-- Table structure for table `salary_structure`
--

CREATE TABLE `salary_structure` (
  `id` tinyint(2) unsigned zerofill NOT NULL AUTO_INCREMENT,
  `description` varchar(40) NOT NULL,
  `type` enum('deduction','earning') NOT NULL,
  `level` int(2) unsigned DEFAULT NULL,
  `employee_id` int(11) DEFAULT NULL,
  `title_id` int(11) DEFAULT NULL,
  `amount` double(11,2) NOT NULL,
  `month` int(2) unsigned NOT NULL,
  `year` year(4) NOT NULL,
  `status` enum('pending','approved') DEFAULT 'pending',
  PRIMARY KEY (`id`),
  UNIQUE KEY `Unique level pay` (`description`,`type`,`level`,`month`,`year`),
  UNIQUE KEY `Unique title pay` (`type`,`title_id`,`month`,`year`,`description`)
) ENGINE=InnoDB DEFAULT CHARSET=latin1 ROW_FORMAT=COMPACT;

--
-- Dumping data for table `salary_structure`
--


--
-- Table structure for table `sales`
--

CREATE TABLE `sales` (
  `id` int(10) unsigned NOT NULL AUTO_INCREMENT,
  `transaction_id` int(11) NOT NULL,
  `type` varchar(255) NOT NULL,
  PRIMARY KEY (`id`,`transaction_id`)
) ENGINE=InnoDB DEFAULT CHARSET=latin1 ROW_FORMAT=COMPACT;

--
-- Dumping data for table `sales`
--


--
-- Table structure for table `scheme_of_work`
--

CREATE TABLE `scheme_of_work` (
  `id` bigint(5) unsigned NOT NULL AUTO_INCREMENT,
  `subject_id` bigint(3) unsigned NOT NULL DEFAULT '0' COMMENT 'subjects',
  `level` int(3) NOT NULL,
  `week` bigint(3) unsigned NOT NULL DEFAULT '0',
  `topic` varchar(200) NOT NULL,
  `content` longtext NOT NULL,
  `term` tinyint(3) unsigned NOT NULL DEFAULT '0',
  PRIMARY KEY (`id`),
  UNIQUE KEY `subject_id` (`subject_id`,`week`,`topic`,`term`,`level`)
) ENGINE=InnoDB DEFAULT CHARSET=latin1 ROW_FORMAT=COMPACT;

--
-- Dumping data for table `scheme_of_work`
--


--
-- Table structure for table `school_details`
--

CREATE TABLE `school_details` (
  `id` tinyint(1) unsigned NOT NULL AUTO_INCREMENT,
  `name` varchar(60) DEFAULT NULL,
  `type` varchar(100) DEFAULT NULL,
  `abbreviation` varchar(8) DEFAULT NULL,
  `branch` varchar(50) DEFAULT 'Secondary School',
  `established` date DEFAULT NULL,
  `address` varchar(70) DEFAULT '',
  `city` varchar(15) DEFAULT 'Lagos',
  `state` varchar(20) DEFAULT 'Lagos State',
  `country` varchar(30) DEFAULT 'Nigeria',
  `mobile` varchar(50) DEFAULT NULL,
  `email` varchar(40) DEFAULT '',
  `website` varchar(40) DEFAULT 'www.schoolcube.net',
  `lastEditDate` timestamp NOT NULL DEFAULT CURRENT_TIMESTAMP ON UPDATE CURRENT_TIMESTAMP,
  `logo` varchar(20) DEFAULT NULL,
  `slogan` varchar(100) DEFAULT NULL,
  `smsBalance` double(8,2) NOT NULL DEFAULT '0.00',
  `days` varchar(80) DEFAULT '',
  `path` varchar(50) DEFAULT NULL,
  `facebook` varchar(100) DEFAULT NULL,
  `twitter` varchar(100) DEFAULT NULL,
  `payment_mode` enum('live','demo') NOT NULL DEFAULT 'demo',
  `level` int(1) NOT NULL DEFAULT '2',
  `plan` int(1) DEFAULT '1',
  PRIMARY KEY (`id`),
  UNIQUE KEY `Unique ID` (`id`)
) ENGINE=InnoDB AUTO_INCREMENT=2 DEFAULT CHARSET=latin1 ROW_FORMAT=COMPACT;

--
-- Dumping data for table `school_details`
--

INSERT INTO `school_details` VALUES (1,'Gonzaga Jesuit College',NULL,'GJC823','Secondary School','2021-09-29','No. 1 Obijackson Boulevard','Okija','Anambra','Nigeria','08107970801','principal@gonzagajesuit.org','gonzagajesuit.org','2022-04-07 00:21:36','logo.png','Ad Majorem Dei Gloriam',0.80,'',NULL,NULL,NULL,'demo',2,1);

--
-- Table structure for table `school_diary`
--

CREATE TABLE `school_diary` (
  `id` bigint(5) unsigned NOT NULL AUTO_INCREMENT,
  `subject_id` bigint(3) unsigned NOT NULL DEFAULT '0' COMMENT 'subjects',
  `level` int(3) NOT NULL,
  `week` bigint(3) unsigned NOT NULL DEFAULT '0',
  `topic` varchar(200) NOT NULL,
  `content` longtext NOT NULL,
  `term_id` tinyint(3) unsigned NOT NULL DEFAULT '0',
  `dateTime` datetime NOT NULL,
  `employee_id` int(11) NOT NULL,
  PRIMARY KEY (`id`),
  UNIQUE KEY `subject_id` (`subject_id`,`week`,`topic`,`term_id`,`level`)
) ENGINE=InnoDB DEFAULT CHARSET=latin1 ROW_FORMAT=COMPACT;

--
-- Dumping data for table `school_diary`
--


--
-- Table structure for table `school_fees_status`
--

CREATE TABLE `school_fees_status` (
  `id` int(10) unsigned NOT NULL AUTO_INCREMENT,
  `term_id` int(11) NOT NULL,
  `class_id` int(11) NOT NULL,
  `status` varchar(20) NOT NULL DEFAULT 'pending',
  PRIMARY KEY (`id`)
) ENGINE=InnoDB DEFAULT CHARSET=latin1 ROW_FORMAT=COMPACT;

--
-- Dumping data for table `school_fees_status`
--


--
-- Table structure for table `school_rooms`
--

CREATE TABLE `school_rooms` (
  `id` tinyint(3) unsigned zerofill NOT NULL AUTO_INCREMENT,
  `name` tinytext NOT NULL,
  `description` mediumtext NOT NULL,
  `type_id` tinyint(4) NOT NULL,
  `capacity` tinyint(3) unsigned NOT NULL DEFAULT '0',
  PRIMARY KEY (`id`)
) ENGINE=InnoDB AUTO_INCREMENT=27 DEFAULT CHARSET=latin1 ROW_FORMAT=COMPACT;

--
-- Dumping data for table `school_rooms`
--

INSERT INTO `school_rooms` VALUES (001,'Class 1','Classroom 1',1,30),(002,'Class 2','Classroom 2',1,30),(003,'Class 3','Classroom 3',1,30),(004,'Class 4','Classroom 4',1,30),(005,'Class 5','Classroom 5',1,30),(006,'Class 6','Classroom 6',1,30),(007,'Class 7','Classroom 7',1,30),(008,'Class 8','Classroom 8',1,30),(009,'Class 9','Classroom 9',1,30),(010,'Class 10','Classroom 10',1,30),(011,'Class 11','Classroom 11',1,30),(012,'CLASS 12','Classroom 12',1,40),(013,'CLASS 13','Classroom 13',1,30),(014,'CLASS 14','Classroom 14',1,40),(015,'CLASS 15','Classroom 15',1,40),(016,'CLASS 16','Classroom 16',1,40),(017,'CLASS 17','Classroom 17',1,40),(018,'CLASS 18','Classroom 18',1,40),(019,'CLASS 19','Classroom 19',1,40),(020,'CLASS 20','Classroom 20',1,40),(021,'CLASS 22','Classroom 22',1,40),(022,'CLASS 21','Classroom 21',1,40),(023,'CLASS 23','Classroom 23',3,40),(024,'CLASS 24','Classroom 24',1,40),(025,'CLASS 25','Classroom 25',1,40),(026,'CLASS 26','Classroom 26',1,40);

--
-- Table structure for table `school_sessions`
--

CREATE TABLE `school_sessions` (
  `id` tinyint(3) unsigned NOT NULL AUTO_INCREMENT,
  `startDate` date NOT NULL,
  `endDate` date NOT NULL,
  PRIMARY KEY (`id`),
  UNIQUE KEY `startDate` (`startDate`),
  UNIQUE KEY `endDate` (`endDate`),
  UNIQUE KEY `year_2` (`startDate`,`endDate`)
) ENGINE=InnoDB AUTO_INCREMENT=11 DEFAULT CHARSET=latin1 ROW_FORMAT=COMPACT;

--
-- Dumping data for table `school_sessions`
--

INSERT INTO `school_sessions` VALUES (1,'2013-09-08','2014-04-04'),(2,'2014-07-07','2015-07-17'),(3,'2015-09-14','2016-07-20'),(4,'2016-09-05','2017-07-21'),(5,'2017-09-18','2018-07-13'),(6,'2018-09-10','2019-07-26'),(7,'2019-09-10','2020-07-26'),(8,'2020-07-28','2021-07-26'),(9,'2021-09-01','2022-07-30'),(10,'2022-08-01','2023-07-26');

--
-- Table structure for table `school_structure`
--

CREATE TABLE `school_structure` (
  `id` tinyint(4) NOT NULL,
  `numberOfTerms` tinyint(3) unsigned NOT NULL DEFAULT '3',
  `acYearStart` year(4) NOT NULL DEFAULT '2012',
  `acYearEnd` year(4) NOT NULL DEFAULT '2013',
  `periods` tinyint(3) unsigned NOT NULL DEFAULT '9',
  `lunchBreakAfter` tinyint(3) unsigned NOT NULL DEFAULT '5',
  `firstBreakAfter` tinyint(3) unsigned NOT NULL DEFAULT '3',
  `secondBreakAfter` tinyint(3) unsigned NOT NULL DEFAULT '7',
  `gradingSystem` varchar(20) NOT NULL,
  `lastEditDate` timestamp NOT NULL DEFAULT CURRENT_TIMESTAMP ON UPDATE CURRENT_TIMESTAMP,
  PRIMARY KEY (`id`)
) ENGINE=InnoDB DEFAULT CHARSET=latin1 ROW_FORMAT=COMPACT;

--
-- Dumping data for table `school_structure`
--

INSERT INTO `school_structure` VALUES (1,3,0000,0000,10,8,4,0,'default','2017-05-03 10:29:58');

--
-- Table structure for table `school_terms`
--

CREATE TABLE `school_terms` (
  `id` tinyint(4) NOT NULL AUTO_INCREMENT,
  `session_id` tinyint(4) NOT NULL,
  `startDate` date NOT NULL,
  `endDate` date NOT NULL,
  `term` tinyint(4) NOT NULL,
  PRIMARY KEY (`id`),
  UNIQUE KEY `session_id` (`session_id`,`startDate`,`endDate`,`term`),
  UNIQUE KEY `startDate` (`startDate`),
  UNIQUE KEY `endDate` (`endDate`),
  UNIQUE KEY `unique session term` (`session_id`,`term`)
) ENGINE=InnoDB AUTO_INCREMENT=30 DEFAULT CHARSET=latin1 ROW_FORMAT=COMPACT;

--
-- Dumping data for table `school_terms`
--

INSERT INTO `school_terms` VALUES (5,2,'2014-07-07','2014-12-12',1),(6,2,'2015-01-05','2015-04-02',2),(7,2,'2015-05-13','2015-07-17',3),(8,3,'2015-09-14','2015-12-18',1),(9,3,'2016-01-11','2016-04-01',2),(10,3,'2016-04-11','2016-06-24',3),(11,4,'2016-09-05','2016-12-16',1),(12,4,'2017-01-09','2017-04-07',2),(13,4,'2017-05-01','2017-07-28',3),(14,5,'2017-09-18','2017-12-15',1),(15,5,'2018-01-09','2018-04-06',2),(16,5,'2018-04-16','2018-06-29',3),(17,6,'2018-09-10','2018-12-14',1),(18,6,'2019-01-07','2018-04-05',2),(19,6,'2019-05-04','2019-07-22',3),(20,7,'2019-09-07','2019-12-13',1),(21,7,'2020-01-06','2020-03-27',2),(22,7,'2020-04-13','2020-07-03',3),(23,8,'2020-07-28','2020-12-20',1),(24,8,'2021-01-04','2021-03-27',2),(26,9,'2021-09-29','2021-12-16',1),(27,9,'2022-01-08','2022-04-08',2),(28,9,'2022-04-24','2022-07-31',3),(29,10,'2022-09-17','2022-12-15',1);

--
-- Table structure for table `schoolfees_structure`
--

CREATE TABLE `schoolfees_structure` (
  `id` int(11) unsigned NOT NULL AUTO_INCREMENT,
  `type` varchar(40) DEFAULT 'ANY',
  `class_id` int(3) unsigned NOT NULL,
  `amount` double(11,2) NOT NULL,
  `account_id` int(11) DEFAULT NULL,
  `term_id` int(11) NOT NULL,
  `purpose` varchar(300) NOT NULL,
  `dueDate` date DEFAULT NULL,
  `option` varchar(1) DEFAULT 'm',
  `plan` varchar(1) DEFAULT 'A',
  `priority` int(2) NOT NULL DEFAULT '0',
  PRIMARY KEY (`id`),
  UNIQUE KEY `type` (`type`,`class_id`,`purpose`,`term_id`) USING BTREE
) ENGINE=InnoDB DEFAULT CHARSET=latin1 ROW_FORMAT=COMPACT;

--
-- Dumping data for table `schoolfees_structure`
--


--
-- Table structure for table `sections`
--

CREATE TABLE `sections` (
  `id` tinyint(3) unsigned NOT NULL,
  `value` enum('A','B','C','D','E','F','G','H','I') NOT NULL DEFAULT 'A',
  PRIMARY KEY (`id`)
) ENGINE=InnoDB DEFAULT CHARSET=latin1 ROW_FORMAT=COMPACT;

--
-- Dumping data for table `sections`
--


--
-- Table structure for table `security`
--

CREATE TABLE `security` (
  `id` int(10) unsigned NOT NULL,
  `visitor` varchar(60) NOT NULL,
  `purpose` varchar(200) NOT NULL,
  `timeIN` time NOT NULL,
  `timeOUT` time NOT NULL,
  `dateTime` datetime NOT NULL,
  `patron` varchar(60) NOT NULL,
  PRIMARY KEY (`id`)
) ENGINE=InnoDB DEFAULT CHARSET=latin1 ROW_FORMAT=COMPACT;

--
-- Dumping data for table `security`
--


--
-- Table structure for table `session_cron_refresh`
--

CREATE TABLE `session_cron_refresh` (
  `id` int(10) unsigned NOT NULL AUTO_INCREMENT,
  `class_id` tinyint(3) NOT NULL,
  `session_id` tinyint(3) NOT NULL,
  `status` binary(1) DEFAULT '0',
  PRIMARY KEY (`id`) USING BTREE,
  UNIQUE KEY `unique_status` (`class_id`,`session_id`) USING BTREE
) ENGINE=InnoDB AUTO_INCREMENT=1086 DEFAULT CHARSET=latin1;

--
-- Dumping data for table `session_cron_refresh`
--

INSERT INTO `session_cron_refresh` VALUES (1081,1,9,_binary '1'),(1082,7,9,_binary '1'),(1083,8,9,_binary '1'),(1085,9,9,_binary '1');

--
-- Table structure for table `session_performance_averages`
--

CREATE TABLE `session_performance_averages` (
  `id` int(11) unsigned NOT NULL AUTO_INCREMENT,
  `student_id` int(5) DEFAULT NULL,
  `session_id` int(2) DEFAULT NULL,
  `avg` double(5,2) DEFAULT NULL,
  `rank` int(1) DEFAULT NULL,
  `class_level_id` int(2) DEFAULT NULL,
  `diff` double(5,2) DEFAULT NULL,
  `completed` int(1) DEFAULT '0',
  PRIMARY KEY (`id`) USING BTREE,
  UNIQUE KEY `student_id` (`student_id`,`session_id`) USING BTREE
) ENGINE=InnoDB AUTO_INCREMENT=70842 DEFAULT CHARSET=latin1;

--
-- Dumping data for table `session_performance_averages`
--

INSERT INTO `session_performance_averages` VALUES (70407,1,9,87.61,15,1,11.12,0),(70408,4,9,81.82,42,1,0.57,0),(70409,14,9,85.35,27,1,7.51,0),(70410,15,9,86.29,20,1,6.24,0),(70411,24,9,80.98,49,1,7.12,0),(70412,26,9,79.38,55,1,0.20,0),(70413,29,9,74.80,70,1,2.63,0),(70414,31,9,84.35,30,1,4.85,0),(70415,34,9,75.65,67,1,8.82,0),(70416,37,9,84.79,29,1,5.57,0),(70417,41,9,78.36,61,1,4.31,0),(70418,42,9,75.17,69,1,11.31,0),(70419,43,9,83.90,32,1,3.72,0),(70420,47,9,85.78,23,1,8.95,0),(70421,65,9,83.52,33,1,6.00,0),(70422,66,9,63.22,86,1,9.05,0),(70423,78,9,65.83,82,1,6.39,0),(70424,79,9,82.32,41,1,7.63,0),(70425,80,9,81.78,44,1,5.04,0),(70426,84,9,65.22,84,1,12.59,0),(70427,85,9,96.43,1,1,2.49,0),(70428,88,9,81.46,46,1,6.93,0),(70429,3,9,78.88,58,1,3.98,0),(70430,8,9,86.67,19,1,5.44,0),(70431,9,9,87.99,14,1,5.58,0),(70432,10,9,77.49,65,1,-1.51,0),(70433,13,9,78.31,62,1,0.98,0),(70434,17,9,80.48,53,1,-76.65,0),(70435,20,9,86.94,17,1,4.58,0),(70436,35,9,82.74,37,1,4.36,0),(70437,36,9,80.77,50,1,5.66,0),(70438,46,9,85.83,22,1,5.05,0),(70439,49,9,94.13,6,1,1.75,0),(70440,55,9,85.77,24,1,-0.54,0),(70441,56,9,75.72,66,1,-75.72,0),(70442,57,9,82.38,40,1,3.18,0),(70443,58,9,88.32,13,1,2.49,0),(70444,60,9,72.16,75,1,9.63,0),(70445,72,9,82.47,39,1,-79.39,0),(70446,77,9,82.49,38,1,0.73,0),(70447,81,9,81.81,43,1,9.43,0),(70448,82,9,85.57,26,1,8.48,0),(70449,86,9,83.52,33,1,5.41,0),(70450,5,9,72.77,74,1,14.92,0),(70451,11,9,92.20,8,1,1.18,0),(70452,19,9,66.91,81,1,7.35,0),(70453,21,9,81.15,48,1,6.41,0),(70454,22,9,88.53,12,1,6.21,0),(70455,23,9,80.55,52,1,-0.84,0),(70456,27,9,79.45,54,1,8.65,0),(70457,28,9,81.77,45,1,3.32,0),(70458,32,9,78.75,59,1,13.22,0),(70459,33,9,74.43,71,1,2.74,0),(70460,39,9,95.70,2,1,2.21,0),(70461,45,9,79.04,56,1,12.44,0),(70462,50,9,94.20,5,1,-0.14,0),(70463,52,9,83.06,36,1,5.62,0),(70464,53,9,78.72,60,1,5.23,0),(70465,61,9,75.26,68,1,5.52,0),(70466,62,9,94.67,4,1,2.18,0),(70467,63,9,86.93,18,1,1.44,0),(70468,69,9,80.64,51,1,2.55,0),(70469,73,9,91.02,11,1,1.32,0),(70470,75,9,61.70,87,1,11.92,0),(70471,76,9,91.59,10,1,6.48,0),(70820,2,9,84.12,31,1,2.57,0),(70821,6,9,87.54,16,1,4.65,0),(70822,7,9,78.02,64,1,-1.19,0),(70823,12,9,73.60,72,1,5.29,0),(70824,18,9,78.94,57,1,-75.89,0),(70825,25,9,92.62,7,1,7.49,0),(70826,30,9,71.73,76,1,4.45,0),(70827,38,9,78.09,63,1,4.59,0),(70828,40,9,85.10,28,1,2.89,0),(70829,44,9,64.59,85,1,3.24,0),(70830,48,9,68.73,77,1,6.74,0),(70831,51,9,86.17,21,1,13.01,0),(70832,54,9,83.50,35,1,4.02,0),(70833,59,9,65.76,83,1,7.02,0),(70834,64,9,72.98,73,1,0.37,0),(70835,67,9,68.53,78,1,5.23,0),(70836,68,9,95.25,3,1,2.24,0),(70837,70,9,67.44,80,1,10.66,0),(70838,71,9,81.29,47,1,3.88,0),(70839,74,9,67.73,79,1,-1.21,0),(70840,83,9,85.70,25,1,8.24,0),(70841,87,9,91.67,9,1,7.28,0);

--
-- Table structure for table `session_subjects_averages`
--

CREATE TABLE `session_subjects_averages` (
  `id` int(11) unsigned NOT NULL AUTO_INCREMENT,
  `student_id` int(4) DEFAULT NULL,
  `session_id` int(2) DEFAULT NULL,
  `subject_id` int(2) DEFAULT NULL,
  `avg` double(5,2) DEFAULT NULL,
  `rank` int(3) DEFAULT NULL,
  `class_level_id` int(2) DEFAULT NULL,
  `high` double(5,2) DEFAULT NULL,
  `low` double(5,2) DEFAULT NULL,
  `diff` double(5,2) DEFAULT NULL,
  `completed` int(1) DEFAULT '0',
  PRIMARY KEY (`id`) USING BTREE,
  UNIQUE KEY `student_id` (`student_id`,`session_id`,`subject_id`) USING BTREE
) ENGINE=InnoDB AUTO_INCREMENT=3349702 DEFAULT CHARSET=latin1;

--
-- Dumping data for table `session_subjects_averages`
--

INSERT INTO `session_subjects_averages` VALUES (3317972,1,9,1,95.23,9,1,97.65,68.95,7.18,0),(3317975,1,9,4,94.03,15,1,99.46,61.81,3.82,0),(3317977,1,9,8,75.38,73,1,96.76,57.41,22.44,0),(3317980,1,9,11,72.82,49,1,96.19,43.81,3.24,0),(3317983,1,9,21,84.09,21,1,96.16,57.15,9.38,0),(3317986,1,9,24,91.09,15,1,98.02,61.79,7.20,0),(3317989,1,9,25,82.70,24,1,95.45,57.91,3.08,0),(3317992,1,9,26,80.61,23,1,97.14,43.97,24.52,0),(3317995,1,9,27,87.64,13,1,96.31,64.54,22.92,0),(3317998,1,9,28,91.77,11,1,96.16,60.36,10.74,0),(3318001,1,9,29,91.72,9,1,97.52,58.69,3.74,0),(3318004,1,9,31,89.36,24,1,99.37,51.40,4.87,0),(3318006,1,9,33,95.07,10,1,97.80,66.36,3.11,0),(3318009,1,9,37,91.24,11,1,97.14,56.51,9.27,0),(3318012,1,9,40,90.49,31,1,98.62,69.94,15.52,0),(3318015,1,9,42,87.95,34,1,96.77,68.39,6.12,0),(3318018,1,9,50,86.45,15,1,95.76,50.56,24.82,0),(3318021,1,9,69,95.48,3,1,96.48,38.35,2.64,0),(3318024,1,9,73,82.45,42,1,96.73,51.34,20.92,0),(3318045,4,9,1,89.22,35,1,97.65,68.95,4.02,0),(3318048,4,9,4,89.06,39,1,99.46,61.81,-0.79,0),(3318050,4,9,8,79.47,59,1,96.76,57.41,4.39,0),(3318053,4,9,11,73.09,46,1,96.19,43.81,-5.04,0),(3318056,4,9,21,81.97,30,1,96.16,57.15,0.41,0),(3318059,4,9,24,83.70,52,1,98.02,61.79,-18.28,0),(3318062,4,9,25,77.37,43,1,95.45,57.91,-8.78,0),(3318065,4,9,26,77.79,34,1,97.14,43.97,6.50,0),(3318068,4,9,27,79.58,58,1,96.31,64.54,17.73,0),(3318071,4,9,28,85.36,35,1,96.16,60.36,0.10,0),(3318074,4,9,29,85.01,41,1,97.52,58.69,-2.46,0),(3318077,4,9,31,80.98,49,1,99.37,51.40,-7.43,0),(3318079,4,9,33,89.83,35,1,97.80,66.36,3.89,0),(3318082,4,9,37,81.72,48,1,97.14,56.51,-12.99,0),(3318085,4,9,40,87.85,50,1,98.62,69.94,11.08,0),(3318088,4,9,42,84.40,54,1,96.77,68.39,17.30,0),(3318091,4,9,50,77.67,43,1,95.76,50.56,1.92,0),(3318094,4,9,69,68.78,59,1,96.48,38.35,1.08,0),(3318097,4,9,73,84.81,25,1,96.73,51.34,-15.70,0),(3318118,14,9,1,93.27,17,1,97.65,68.95,7.78,0),(3318121,14,9,4,93.93,16,1,99.46,61.81,2.88,0),(3318123,14,9,8,85.17,35,1,96.76,57.41,4.22,0),(3318126,14,9,11,74.45,43,1,96.19,43.81,11.00,0),(3318129,14,9,21,86.82,14,1,96.16,57.15,2.23,0),(3318132,14,9,24,88.85,22,1,98.02,61.79,-2.38,0),(3318135,14,9,25,89.61,10,1,95.45,57.91,-0.60,0),(3318138,14,9,26,78.51,33,1,97.14,43.97,19.45,0),(3318141,14,9,27,86.62,20,1,96.31,64.54,8.52,0),(3318144,14,9,28,83.36,48,1,96.16,60.36,6.44,0),(3318147,14,9,29,87.62,24,1,97.52,58.69,1.18,0),(3318150,14,9,31,86.13,33,1,99.37,51.40,3.18,0),(3318152,14,9,33,91.01,26,1,97.80,66.36,9.27,0),(3318155,14,9,37,88.89,18,1,97.14,56.51,2.48,0),(3318158,14,9,40,88.65,39,1,98.62,69.94,13.56,0),(3318161,14,9,42,83.75,59,1,96.77,68.39,12.00,0),(3318164,14,9,50,83.64,22,1,95.76,50.56,14.38,0),(3318167,14,9,69,73.97,42,1,96.48,38.35,9.78,0),(3318170,14,9,73,78.10,57,1,96.73,51.34,2.12,0),(3318191,15,9,1,89.07,37,1,97.65,68.95,8.06,0),(3318194,15,9,4,94.45,13,1,99.46,61.81,8.14,0),(3318196,15,9,8,82.85,46,1,96.76,57.41,12.53,0),(3318199,15,9,11,81.95,20,1,96.19,43.81,-2.38,0),(3318202,15,9,21,86.88,13,1,96.16,57.15,-0.62,0),(3318205,15,9,24,90.59,17,1,98.02,61.79,-1.48,0),(3318208,15,9,25,85.13,19,1,95.45,57.91,4.58,0),(3318211,15,9,26,79.98,26,1,97.14,43.97,11.55,0),(3318214,15,9,27,86.92,16,1,96.31,64.54,19.45,0),(3318217,15,9,28,89.45,18,1,96.16,60.36,3.68,0),(3318220,15,9,29,91.10,13,1,97.52,58.69,2.43,0),(3318223,15,9,31,89.81,23,1,99.37,51.40,-2.14,0),(3318225,15,9,33,94.76,11,1,97.80,66.36,-2.93,0),(3318228,15,9,37,85.70,25,1,97.14,56.51,10.46,0),(3318231,15,9,40,89.87,35,1,98.62,69.94,10.72,0),(3318234,15,9,42,84.94,50,1,96.77,68.39,2.58,0),(3318237,15,9,50,82.07,26,1,95.76,50.56,16.60,0),(3318240,15,9,69,74.76,40,1,96.48,38.35,7.82,0),(3318243,15,9,73,81.55,48,1,96.73,51.34,1.10,0),(3318264,24,9,1,83.88,62,1,97.65,68.95,7.80,0),(3318267,24,9,4,88.75,43,1,99.46,61.81,9.57,0),(3318269,24,9,8,77.04,68,1,96.76,57.41,13.00,0),(3318272,24,9,11,76.05,34,1,96.19,43.81,-3.45,0),(3318275,24,9,21,75.47,53,1,96.16,57.15,2.58,0),(3318278,24,9,24,85.66,39,1,98.02,61.79,-5.80,0),(3318281,24,9,25,73.50,62,1,95.45,57.91,1.14,0),(3318284,24,9,26,72.78,43,1,97.14,43.97,8.10,0),(3318287,24,9,27,82.74,43,1,96.31,64.54,15.99,0),(3318290,24,9,28,83.97,44,1,96.16,60.36,7.50,0),(3318293,24,9,29,85.68,37,1,97.52,58.69,4.98,0),(3318296,24,9,31,87.88,29,1,99.37,51.40,13.63,0),(3318298,24,9,33,88.33,44,1,97.80,66.36,1.08,0),(3318301,24,9,37,84.60,34,1,97.14,56.51,-0.32,0),(3318304,24,9,40,83.13,70,1,98.62,69.94,15.56,0),(3318307,24,9,42,84.72,51,1,96.77,68.39,12.28,0),(3318310,24,9,50,73.40,63,1,95.76,50.56,16.52,0),(3318313,24,9,69,79.29,27,1,96.48,38.35,8.32,0),(3318316,24,9,73,74.61,64,1,96.73,51.34,6.20,0),(3318337,26,9,1,86.44,53,1,97.65,68.95,6.06,0),(3318340,26,9,4,82.67,65,1,99.46,61.81,-1.05,0),(3318342,26,9,8,75.53,72,1,96.76,57.41,13.05,0),(3318345,26,9,11,75.79,36,1,96.19,43.81,-11.81,0),(3318348,26,9,21,72.49,58,1,96.16,57.15,-0.81,0),(3318351,26,9,24,81.18,57,1,98.02,61.79,-6.71,0),(3318354,26,9,25,79.44,35,1,95.45,57.91,-8.48,0),(3318357,26,9,26,74.73,39,1,97.14,43.97,1.75,0),(3318360,26,9,27,80.00,54,1,96.31,64.54,8.72,0),(3318363,26,9,28,79.14,60,1,96.16,60.36,-1.62,0),(3318366,26,9,29,82.90,47,1,97.52,58.69,0.35,0),(3318369,26,9,31,74.19,64,1,99.37,51.40,-7.89,0),(3318371,26,9,33,84.87,60,1,97.80,66.36,-3.09,0),(3318374,26,9,37,78.31,61,1,97.14,56.51,-13.49,0),(3318377,26,9,40,87.09,53,1,98.62,69.94,7.54,0),(3318380,26,9,42,82.53,67,1,96.77,68.39,10.84,0),(3318383,26,9,50,75.99,47,1,95.76,50.56,0.96,0),(3318386,26,9,69,76.11,37,1,96.48,38.35,-1.02,0),(3318389,26,9,73,77.68,58,1,96.73,51.34,1.25,0),(3318410,29,9,1,82.86,64,1,97.65,68.95,-0.98,0),(3318413,29,9,4,81.50,66,1,99.46,61.81,-1.92,0),(3318415,29,9,8,75.15,75,1,96.76,57.41,17.34,0),(3318418,29,9,11,67.17,66,1,96.19,43.81,12.22,0),(3318421,29,9,21,67.86,75,1,96.16,57.15,-6.58,0),(3318424,29,9,24,77.45,69,1,98.02,61.79,2.08,0),(3318427,29,9,25,69.25,71,1,95.45,57.91,-16.86,0),(3318430,29,9,26,62.68,69,1,97.14,43.97,-2.31,0),(3318433,29,9,27,76.17,74,1,96.31,64.54,6.40,0),(3318436,29,9,28,75.13,68,1,96.16,60.36,-4.62,0),(3318439,29,9,29,77.72,69,1,97.52,58.69,3.27,0),(3318442,29,9,31,92.91,13,1,99.37,51.40,3.10,0),(3318444,29,9,33,79.22,80,1,97.80,66.36,-2.89,0),(3318447,29,9,37,76.97,65,1,97.14,56.51,-0.94,0),(3318450,29,9,40,81.00,74,1,98.62,69.94,3.32,0),(3318453,29,9,42,81.76,71,1,96.77,68.39,13.66,0),(3318456,29,9,50,72.29,67,1,95.76,50.56,9.38,0),(3318459,29,9,69,60.31,72,1,96.48,38.35,5.16,0),(3318462,29,9,73,70.75,73,1,96.73,51.34,-9.68,0),(3318483,31,9,1,91.05,24,1,97.65,68.95,1.64,0),(3318486,31,9,4,87.89,49,1,99.46,61.81,-4.10,0),(3318488,31,9,8,85.44,34,1,96.76,57.41,4.96,0),(3318491,31,9,11,74.82,41,1,96.19,43.81,-3.32,0),(3318494,31,9,21,85.94,15,1,96.16,57.15,5.37,0),(3318497,31,9,24,90.25,18,1,98.02,61.79,-8.16,0),(3318500,31,9,25,83.50,23,1,95.45,57.91,8.54,0),(3318503,31,9,26,78.70,32,1,97.14,43.97,8.36,0),(3318506,31,9,27,83.48,39,1,96.31,64.54,19.22,0),(3318509,31,9,28,82.71,52,1,96.16,60.36,7.14,0),(3318512,31,9,29,86.72,30,1,97.52,58.69,6.57,0),(3318515,31,9,31,84.37,36,1,99.37,51.40,-9.86,0),(3318517,31,9,33,87.98,46,1,97.80,66.36,5.90,0),(3318520,31,9,37,84.60,34,1,97.14,56.51,4.75,0),(3318523,31,9,40,91.23,27,1,98.62,69.94,6.26,0),(3318526,31,9,42,86.35,39,1,96.77,68.39,10.28,0),(3318529,31,9,50,80.40,29,1,95.76,50.56,13.86,0),(3318532,31,9,69,74.48,41,1,96.48,38.35,5.88,0),(3318535,31,9,73,83.78,33,1,96.73,51.34,-6.08,0),(3318556,34,9,1,86.26,54,1,97.65,68.95,2.70,0),(3318559,34,9,4,86.19,56,1,99.46,61.81,-2.03,0),(3318561,34,9,8,72.24,80,1,96.76,57.41,14.64,0),(3318564,34,9,11,62.47,77,1,96.19,43.81,13.22,0),(3318567,34,9,21,71.29,64,1,96.16,57.15,-1.79,0),(3318570,34,9,24,78.29,68,1,98.02,61.79,0.87,0),(3318573,34,9,25,72.91,63,1,95.45,57.91,-13.32,0),(3318576,34,9,26,58.68,75,1,97.14,43.97,8.34,0),(3318579,34,9,27,76.29,73,1,96.31,64.54,27.24,0),(3318582,34,9,28,79.74,59,1,96.16,60.36,10.54,0),(3318585,34,9,29,81.93,53,1,97.52,58.69,9.67,0),(3318588,34,9,31,65.00,81,1,99.37,51.40,3.15,0),(3318590,34,9,33,87.36,49,1,97.80,66.36,7.34,0),(3318593,34,9,37,76.61,67,1,97.14,56.51,6.14,0),(3318596,34,9,40,83.95,66,1,98.62,69.94,14.70,0),(3318599,34,9,42,80.86,74,1,96.77,68.39,16.36,0),(3318602,34,9,50,74.87,57,1,95.76,50.56,19.54,0),(3318605,34,9,69,69.38,56,1,96.48,38.35,3.96,0),(3318608,34,9,73,71.67,71,1,96.73,51.34,6.08,0),(3318629,37,9,1,90.84,25,1,97.65,68.95,1.26,0),(3318632,37,9,4,93.76,17,1,99.46,61.81,-0.08,0),(3318634,37,9,8,83.76,41,1,96.76,57.41,19.98,0),(3318637,37,9,11,77.55,30,1,96.19,43.81,-9.86,0),(3318640,37,9,21,85.32,18,1,96.16,57.15,1.50,0),(3318643,37,9,24,90.08,19,1,98.02,61.79,-2.52,0),(3318646,37,9,25,80.11,30,1,95.45,57.91,-12.30,0),(3318649,37,9,26,71.55,49,1,97.14,43.97,9.05,0),(3318652,37,9,27,82.49,44,1,96.31,64.54,22.38,0),(3318655,37,9,28,84.48,41,1,96.16,60.36,0.88,0),(3318658,37,9,29,90.94,14,1,97.52,58.69,6.21,0),(3318661,37,9,31,83.62,39,1,99.37,51.40,-0.52,0),(3318663,37,9,33,91.00,27,1,97.80,66.36,4.14,0),(3318666,37,9,37,84.56,37,1,97.14,56.51,6.92,0),(3318669,37,9,40,90.81,29,1,98.62,69.94,9.82,0),(3318672,37,9,42,85.57,44,1,96.77,68.39,9.68,0),(3318675,37,9,50,89.30,10,1,95.76,50.56,7.96,0),(3318678,37,9,69,73.93,43,1,96.48,38.35,14.18,0),(3318681,37,9,73,83.34,36,1,96.73,51.34,3.12,0),(3318702,41,9,1,84.07,61,1,97.65,68.95,-0.10,0),(3318705,41,9,4,87.65,50,1,99.46,61.81,0.50,0),(3318707,41,9,8,73.56,78,1,96.76,57.41,20.98,0),(3318710,41,9,11,74.84,40,1,96.19,43.81,3.46,0),(3318713,41,9,21,72.46,59,1,96.16,57.15,-2.50,0),(3318716,41,9,24,79.58,62,1,98.02,61.79,-10.27,0),(3318719,41,9,25,75.53,52,1,95.45,57.91,-12.72,0),(3318722,41,9,26,73.83,42,1,97.14,43.97,14.20,0),(3318725,41,9,27,73.25,75,1,96.31,64.54,10.69,0),(3318728,41,9,28,76.90,62,1,96.16,60.36,3.94,0),(3318731,41,9,29,85.21,40,1,97.52,58.69,9.22,0),(3318734,41,9,31,70.72,68,1,99.37,51.40,26.76,0),(3318736,41,9,33,83.51,66,1,97.80,66.36,-4.02,0),(3318739,41,9,37,81.57,49,1,97.14,56.51,-6.38,0),(3318742,41,9,40,86.20,59,1,98.62,69.94,15.94,0),(3318745,41,9,42,82.38,68,1,96.77,68.39,7.08,0),(3318748,41,9,50,75.95,48,1,95.76,50.56,9.64,0),(3318751,41,9,69,69.69,54,1,96.48,38.35,-7.36,0),(3318754,41,9,73,84.40,27,1,96.73,51.34,-20.04,0),(3318775,42,9,1,80.53,70,1,97.65,68.95,15.86,0),(3318778,42,9,4,84.50,63,1,99.46,61.81,16.55,0),(3318780,42,9,8,76.31,70,1,96.76,57.41,19.90,0),(3318783,42,9,11,60.91,79,1,96.19,43.81,22.68,0),(3318786,42,9,21,70.99,66,1,96.16,57.15,12.98,0),(3318789,42,9,24,74.65,73,1,98.02,61.79,3.52,0),(3318792,42,9,25,67.35,76,1,95.45,57.91,-1.98,0),(3318795,42,9,26,61.30,70,1,97.14,43.97,17.61,0),(3318798,42,9,27,80.46,51,1,96.31,64.54,27.32,0),(3318801,42,9,28,84.23,43,1,96.16,60.36,-4.50,0),(3318804,42,9,29,80.61,60,1,97.52,58.69,10.66,0),(3318807,42,9,31,75.06,63,1,99.37,51.40,5.53,0),(3318809,42,9,33,83.72,65,1,97.80,66.36,8.44,0),(3318812,42,9,37,77.27,64,1,97.14,56.51,6.01,0),(3318815,42,9,40,83.37,69,1,98.62,69.94,13.46,0),(3318818,42,9,42,83.39,61,1,96.77,68.39,9.70,0),(3318821,42,9,50,72.02,68,1,95.76,50.56,10.56,0),(3318824,42,9,69,57.55,77,1,96.48,38.35,19.76,0),(3318827,42,9,73,78.12,56,1,96.73,51.34,-12.58,0),(3318848,43,9,1,86.99,49,1,97.65,68.95,5.36,0),(3318851,43,9,4,85.87,58,1,99.46,61.81,0.44,0),(3318853,43,9,8,77.88,67,1,96.76,57.41,6.98,0),(3318856,43,9,11,84.49,16,1,96.19,43.81,-0.79,0),(3318859,43,9,21,81.46,32,1,96.16,57.15,1.22,0),(3318862,43,9,24,87.81,28,1,98.02,61.79,-2.50,0),(3318865,43,9,25,79.08,40,1,95.45,57.91,-9.16,0),(3318868,43,9,26,79.15,31,1,97.14,43.97,-2.05,0),(3318871,43,9,27,81.43,48,1,96.31,64.54,12.69,0),(3318874,43,9,28,84.59,40,1,96.16,60.36,3.64,0),(3318877,43,9,29,86.10,33,1,97.52,58.69,9.17,0),(3318880,43,9,31,85.38,34,1,99.37,51.40,2.52,0),(3318882,43,9,33,89.85,34,1,97.80,66.36,2.01,0),(3318885,43,9,37,86.73,21,1,97.14,56.51,6.38,0),(3318888,43,9,40,88.41,41,1,98.62,69.94,11.66,0),(3318891,43,9,42,83.87,57,1,96.77,68.39,5.80,0),(3318894,43,9,50,82.24,25,1,95.76,50.56,11.08,0),(3318897,43,9,69,81.65,23,1,96.48,38.35,2.46,0),(3318900,43,9,73,81.47,49,1,96.73,51.34,-1.22,0),(3318921,47,9,1,88.39,39,1,97.65,68.95,5.42,0),(3318924,47,9,4,94.70,12,1,99.46,61.81,9.22,0),(3318926,47,9,8,84.89,36,1,96.76,57.41,12.46,0),(3318929,47,9,11,80.96,21,1,96.19,43.81,-11.45,0),(3318932,47,9,21,83.42,24,1,96.16,57.15,9.54,0),(3318935,47,9,24,90.71,16,1,98.02,61.79,3.27,0),(3318938,47,9,25,86.45,16,1,95.45,57.91,2.10,0),(3318941,47,9,26,80.55,24,1,97.14,43.97,12.69,0),(3318944,47,9,27,86.84,18,1,96.31,64.54,19.76,0),(3318947,47,9,28,85.96,29,1,96.16,60.36,14.94,0),(3318950,47,9,29,89.48,20,1,97.52,58.69,4.02,0),(3318953,47,9,31,90.56,20,1,99.37,51.40,-0.52,0),(3318955,47,9,33,93.07,17,1,97.80,66.36,5.04,0),(3318958,47,9,37,85.46,26,1,97.14,56.51,8.11,0),(3318961,47,9,40,84.65,64,1,98.62,69.94,21.34,0),(3318964,47,9,42,85.82,43,1,96.77,68.39,7.68,0),(3318967,47,9,50,81.27,28,1,95.76,50.56,17.04,0),(3318970,47,9,69,78.98,28,1,96.48,38.35,10.50,0),(3318973,47,9,73,80.39,51,1,96.73,51.34,11.09,0),(3318994,65,9,1,90.53,26,1,97.65,68.95,-1.44,0),(3318997,65,9,4,92.56,22,1,99.46,61.81,2.36,0),(3318999,65,9,8,75.11,76,1,96.76,57.41,7.66,0),(3319002,65,9,11,83.86,18,1,96.19,43.81,-4.85,0),(3319005,65,9,21,79.63,40,1,96.16,57.15,-0.58,0),(3319008,65,9,24,87.11,31,1,98.02,61.79,-2.66,0),(3319011,65,9,25,82.52,25,1,95.45,57.91,-4.70,0),(3319014,65,9,26,82.09,18,1,97.14,43.97,0.37,0),(3319017,65,9,27,80.92,50,1,96.31,64.54,18.47,0),(3319020,65,9,28,85.93,30,1,96.16,60.36,0.06,0),(3319023,65,9,29,85.30,39,1,97.52,58.69,9.51,0),(3319026,65,9,31,90.16,22,1,99.37,51.40,6.44,0),(3319028,65,9,33,91.49,23,1,97.80,66.36,1.47,0),(3319031,65,9,37,79.05,57,1,97.14,56.51,9.94,0),(3319034,65,9,40,84.71,63,1,98.62,69.94,20.64,0),(3319037,65,9,42,81.34,72,1,96.77,68.39,8.98,0),(3319040,65,9,50,75.67,51,1,95.76,50.56,9.46,0),(3319043,65,9,69,88.79,13,1,96.48,38.35,0.70,0),(3319046,65,9,73,71.14,72,1,96.73,51.34,27.20,0),(3319067,66,9,1,72.12,84,1,97.65,68.95,7.84,0),(3319070,66,9,4,73.06,80,1,99.46,61.81,2.20,0),(3319072,66,9,8,68.02,83,1,96.76,57.41,18.07,0),(3319075,66,9,11,54.05,83,1,96.19,43.81,13.18,0),(3319078,66,9,21,62.70,81,1,96.16,57.15,8.12,0),(3319081,66,9,24,61.86,86,1,98.02,61.79,18.61,0),(3319084,66,9,25,58.08,86,1,95.45,57.91,-3.18,0),(3319087,66,9,26,43.97,87,1,97.14,43.97,0.63,0),(3319090,66,9,27,68.18,83,1,96.31,64.54,24.87,0),(3319093,66,9,28,64.14,85,1,96.16,60.36,-2.80,0),(3319096,66,9,29,73.49,74,1,97.52,58.69,18.76,0),(3319099,66,9,31,51.40,87,1,99.37,51.40,1.95,0),(3319101,66,9,33,72.19,84,1,97.80,66.36,4.77,0),(3319104,66,9,37,59.64,86,1,97.14,56.51,3.47,0),(3319107,66,9,40,74.98,82,1,98.62,69.94,23.48,0),(3319110,66,9,42,73.59,84,1,96.77,68.39,12.54,0),(3319113,66,9,50,50.56,87,1,95.76,50.56,19.74,0),(3319116,66,9,69,50.29,81,1,96.48,38.35,-1.64,0),(3319119,66,9,73,70.73,74,1,96.73,51.34,-24.22,0),(3319140,78,9,1,77.38,74,1,97.65,68.95,13.98,0),(3319143,78,9,4,61.81,86,1,99.46,61.81,-3.37,0),(3319145,78,9,8,62.40,85,1,96.76,57.41,11.80,0),(3319148,78,9,11,70.39,53,1,96.19,43.81,-0.69,0),(3319151,78,9,21,68.28,72,1,96.16,57.15,-0.11,0),(3319154,78,9,24,62.21,85,1,98.02,61.79,0.63,0),(3319157,78,9,25,66.64,79,1,95.45,57.91,-17.64,0),(3319160,78,9,26,64.99,61,1,97.14,43.97,6.88,0),(3319163,78,9,27,68.31,82,1,96.31,64.54,12.11,0),(3319166,78,9,28,60.36,87,1,96.16,60.36,7.56,0),(3319169,78,9,29,66.53,83,1,97.52,58.69,14.48,0),(3319172,78,9,31,62.87,83,1,99.37,51.40,-2.02,0),(3319174,78,9,33,68.10,86,1,97.80,66.36,0.02,0),(3319177,78,9,37,63.06,82,1,97.14,56.51,-1.79,0),(3319180,78,9,40,76.40,78,1,98.62,69.94,17.42,0),(3319183,78,9,42,72.74,85,1,96.77,68.39,29.38,0),(3319186,78,9,50,58.20,83,1,95.76,50.56,8.44,0),(3319189,78,9,69,58.57,74,1,96.48,38.35,6.06,0),(3319192,78,9,73,55.80,86,1,96.73,51.34,4.34,0),(3319213,79,9,1,85.50,57,1,97.65,68.95,5.02,0),(3319216,79,9,4,88.86,42,1,99.46,61.81,4.38,0),(3319218,79,9,8,79.52,57,1,96.76,57.41,24.11,0),(3319221,79,9,11,78.19,27,1,96.19,43.81,1.50,0),(3319224,79,9,21,80.47,37,1,96.16,57.15,9.83,0),(3319227,79,9,24,88.74,23,1,98.02,61.79,-6.24,0),(3319230,79,9,25,79.41,36,1,95.45,57.91,1.08,0),(3319233,79,9,26,79.94,27,1,97.14,43.97,4.83,0),(3319236,79,9,27,85.20,32,1,96.31,64.54,17.02,0),(3319239,79,9,28,83.69,46,1,96.16,60.36,1.12,0),(3319242,79,9,29,85.90,34,1,97.52,58.69,6.07,0),(3319245,79,9,31,82.01,43,1,99.37,51.40,-4.62,0),(3319247,79,9,33,82.12,74,1,97.80,66.36,3.49,0),(3319250,79,9,37,87.99,19,1,97.14,56.51,0.11,0),(3319253,79,9,40,88.91,37,1,98.62,69.94,13.68,0),(3319256,79,9,42,82.27,69,1,96.77,68.39,12.38,0),(3319259,79,9,50,75.93,49,1,95.76,50.56,23.16,0),(3319262,79,9,69,73.20,46,1,96.48,38.35,14.16,0),(3319265,79,9,73,76.31,61,1,96.73,51.34,7.66,0),(3319286,80,9,1,87.93,43,1,97.65,68.95,2.20,0),(3319289,80,9,4,88.67,44,1,99.46,61.81,0.96,0),(3319291,80,9,8,78.09,66,1,96.76,57.41,6.01,0),(3319294,80,9,11,65.38,71,1,96.19,43.81,0.21,0),(3319297,80,9,21,81.34,33,1,96.16,57.15,-5.54,0),(3319300,80,9,24,86.38,36,1,98.02,61.79,-6.54,0),(3319303,80,9,25,80.77,28,1,95.45,57.91,-4.92,0),(3319306,80,9,26,66.84,55,1,97.14,43.97,9.57,0),(3319309,80,9,27,82.99,42,1,96.31,64.54,16.55,0),(3319312,80,9,28,85.31,37,1,96.16,60.36,2.26,0),(3319315,80,9,29,86.59,31,1,97.52,58.69,5.64,0),(3319318,80,9,31,89.08,27,1,99.37,51.40,-2.05,0),(3319320,80,9,33,87.08,52,1,97.80,66.36,9.92,0),(3319323,80,9,37,80.80,51,1,97.14,56.51,4.85,0),(3319326,80,9,40,83.83,68,1,98.62,69.94,10.28,0),(3319329,80,9,42,84.22,55,1,96.77,68.39,10.64,0),(3319332,80,9,50,77.27,45,1,95.76,50.56,12.74,0),(3319335,80,9,69,83.40,20,1,96.48,38.35,8.72,0),(3319338,80,9,73,82.98,38,1,96.73,51.34,11.44,0),(3319359,84,9,1,68.95,87,1,97.65,68.95,18.54,0),(3319362,84,9,4,70.42,81,1,99.46,61.81,6.84,0),(3319364,84,9,8,61.59,86,1,96.76,57.41,25.98,0),(3319367,84,9,11,66.97,67,1,96.19,43.81,0.04,0),(3319370,84,9,21,59.24,82,1,96.16,57.15,6.75,0),(3319373,84,9,24,67.98,80,1,98.02,61.79,6.41,0),(3319376,84,9,25,75.39,54,1,95.45,57.91,7.82,0),(3319379,84,9,26,66.18,57,1,97.14,43.97,16.43,0),(3319382,84,9,27,68.54,81,1,96.31,64.54,24.33,0),(3319385,84,9,28,63.91,86,1,96.16,60.36,17.46,0),(3319388,84,9,29,70.16,80,1,97.52,58.69,-1.92,0),(3319391,84,9,31,57.16,86,1,99.37,51.40,23.12,0),(3319393,84,9,33,66.36,87,1,97.80,66.36,16.78,0),(3319396,84,9,37,60.41,85,1,97.14,56.51,-2.00,0),(3319399,84,9,40,70.51,86,1,98.62,69.94,19.00,0),(3319402,84,9,42,68.39,87,1,96.77,68.39,11.60,0),(3319405,84,9,50,57.57,85,1,95.76,50.56,0.74,0),(3319408,84,9,69,58.54,75,1,96.48,38.35,23.26,0),(3319411,84,9,73,57.40,84,1,96.73,51.34,14.75,0),(3319432,85,9,1,97.65,1,1,97.65,68.95,1.64,0),(3319435,85,9,4,98.24,5,1,99.46,61.81,1.52,0),(3319437,85,9,8,95.12,3,1,96.76,57.41,6.34,0),(3319440,85,9,11,96.19,1,1,96.19,43.81,4.30,0),(3319443,85,9,21,96.16,1,1,96.16,57.15,0.43,0),(3319446,85,9,24,97.78,2,1,98.02,61.79,1.18,0),(3319449,85,9,25,93.99,3,1,95.45,57.91,2.62,0),(3319452,85,9,26,97.14,1,1,97.14,43.97,1.83,0),(3319455,85,9,27,96.31,1,1,96.31,64.54,8.24,0),(3319458,85,9,28,96.16,1,1,96.16,60.36,-1.28,0),(3319461,85,9,29,97.52,1,1,97.52,58.69,-2.29,0),(3319464,85,9,31,97.73,2,1,99.37,51.40,3.58,0),(3319466,85,9,33,97.76,2,1,97.80,66.36,0.60,0),(3319469,85,9,37,96.61,2,1,97.14,56.51,2.10,0),(3319472,85,9,40,97.31,3,1,98.62,69.94,5.30,0),(3319475,85,9,42,95.50,3,1,96.77,68.39,0.30,0),(3319478,85,9,50,95.76,1,1,95.76,50.56,1.80,0),(3319481,85,9,69,93.69,6,1,96.48,38.35,5.98,0),(3319484,85,9,73,96.73,1,1,96.73,51.34,-1.68,0),(3319505,88,9,1,85.90,55,1,97.65,68.95,7.82,0),(3319508,88,9,4,88.88,40,1,99.46,61.81,5.64,0),(3319510,88,9,8,82.87,45,1,96.76,57.41,12.58,0),(3319513,88,9,11,65.21,72,1,96.19,43.81,-5.03,0),(3319516,88,9,21,81.73,31,1,96.16,57.15,8.15,0),(3319519,88,9,24,85.26,42,1,98.02,61.79,4.02,0),(3319522,88,9,25,79.57,33,1,95.45,57.91,-4.16,0),(3319525,88,9,26,72.17,46,1,97.14,43.97,10.80,0),(3319528,88,9,27,83.28,40,1,96.31,64.54,18.42,0),(3319531,88,9,28,80.71,55,1,96.16,60.36,5.60,0),(3319534,88,9,29,90.33,17,1,97.52,58.69,2.18,0),(3319537,88,9,31,78.36,58,1,99.37,51.40,-2.49,0),(3319539,88,9,33,90.83,30,1,97.80,66.36,5.80,0),(3319542,88,9,37,82.89,46,1,97.14,56.51,4.79,0),(3319545,88,9,40,88.38,42,1,98.62,69.94,5.38,0),(3319548,88,9,42,83.12,63,1,96.77,68.39,12.72,0),(3319551,88,9,50,79.77,35,1,95.76,50.56,15.22,0),(3319554,88,9,69,69.38,56,1,96.48,38.35,14.40,0),(3319557,88,9,73,80.09,53,1,96.73,51.34,3.21,0),(3319578,3,9,1,84.99,60,1,97.65,68.95,-4.48,0),(3319581,3,9,4,90.13,33,1,99.46,61.81,-3.94,0),(3319583,3,9,8,86.85,29,1,96.76,57.41,-0.24,0),(3319586,3,9,11,66.61,68,1,96.19,43.81,2.00,0),(3319589,3,9,21,75.41,54,1,96.16,57.15,-2.70,0),(3319592,3,9,24,80.14,60,1,98.02,61.79,2.41,0),(3319595,3,9,25,69.98,68,1,95.45,57.91,-1.08,0),(3319598,3,9,26,59.08,74,1,97.14,43.97,3.98,0),(3319601,3,9,27,81.73,46,1,96.31,64.54,12.74,0),(3319604,3,9,28,80.60,56,1,96.16,60.36,11.95,0),(3319607,3,9,29,80.62,59,1,97.52,58.69,15.91,0),(3319610,3,9,31,72.27,65,1,99.37,51.40,-8.06,0),(3319612,3,9,33,90.56,32,1,97.80,66.36,6.40,0),(3319615,3,9,37,75.44,68,1,97.14,56.51,-3.50,0),(3319618,3,9,40,92.68,21,1,98.62,69.94,5.09,0),(3319621,3,9,42,88.29,33,1,96.77,68.39,2.01,0),(3319624,3,9,50,74.10,59,1,95.76,50.56,14.17,0),(3319627,3,9,69,71.31,52,1,96.48,38.35,6.57,0),(3319630,3,9,73,79.61,54,1,96.73,51.34,0.55,0),(3319651,8,9,1,89.08,36,1,97.65,68.95,8.78,0),(3319654,8,9,4,92.18,26,1,99.46,61.81,7.28,0),(3319656,8,9,8,92.90,6,1,96.76,57.41,3.82,0),(3319659,8,9,11,90.38,11,1,96.19,43.81,6.07,0),(3319662,8,9,21,79.51,41,1,96.16,57.15,1.09,0),(3319665,8,9,24,89.14,20,1,98.02,61.79,4.12,0),(3319668,8,9,25,85.35,17,1,95.45,57.91,-5.64,0),(3319671,8,9,26,79.22,30,1,97.14,43.97,20.44,0),(3319674,8,9,27,86.32,21,1,96.31,64.54,13.88,0),(3319677,8,9,28,89.97,16,1,96.16,60.36,8.50,0),(3319680,8,9,29,87.88,23,1,97.52,58.69,12.25,0),(3319683,8,9,31,78.78,55,1,99.37,51.40,-11.36,0),(3319685,8,9,33,91.92,20,1,97.80,66.36,0.10,0),(3319688,8,9,37,85.42,27,1,97.14,56.51,1.98,0),(3319691,8,9,40,91.08,28,1,98.62,69.94,7.65,0),(3319694,8,9,42,89.84,26,1,96.77,68.39,1.69,0),(3319697,8,9,50,80.35,30,1,95.76,50.56,13.30,0),(3319700,8,9,69,81.59,24,1,96.48,38.35,7.49,0),(3319703,8,9,73,84.20,28,1,96.73,51.34,-0.28,0),(3319724,9,9,1,92.97,18,1,97.65,68.95,-0.56,0),(3319727,9,9,4,91.44,30,1,99.46,61.81,-1.03,0),(3319729,9,9,8,93.41,5,1,96.76,57.41,4.08,0),(3319732,9,9,11,69.62,55,1,96.19,43.81,14.52,0),(3319735,9,9,21,82.48,27,1,96.16,57.15,5.06,0),(3319738,9,9,24,85.65,40,1,98.02,61.79,-1.11,0),(3319741,9,9,25,83.64,21,1,95.45,57.91,11.55,0),(3319744,9,9,26,81.96,19,1,97.14,43.97,9.08,0),(3319747,9,9,27,88.25,12,1,96.31,64.54,16.92,0),(3319750,9,9,28,89.73,17,1,96.16,60.36,15.06,0),(3319753,9,9,29,90.51,16,1,97.52,58.69,10.62,0),(3319756,9,9,31,89.25,26,1,99.37,51.40,-1.26,0),(3319758,9,9,33,94.09,13,1,97.80,66.36,-2.66,0),(3319761,9,9,37,89.21,17,1,97.14,56.51,7.87,0),(3319764,9,9,40,93.95,12,1,98.62,69.94,-0.34,0),(3319767,9,9,42,92.75,10,1,96.77,68.39,-0.35,0),(3319770,9,9,50,88.56,13,1,95.76,50.56,5.27,0),(3319773,9,9,69,86.63,18,1,96.48,38.35,6.58,0),(3319776,9,9,73,90.03,11,1,96.73,51.34,-1.85,0),(3319797,10,9,1,81.57,68,1,97.65,68.95,-7.90,0),(3319800,10,9,4,79.75,70,1,99.46,61.81,-10.23,0),(3319802,10,9,8,79.55,56,1,96.76,57.41,-5.04,0),(3319805,10,9,11,70.02,54,1,96.19,43.81,-11.72,0),(3319808,10,9,21,69.24,68,1,96.16,57.15,-3.89,0),(3319811,10,9,24,71.49,77,1,98.02,61.79,-3.25,0),(3319814,10,9,25,70.07,67,1,95.45,57.91,-13.42,0),(3319817,10,9,26,65.02,60,1,97.14,43.97,14.16,0),(3319820,10,9,27,76.64,72,1,96.31,64.54,15.77,0),(3319823,10,9,28,84.79,38,1,96.16,60.36,6.64,0),(3319826,10,9,29,82.91,46,1,97.52,58.69,5.79,0),(3319829,10,9,31,79.37,53,1,99.37,51.40,-10.54,0),(3319831,10,9,33,84.47,63,1,97.80,66.36,-4.52,0),(3319834,10,9,37,76.78,66,1,97.14,56.51,-6.68,0),(3319837,10,9,40,88.01,48,1,98.62,69.94,5.86,0),(3319840,10,9,42,85.54,46,1,96.77,68.39,-0.25,0),(3319843,10,9,50,69.73,72,1,95.76,50.56,-4.54,0),(3319846,10,9,69,77.48,33,1,96.48,38.35,2.23,0),(3319849,10,9,73,83.19,37,1,96.73,51.34,-2.45,0),(3319870,13,9,1,85.11,59,1,97.65,68.95,-1.54,0),(3319873,13,9,4,87.33,51,1,99.46,61.81,-2.94,0),(3319875,13,9,8,83.83,40,1,96.76,57.41,4.72,0),(3319878,13,9,11,68.74,60,1,96.19,43.81,-8.91,0),(3319881,13,9,21,69.05,69,1,96.16,57.15,3.01,0),(3319884,13,9,24,83.48,53,1,98.02,61.79,-5.51,0),(3319887,13,9,25,71.30,66,1,95.45,57.91,-18.99,0),(3319890,13,9,26,63.96,65,1,97.14,43.97,-3.64,0),(3319893,13,9,27,81.46,47,1,96.31,64.54,17.79,0),(3319896,13,9,28,80.53,57,1,96.16,60.36,3.87,0),(3319899,13,9,29,84.33,44,1,97.52,58.69,15.78,0),(3319902,13,9,31,69.56,73,1,99.37,51.40,-9.36,0),(3319904,13,9,33,89.09,41,1,97.80,66.36,-0.06,0),(3319907,13,9,37,85.07,28,1,97.14,56.51,5.57,0),(3319910,13,9,40,88.64,40,1,98.62,69.94,8.75,0),(3319913,13,9,42,86.57,37,1,96.77,68.39,0.79,0),(3319916,13,9,50,75.14,55,1,95.76,50.56,11.75,0),(3319919,13,9,69,53.64,80,1,96.48,38.35,-8.39,0),(3319922,13,9,73,82.39,43,1,96.73,51.34,-31.14,0),(3319943,17,9,1,91.19,23,1,97.65,68.95,0.00,0),(3319946,17,9,4,96.34,9,1,99.46,61.81,0.00,0),(3319948,17,9,8,82.53,48,1,96.76,57.41,0.00,0),(3319951,17,9,11,58.79,81,1,96.19,43.81,0.00,0),(3319954,17,9,21,69.98,67,1,96.16,57.15,0.00,0),(3319957,17,9,24,78.37,67,1,98.02,61.79,0.00,0),(3319960,17,9,25,79.10,39,1,95.45,57.91,0.00,0),(3319963,17,9,26,68.36,53,1,97.14,43.97,0.00,0),(3319966,17,9,27,79.78,55,1,96.31,64.54,0.00,0),(3319969,17,9,28,85.32,36,1,96.16,60.36,0.00,0),(3319972,17,9,29,81.75,54,1,97.52,58.69,0.00,0),(3319975,17,9,31,77.74,60,1,99.37,51.40,0.00,0),(3319977,17,9,33,83.39,68,1,97.80,66.36,0.00,0),(3319980,17,9,37,80.11,53,1,97.14,56.51,0.00,0),(3319983,17,9,40,92.35,22,1,98.62,69.94,0.00,0),(3319986,17,9,42,89.90,25,1,96.77,68.39,0.00,0),(3319989,17,9,50,82.90,24,1,95.76,50.56,0.00,0),(3319992,17,9,69,73.23,45,1,96.48,38.35,0.00,0),(3319995,17,9,73,84.62,26,1,96.73,51.34,0.00,0),(3320016,20,9,1,93.90,12,1,97.65,68.95,-4.35,0),(3320019,20,9,4,91.58,29,1,99.46,61.81,-8.29,0),(3320021,20,9,8,88.25,25,1,96.76,57.41,1.56,0),(3320024,20,9,11,70.48,52,1,96.19,43.81,15.93,0),(3320027,20,9,21,82.48,27,1,96.16,57.15,-0.30,0),(3320030,20,9,24,88.03,27,1,98.02,61.79,0.02,0),(3320033,20,9,25,79.48,34,1,95.45,57.91,-1.97,0),(3320036,20,9,26,82.50,17,1,97.14,43.97,4.57,0),(3320039,20,9,27,86.86,17,1,96.31,64.54,13.93,0),(3320042,20,9,28,91.80,10,1,96.16,60.36,10.98,0),(3320045,20,9,29,89.85,18,1,97.52,58.69,6.62,0),(3320048,20,9,31,92.26,14,1,99.37,51.40,-1.76,0),(3320050,20,9,33,92.85,18,1,97.80,66.36,1.12,0),(3320053,20,9,37,89.86,16,1,97.14,56.51,2.35,0),(3320056,20,9,40,94.34,10,1,98.62,69.94,-0.10,0),(3320059,20,9,42,91.05,18,1,96.77,68.39,4.75,0),(3320062,20,9,50,86.05,16,1,95.76,50.56,13.24,0),(3320065,20,9,69,77.76,31,1,96.48,38.35,12.07,0),(3320068,20,9,73,85.06,23,1,96.73,51.34,2.11,0),(3320089,35,9,1,89.60,32,1,97.65,68.95,0.70,0),(3320092,35,9,4,89.33,36,1,99.46,61.81,-3.93,0),(3320094,35,9,8,86.40,30,1,96.76,57.41,4.48,0),(3320097,35,9,11,78.94,25,1,96.19,43.81,-5.36,0),(3320100,35,9,21,77.22,49,1,96.16,57.15,4.70,0),(3320103,35,9,24,86.48,35,1,98.02,61.79,-2.88,0),(3320106,35,9,25,75.58,51,1,95.45,57.91,-5.54,0),(3320109,35,9,26,64.00,64,1,97.14,43.97,8.49,0),(3320112,35,9,27,86.05,23,1,96.31,64.54,10.97,0),(3320115,35,9,28,87.78,22,1,96.16,60.36,12.98,0),(3320118,35,9,29,82.44,50,1,97.52,58.69,11.72,0),(3320121,35,9,31,77.93,59,1,99.37,51.40,-1.14,0),(3320123,35,9,33,92.04,19,1,97.80,66.36,-0.34,0),(3320126,35,9,37,84.90,31,1,97.14,56.51,5.34,0),(3320129,35,9,40,87.63,52,1,98.62,69.94,12.12,0),(3320132,35,9,42,90.48,21,1,96.77,68.39,0.37,0),(3320135,35,9,50,72.50,66,1,95.76,50.56,10.81,0),(3320138,35,9,69,81.24,25,1,96.48,38.35,5.11,0),(3320141,35,9,73,81.72,46,1,96.73,51.34,2.41,0),(3320162,36,9,1,87.31,48,1,97.65,68.95,5.02,0),(3320165,36,9,4,85.25,60,1,99.46,61.81,-4.84,0),(3320167,36,9,8,85.93,31,1,96.76,57.41,5.62,0),(3320170,36,9,11,84.12,17,1,96.19,43.81,-10.51,0),(3320173,36,9,21,72.22,62,1,96.16,57.15,3.94,0),(3320176,36,9,24,72.71,75,1,98.02,61.79,-9.20,0),(3320179,36,9,25,80.07,32,1,95.45,57.91,6.58,0),(3320182,36,9,26,74.40,41,1,97.14,43.97,14.09,0),(3320185,36,9,27,80.04,53,1,96.31,64.54,21.35,0),(3320188,36,9,28,84.67,39,1,96.16,60.36,10.20,0),(3320191,36,9,29,79.41,66,1,97.52,58.69,17.42,0),(3320194,36,9,31,83.89,37,1,99.37,51.40,1.78,0),(3320196,36,9,33,87.31,50,1,97.80,66.36,2.76,0),(3320199,36,9,37,77.43,63,1,97.14,56.51,3.40,0),(3320202,36,9,40,88.76,38,1,98.62,69.94,7.83,0),(3320205,36,9,42,86.66,35,1,96.77,68.39,-0.88,0),(3320208,36,9,50,73.74,61,1,95.76,50.56,12.81,0),(3320211,36,9,69,72.08,51,1,96.48,38.35,6.57,0),(3320214,36,9,73,81.26,50,1,96.73,51.34,-3.04,0),(3320235,46,9,1,92.40,20,1,97.65,68.95,3.41,0),(3320238,46,9,4,89.69,35,1,99.46,61.81,-0.41,0),(3320240,46,9,8,85.62,33,1,96.76,57.41,-1.52,0),(3320243,46,9,11,66.25,70,1,96.19,43.81,7.70,0),(3320246,46,9,21,78.76,43,1,96.16,57.15,2.53,0),(3320249,46,9,24,84.56,49,1,98.02,61.79,-9.18,0),(3320252,46,9,25,80.10,31,1,95.45,57.91,-1.21,0),(3320255,46,9,26,81.95,20,1,97.14,43.97,19.44,0),(3320258,46,9,27,85.21,31,1,96.31,64.54,15.70,0),(3320261,46,9,28,91.60,12,1,96.16,60.36,6.93,0),(3320264,46,9,29,85.88,35,1,97.52,58.69,11.64,0),(3320267,46,9,31,91.47,17,1,99.37,51.40,-5.86,0),(3320269,46,9,33,90.57,31,1,97.80,66.36,4.26,0),(3320272,46,9,37,90.79,14,1,97.14,56.51,4.35,0),(3320275,46,9,40,91.47,25,1,98.62,69.94,4.10,0),(3320278,46,9,42,92.29,15,1,96.77,68.39,1.84,0),(3320281,46,9,50,79.87,34,1,95.76,50.56,12.21,0),(3320284,46,9,69,91.17,10,1,96.48,38.35,8.27,0),(3320287,46,9,73,83.61,34,1,96.73,51.34,12.11,0),(3320308,49,9,1,97.53,2,1,97.65,68.95,0.04,0),(3320311,49,9,4,97.50,7,1,99.46,61.81,0.20,0),(3320313,49,9,8,91.66,8,1,96.76,57.41,5.68,0),(3320316,49,9,11,92.21,8,1,96.19,43.81,-6.83,0),(3320319,49,9,21,91.97,8,1,96.16,57.15,2.18,0),(3320322,49,9,24,95.16,8,1,98.02,61.79,0.41,0),(3320325,49,9,25,93.05,5,1,95.45,57.91,0.73,0),(3320328,49,9,26,87.00,9,1,97.14,43.97,5.23,0),(3320331,49,9,27,93.49,5,1,96.31,64.54,8.54,0),(3320334,49,9,28,95.85,3,1,96.16,60.36,1.28,0),(3320337,49,9,29,94.44,5,1,97.52,58.69,6.43,0),(3320340,49,9,31,95.18,9,1,99.37,51.40,-0.64,0),(3320342,49,9,33,97.12,4,1,97.80,66.36,1.64,0),(3320345,49,9,37,94.51,5,1,97.14,56.51,3.19,0),(3320348,49,9,40,96.26,5,1,98.62,69.94,-0.37,0),(3320351,49,9,42,96.77,1,1,96.77,68.39,-3.50,0),(3320354,49,9,50,91.44,7,1,95.76,50.56,4.27,0),(3320357,49,9,69,93.83,5,1,96.48,38.35,0.36,0),(3320360,49,9,73,95.57,3,1,96.73,51.34,-0.61,0),(3320381,55,9,1,89.80,30,1,97.65,68.95,-4.43,0),(3320384,55,9,4,86.49,54,1,99.46,61.81,-11.12,0),(3320386,55,9,8,90.85,15,1,96.76,57.41,4.38,0),(3320389,55,9,11,62.68,76,1,96.19,43.81,17.95,0),(3320392,55,9,21,85.11,19,1,96.16,57.15,-1.73,0),(3320395,55,9,24,88.35,25,1,98.02,61.79,-8.90,0),(3320398,55,9,25,85.23,18,1,95.45,57.91,-0.46,0),(3320401,55,9,26,84.71,14,1,97.14,43.97,3.71,0),(3320404,55,9,27,85.30,30,1,96.31,64.54,6.44,0),(3320407,55,9,28,87.58,23,1,96.16,60.36,-1.65,0),(3320410,55,9,29,87.32,26,1,97.52,58.69,8.00,0),(3320413,55,9,31,94.14,10,1,99.37,51.40,-1.95,0),(3320415,55,9,33,89.16,40,1,97.80,66.36,-2.56,0),(3320418,55,9,37,84.51,38,1,97.14,56.51,-4.55,0),(3320421,55,9,40,91.70,24,1,98.62,69.94,-1.83,0),(3320424,55,9,42,90.18,23,1,96.77,68.39,2.36,0),(3320427,55,9,50,88.32,14,1,95.76,50.56,3.29,0),(3320430,55,9,69,72.87,48,1,96.48,38.35,-14.79,0),(3320433,55,9,73,89.48,13,1,96.73,51.34,-28.37,0),(3320454,56,9,1,83.00,63,1,97.65,68.95,0.00,0),(3320457,56,9,4,NULL,NULL,1,99.46,61.81,0.00,0),(3320459,56,9,8,82.92,44,1,96.76,57.41,0.00,0),(3320462,56,9,11,60.36,80,1,96.19,43.81,0.00,0),(3320465,56,9,21,66.76,76,1,96.16,57.15,0.00,0),(3320468,56,9,24,79.38,64,1,98.02,61.79,0.00,0),(3320471,56,9,25,80.30,29,1,95.45,57.91,0.00,0),(3320474,56,9,26,56.00,79,1,97.14,43.97,0.00,0),(3320477,56,9,27,67.83,84,1,96.31,64.54,0.00,0),(3320480,56,9,28,72.84,71,1,96.16,60.36,0.00,0),(3320483,56,9,29,79.54,64,1,97.52,58.69,0.00,0),(3320486,56,9,31,78.66,56,1,99.37,51.40,0.00,0),(3320488,56,9,33,82.50,72,1,97.80,66.36,0.00,0),(3320491,56,9,37,85.05,30,1,97.14,56.51,0.00,0),(3320494,56,9,40,86.56,57,1,98.62,69.94,0.00,0),(3320497,56,9,42,90.28,22,1,96.77,68.39,0.00,0),(3320500,56,9,50,74.34,58,1,95.76,50.56,0.00,0),(3320503,56,9,69,62.26,70,1,96.48,38.35,0.00,0),(3320506,56,9,73,74.41,65,1,96.73,51.34,0.00,0),(3320526,57,9,1,86.82,51,1,97.65,68.95,-3.49,0),(3320529,57,9,4,87.22,52,1,99.46,61.81,-2.34,0),(3320531,57,9,8,89.61,21,1,96.76,57.41,2.94,0),(3320534,57,9,11,68.97,58,1,96.19,43.81,1.24,0),(3320537,57,9,21,71.00,65,1,96.16,57.15,7.08,0),(3320540,57,9,24,81.79,56,1,98.02,61.79,-11.21,0),(3320543,57,9,25,72.12,65,1,95.45,57.91,0.32,0),(3320546,57,9,26,75.47,38,1,97.14,43.97,2.08,0),(3320549,57,9,27,82.20,45,1,96.31,64.54,9.57,0),(3320552,57,9,28,86.81,24,1,96.16,60.36,0.76,0),(3320555,57,9,29,82.56,48,1,97.52,58.69,12.56,0),(3320558,57,9,31,87.84,30,1,99.37,51.40,0.96,0),(3320560,57,9,33,91.06,24,1,97.80,66.36,-0.22,0),(3320563,57,9,37,83.09,43,1,97.14,56.51,-5.81,0),(3320566,57,9,40,90.01,34,1,98.62,69.94,6.26,0),(3320569,57,9,42,90.14,24,1,96.77,68.39,2.25,0),(3320572,57,9,50,75.73,50,1,95.76,50.56,20.36,0),(3320575,57,9,69,82.87,21,1,96.48,38.35,9.20,0),(3320578,57,9,73,83.87,32,1,96.73,51.34,5.33,0),(3320599,58,9,1,95.03,10,1,97.65,68.95,2.20,0),(3320602,58,9,4,92.19,25,1,99.46,61.81,-2.95,0),(3320604,58,9,8,91.18,11,1,96.76,57.41,-1.48,0),(3320607,58,9,11,73.39,45,1,96.19,43.81,5.06,0),(3320610,58,9,21,83.57,22,1,96.16,57.15,0.58,0),(3320613,58,9,24,92.34,11,1,98.02,61.79,-6.30,0),(3320616,58,9,25,84.55,20,1,95.45,57.91,0.05,0),(3320619,58,9,26,79.63,28,1,97.14,43.97,8.84,0),(3320622,58,9,27,87.58,14,1,96.31,64.54,11.45,0),(3320625,58,9,28,91.84,9,1,96.16,60.36,-2.68,0),(3320628,58,9,29,86.35,32,1,97.52,58.69,9.58,0),(3320631,58,9,31,93.00,12,1,99.37,51.40,-4.64,0),(3320633,58,9,33,93.09,16,1,97.80,66.36,3.76,0),(3320636,58,9,37,91.77,9,1,97.14,56.51,1.63,0),(3320639,58,9,40,92.75,19,1,98.62,69.94,0.02,0),(3320642,58,9,42,92.87,9,1,96.77,68.39,0.75,0),(3320645,58,9,50,84.83,19,1,95.76,50.56,14.28,0),(3320648,58,9,69,87.34,15,1,96.48,38.35,3.09,0),(3320651,58,9,73,87.39,15,1,96.73,51.34,-1.21,0),(3320672,60,9,1,80.46,71,1,97.65,68.95,0.18,0),(3320675,60,9,4,80.15,69,1,99.46,61.81,4.40,0),(3320677,60,9,8,78.17,64,1,96.76,57.41,19.32,0),(3320680,60,9,11,63.92,74,1,96.19,43.81,16.69,0),(3320683,60,9,21,58.46,84,1,96.16,57.15,-14.48,0),(3320686,60,9,24,72.92,74,1,98.02,61.79,-0.68,0),(3320689,60,9,25,69.66,70,1,95.45,57.91,-1.20,0),(3320692,60,9,26,63.58,67,1,97.14,43.97,5.36,0),(3320695,60,9,27,77.47,71,1,96.31,64.54,19.64,0),(3320698,60,9,28,70.94,75,1,96.16,60.36,19.89,0),(3320701,60,9,29,73.90,73,1,97.52,58.69,25.17,0),(3320704,60,9,31,70.31,70,1,99.37,51.40,-15.77,0),(3320706,60,9,33,80.83,76,1,97.80,66.36,7.14,0),(3320709,60,9,37,68.01,79,1,97.14,56.51,17.70,0),(3320712,60,9,40,81.82,73,1,98.62,69.94,11.31,0),(3320715,60,9,42,84.55,52,1,96.77,68.39,5.75,0),(3320718,60,9,50,71.09,70,1,95.76,50.56,23.58,0),(3320721,60,9,69,60.02,73,1,96.48,38.35,10.95,0),(3320724,60,9,73,64.17,80,1,96.73,51.34,6.13,0),(3320745,72,9,1,92.16,21,1,97.65,68.95,0.00,0),(3320748,72,9,4,86.20,55,1,99.46,61.81,0.00,0),(3320750,72,9,8,87.79,27,1,96.76,57.41,0.00,0),(3320753,72,9,11,79.70,24,1,96.19,43.81,0.00,0),(3320756,72,9,21,80.02,39,1,96.16,57.15,0.00,0),(3320759,72,9,24,84.75,47,1,98.02,61.79,0.00,0),(3320762,72,9,25,79.22,37,1,95.45,57.91,0.00,0),(3320765,72,9,26,77.30,35,1,97.14,43.97,0.00,0),(3320768,72,9,27,78.85,63,1,96.31,64.54,0.00,0),(3320771,72,9,28,86.58,25,1,96.16,60.36,0.00,0),(3320774,72,9,29,75.03,72,1,97.52,58.69,0.00,0),(3320777,72,9,31,82.36,41,1,99.37,51.40,0.00,0),(3320779,72,9,33,89.03,42,1,97.80,66.36,0.00,0),(3320782,72,9,37,84.58,36,1,97.14,56.51,0.00,0),(3320785,72,9,40,88.06,47,1,98.62,69.94,0.00,0),(3320788,72,9,42,88.78,32,1,96.77,68.39,0.00,0),(3320791,72,9,50,73.09,64,1,95.76,50.56,0.00,0),(3320794,72,9,69,73.46,44,1,96.48,38.35,0.00,0),(3320797,72,9,73,81.66,47,1,96.73,51.34,0.00,0),(3320818,77,9,1,87.95,42,1,97.65,68.95,-0.16,0),(3320821,77,9,4,86.80,53,1,99.46,61.81,-5.23,0),(3320823,77,9,8,91.08,12,1,96.76,57.41,7.68,0),(3320826,77,9,11,75.91,35,1,96.19,43.81,8.88,0),(3320829,77,9,21,78.53,44,1,96.16,57.15,-7.05,0),(3320832,77,9,24,84.57,48,1,98.02,61.79,-4.80,0),(3320835,77,9,25,75.29,55,1,95.45,57.91,-9.09,0),(3320838,77,9,26,81.28,21,1,97.14,43.97,-7.45,0),(3320841,77,9,27,79.68,57,1,96.31,64.54,21.30,0),(3320844,77,9,28,85.47,33,1,96.16,60.36,-3.18,0),(3320847,77,9,29,80.97,57,1,97.52,58.69,7.46,0),(3320850,77,9,31,79.97,51,1,99.37,51.40,1.54,0),(3320852,77,9,33,86.78,54,1,97.80,66.36,-1.68,0),(3320855,77,9,37,86.72,22,1,97.14,56.51,-1.49,0),(3320858,77,9,40,91.46,26,1,98.62,69.94,-3.23,0),(3320861,77,9,42,88.89,31,1,96.77,68.39,-2.95,0),(3320864,77,9,50,78.72,40,1,95.76,50.56,8.03,0),(3320867,77,9,69,65.22,65,1,96.48,38.35,-0.97,0),(3320870,77,9,73,82.75,39,1,96.73,51.34,-18.46,0),(3320891,81,9,1,86.57,52,1,97.65,68.95,5.71,0),(3320894,81,9,4,90.11,34,1,99.46,61.81,7.27,0),(3320896,81,9,8,84.42,38,1,96.76,57.41,5.38,0),(3320899,81,9,11,76.08,33,1,96.19,43.81,12.08,0),(3320902,81,9,21,73.89,57,1,96.16,57.15,6.79,0),(3320905,81,9,24,80.34,59,1,98.02,61.79,-3.95,0),(3320908,81,9,25,78.61,42,1,95.45,57.91,-3.72,0),(3320911,81,9,26,76.19,37,1,97.14,43.97,21.06,0),(3320914,81,9,27,83.54,37,1,96.31,64.54,28.17,0),(3320917,81,9,28,83.83,45,1,96.16,60.36,16.38,0),(3320920,81,9,29,80.07,62,1,97.52,58.69,23.66,0),(3320923,81,9,31,79.67,52,1,99.37,51.40,2.86,0),(3320925,81,9,33,88.06,45,1,97.80,66.36,6.06,0),(3320928,81,9,37,83.46,41,1,97.14,56.51,9.11,0),(3320931,81,9,40,88.16,45,1,98.62,69.94,7.81,0),(3320934,81,9,42,89.84,26,1,96.77,68.39,2.17,0),(3320937,81,9,50,73.82,60,1,95.76,50.56,19.83,0),(3320940,81,9,69,75.62,38,1,96.48,38.35,7.89,0),(3320943,81,9,73,85.39,21,1,96.73,51.34,-5.20,0),(3320964,82,9,1,89.88,29,1,97.65,68.95,0.36,0),(3320967,82,9,4,92.89,21,1,99.46,61.81,2.53,0),(3320969,82,9,8,88.42,23,1,96.76,57.41,5.80,0),(3320972,82,9,11,77.63,29,1,96.19,43.81,8.41,0),(3320975,82,9,21,80.03,38,1,96.16,57.15,13.71,0),(3320978,82,9,24,87.67,29,1,98.02,61.79,1.77,0),(3320981,82,9,25,82.05,26,1,95.45,57.91,-8.71,0),(3320984,82,9,26,81.17,22,1,97.14,43.97,11.76,0),(3320987,82,9,27,87.34,15,1,96.31,64.54,20.08,0),(3320990,82,9,28,88.74,19,1,96.16,60.36,14.53,0),(3320993,82,9,29,82.53,49,1,97.52,58.69,22.62,0),(3320996,82,9,31,81.78,44,1,99.37,51.40,5.69,0),(3320998,82,9,33,91.64,22,1,97.80,66.36,8.96,0),(3321001,82,9,37,84.47,39,1,97.14,56.51,9.85,0),(3321004,82,9,40,92.96,18,1,98.62,69.94,1.32,0),(3321007,82,9,42,94.83,6,1,96.77,68.39,-2.72,0),(3321010,82,9,50,79.54,36,1,95.76,50.56,23.29,0),(3321013,82,9,69,77.60,32,1,96.48,38.35,3.15,0),(3321016,82,9,73,85.95,17,1,96.73,51.34,0.80,0),(3321037,86,9,1,89.42,33,1,97.65,68.95,-2.54,0),(3321040,86,9,4,94.16,14,1,99.46,61.81,3.41,0),(3321042,86,9,8,88.35,24,1,96.76,57.41,8.10,0),(3321045,86,9,11,67.71,63,1,96.19,43.81,-8.18,0),(3321048,86,9,21,77.81,47,1,96.16,57.15,9.71,0),(3321051,86,9,24,84.08,51,1,98.02,61.79,-6.17,0),(3321054,86,9,25,76.27,48,1,95.45,57.91,-5.46,0),(3321057,86,9,26,70.41,51,1,97.14,43.97,-1.85,0),(3321060,86,9,27,85.54,29,1,96.31,64.54,18.83,0),(3321063,86,9,28,86.18,28,1,96.16,60.36,12.53,0),(3321066,86,9,29,87.05,28,1,97.52,58.69,10.94,0),(3321069,86,9,31,82.15,42,1,99.37,51.40,0.82,0),(3321071,86,9,33,89.54,38,1,97.80,66.36,6.60,0),(3321074,86,9,37,84.70,32,1,97.14,56.51,0.48,0),(3321077,86,9,40,90.25,33,1,98.62,69.94,9.12,0),(3321080,86,9,42,89.68,28,1,96.77,68.39,3.01,0),(3321083,86,9,50,85.60,18,1,95.76,50.56,13.57,0),(3321086,86,9,69,77.16,35,1,96.48,38.35,13.79,0),(3321089,86,9,73,84.02,29,1,96.73,51.34,5.02,0),(3321110,5,9,1,75.05,78,1,97.65,68.95,12.22,0),(3321113,5,9,4,79.52,72,1,99.46,61.81,7.70,0),(3321115,5,9,8,68.82,82,1,96.76,57.41,16.53,0),(3321118,5,9,11,78.45,26,1,96.19,43.81,1.88,0),(3321121,5,9,21,72.37,61,1,96.16,57.15,24.61,0),(3321124,5,9,24,79.21,65,1,98.02,61.79,8.01,0),(3321127,5,9,25,67.37,75,1,95.45,57.91,-5.16,0),(3321130,5,9,26,60.56,72,1,97.14,43.97,24.68,0),(3321133,5,9,27,78.08,66,1,96.31,64.54,27.91,0),(3321136,5,9,28,76.89,63,1,96.16,60.36,23.26,0),(3321139,5,9,29,80.39,61,1,97.52,58.69,12.20,0),(3321142,5,9,31,68.48,77,1,99.37,51.40,5.45,0),(3321144,5,9,33,80.12,77,1,97.80,66.36,6.93,0),(3321147,5,9,37,72.14,71,1,97.14,56.51,20.22,0),(3321150,5,9,40,72.89,85,1,98.62,69.94,32.08,0),(3321153,5,9,42,73.95,83,1,96.77,68.39,12.88,0),(3321156,5,9,50,68.66,73,1,95.76,50.56,4.22,0),(3321159,5,9,69,60.52,71,1,96.48,38.35,24.18,0),(3321162,5,9,73,68.60,76,1,96.73,51.34,11.24,0),(3321183,11,9,1,95.70,7,1,97.65,68.95,2.42,0),(3321186,11,9,4,95.69,11,1,99.46,61.81,-1.67,0),(3321188,11,9,8,91.07,13,1,96.76,57.41,2.40,0),(3321191,11,9,11,90.98,10,1,96.19,43.81,-2.55,0),(3321194,11,9,21,89.71,11,1,96.16,57.15,1.75,0),(3321197,11,9,24,94.30,9,1,98.02,61.79,-7.15,0),(3321200,11,9,25,89.96,9,1,95.45,57.91,-12.76,0),(3321203,11,9,26,85.91,12,1,97.14,43.97,7.46,0),(3321206,11,9,27,90.76,9,1,96.31,64.54,5.59,0),(3321209,11,9,28,93.85,8,1,96.16,60.36,8.42,0),(3321212,11,9,29,91.32,12,1,97.52,58.69,-0.84,0),(3321215,11,9,31,95.53,8,1,99.37,51.40,-0.53,0),(3321217,11,9,33,94.44,12,1,97.80,66.36,0.82,0),(3321220,11,9,37,91.93,8,1,97.14,56.51,2.30,0),(3321223,11,9,40,94.28,11,1,98.62,69.94,6.54,0),(3321226,11,9,42,91.70,17,1,96.77,68.39,7.64,0),(3321229,11,9,50,91.65,6,1,95.76,50.56,3.80,0),(3321232,11,9,69,92.05,8,1,96.48,38.35,-1.34,0),(3321235,11,9,73,93.74,6,1,96.73,51.34,-4.81,0),(3321256,19,9,1,74.79,79,1,97.65,68.95,6.52,0),(3321259,19,9,4,73.49,79,1,99.46,61.81,-3.60,0),(3321261,19,9,8,66.18,84,1,96.76,57.41,17.67,0),(3321264,19,9,11,61.11,78,1,96.19,43.81,19.24,0),(3321267,19,9,21,68.05,73,1,96.16,57.15,16.97,0),(3321270,19,9,24,61.79,87,1,98.02,61.79,-3.52,0),(3321273,19,9,25,59.61,84,1,95.45,57.91,-12.64,0),(3321276,19,9,26,56.66,77,1,97.14,43.97,9.74,0),(3321279,19,9,27,71.37,78,1,96.31,64.54,10.74,0),(3321282,19,9,28,66.07,81,1,96.16,60.36,14.96,0),(3321285,19,9,29,68.56,82,1,97.52,58.69,-3.51,0),(3321288,19,9,31,68.71,75,1,99.37,51.40,0.30,0),(3321290,19,9,33,75.84,82,1,97.80,66.36,2.77,0),(3321293,19,9,37,61.17,84,1,97.14,56.51,0.96,0),(3321296,19,9,40,75.49,80,1,98.62,69.94,16.54,0),(3321299,19,9,42,74.46,82,1,96.77,68.39,16.62,0),(3321302,19,9,50,60.80,81,1,95.76,50.56,1.88,0),(3321305,19,9,69,65.81,62,1,96.48,38.35,6.72,0),(3321308,19,9,73,62.81,82,1,96.73,51.34,10.41,0),(3321329,21,9,1,82.09,67,1,97.65,68.95,2.50,0),(3321332,21,9,4,91.03,31,1,99.46,61.81,8.05,0),(3321334,21,9,8,78.31,63,1,96.76,57.41,11.02,0),(3321337,21,9,11,79.71,23,1,96.19,43.81,-3.38,0),(3321340,21,9,21,83.52,23,1,96.16,57.15,2.04,0),(3321343,21,9,24,85.21,43,1,98.02,61.79,-0.16,0),(3321346,21,9,25,78.97,41,1,95.45,57.91,2.26,0),(3321349,21,9,26,74.72,40,1,97.14,43.97,5.34,0),(3321352,21,9,27,83.50,38,1,96.31,64.54,19.20,0),(3321355,21,9,28,83.36,48,1,96.16,60.36,11.70,0),(3321358,21,9,29,86.99,29,1,97.52,58.69,5.61,0),(3321361,21,9,31,81.78,44,1,99.37,51.40,-17.95,0),(3321363,21,9,33,86.98,53,1,97.80,66.36,8.96,0),(3321366,21,9,37,84.27,40,1,97.14,56.51,3.64,0),(3321369,21,9,40,82.57,72,1,98.62,69.94,19.58,0),(3321372,21,9,42,82.72,65,1,96.77,68.39,7.60,0),(3321375,21,9,50,73.02,65,1,95.76,50.56,19.66,0),(3321378,21,9,69,64.87,66,1,96.48,38.35,11.40,0),(3321381,21,9,73,82.14,45,1,96.73,51.34,-10.23,0),(3321402,22,9,1,93.67,14,1,97.65,68.95,2.02,0),(3321405,22,9,4,92.45,23,1,99.46,61.81,-1.62,0),(3321407,22,9,8,84.28,39,1,96.76,57.41,13.71,0),(3321410,22,9,11,82.91,19,1,96.19,43.81,6.55,0),(3321413,22,9,21,88.71,12,1,96.16,57.15,3.86,0),(3321416,22,9,24,92.22,12,1,98.02,61.79,0.20,0),(3321419,22,9,25,88.45,12,1,95.45,57.91,-1.20,0),(3321422,22,9,26,82.53,16,1,97.14,43.97,16.48,0),(3321425,22,9,27,86.24,22,1,96.31,64.54,17.22,0),(3321428,22,9,28,88.56,21,1,96.16,60.36,16.14,0),(3321431,22,9,29,90.53,15,1,97.52,58.69,-1.01,0),(3321434,22,9,31,91.08,18,1,99.37,51.40,6.16,0),(3321436,22,9,33,95.89,7,1,97.80,66.36,1.21,0),(3321439,22,9,37,90.95,13,1,97.14,56.51,0.12,0),(3321442,22,9,40,92.00,23,1,98.62,69.94,5.90,0),(3321445,22,9,42,85.24,47,1,96.77,68.39,3.40,0),(3321448,22,9,50,84.41,20,1,95.76,50.56,10.90,0),(3321451,22,9,69,88.07,14,1,96.48,38.35,6.92,0),(3321454,22,9,73,84.88,24,1,96.73,51.34,2.68,0),(3321475,23,9,1,90.30,28,1,97.65,68.95,-3.92,0),(3321478,23,9,4,86.07,57,1,99.46,61.81,-9.62,0),(3321480,23,9,8,78.52,62,1,96.76,57.41,10.84,0),(3321483,23,9,11,76.88,32,1,96.19,43.81,-2.55,0),(3321486,23,9,21,81.03,34,1,96.16,57.15,-1.60,0),(3321489,23,9,24,85.82,38,1,98.02,61.79,-10.71,0),(3321492,23,9,25,76.72,46,1,95.45,57.91,-14.14,0),(3321495,23,9,26,69.36,52,1,97.14,43.97,3.41,0),(3321498,23,9,27,81.26,49,1,96.31,64.54,18.82,0),(3321501,23,9,28,81.43,54,1,96.16,60.36,3.34,0),(3321504,23,9,29,82.14,51,1,97.52,58.69,-1.01,0),(3321507,23,9,31,86.28,32,1,99.37,51.40,7.55,0),(3321509,23,9,33,82.43,73,1,97.80,66.36,-5.85,0),(3321512,23,9,37,79.82,54,1,97.14,56.51,-10.12,0),(3321515,23,9,40,87.95,49,1,98.62,69.94,14.66,0),(3321518,23,9,42,86.06,42,1,96.77,68.39,4.12,0),(3321521,23,9,50,76.51,46,1,95.76,50.56,-9.30,0),(3321524,23,9,69,65.85,61,1,96.48,38.35,-20.42,0),(3321527,23,9,73,79.30,55,1,96.73,51.34,-24.86,0),(3321548,27,9,1,87.42,47,1,97.65,68.95,10.22,0),(3321551,27,9,4,90.19,32,1,99.46,61.81,8.53,0),(3321553,27,9,8,81.02,51,1,96.76,57.41,11.59,0),(3321556,27,9,11,74.34,44,1,96.19,43.81,3.20,0),(3321559,27,9,21,80.75,36,1,96.16,57.15,7.56,0),(3321562,27,9,24,83.36,54,1,98.02,61.79,17.25,0),(3321565,27,9,25,72.81,64,1,95.45,57.91,-6.66,0),(3321568,27,9,26,71.77,47,1,97.14,43.97,1.07,0),(3321571,27,9,27,80.33,52,1,96.31,64.54,26.24,0),(3321574,27,9,28,85.41,34,1,96.16,60.36,15.24,0),(3321577,27,9,29,87.19,27,1,97.52,58.69,10.58,0),(3321580,27,9,31,67.16,80,1,99.37,51.40,-2.64,0),(3321582,27,9,33,85.28,59,1,97.80,66.36,9.08,0),(3321585,27,9,37,74.47,69,1,97.14,56.51,12.36,0),(3321588,27,9,40,84.91,62,1,98.62,69.94,15.28,0),(3321591,27,9,42,84.17,56,1,96.77,68.39,7.80,0),(3321594,27,9,50,74.96,56,1,95.76,50.56,19.68,0),(3321597,27,9,69,57.43,78,1,96.48,38.35,3.98,0),(3321600,27,9,73,89.42,14,1,96.73,51.34,-38.80,0),(3321621,28,9,1,87.72,45,1,97.65,68.95,-8.60,0),(3321624,28,9,4,87.91,47,1,99.46,61.81,-3.13,0),(3321626,28,9,8,78.12,65,1,96.76,57.41,16.57,0),(3321629,28,9,11,77.83,28,1,96.19,43.81,-0.44,0),(3321632,28,9,21,82.87,26,1,96.16,57.15,2.22,0),(3321635,28,9,24,88.27,26,1,98.02,61.79,0.10,0),(3321638,28,9,25,76.66,47,1,95.45,57.91,-3.58,0),(3321641,28,9,26,72.21,45,1,97.14,43.97,-3.94,0),(3321644,28,9,27,85.68,28,1,96.31,64.54,20.02,0),(3321647,28,9,28,83.50,47,1,96.16,60.36,6.86,0),(3321650,28,9,29,88.54,22,1,97.52,58.69,-1.69,0),(3321653,28,9,31,76.85,61,1,99.37,51.40,1.66,0),(3321655,28,9,33,90.96,28,1,97.80,66.36,3.62,0),(3321658,28,9,37,79.52,55,1,97.14,56.51,13.78,0),(3321661,28,9,40,87.81,51,1,98.62,69.94,5.66,0),(3321664,28,9,42,83.51,60,1,96.77,68.39,7.84,0),(3321667,28,9,50,80.25,32,1,95.76,50.56,4.30,0),(3321670,28,9,69,62.57,69,1,96.48,38.35,-10.02,0),(3321673,28,9,73,83.89,31,1,96.73,51.34,-26.08,0),(3321694,32,9,1,86.83,50,1,97.65,68.95,-1.08,0),(3321697,32,9,4,88.38,45,1,99.46,61.81,3.42,0),(3321699,32,9,8,80.45,54,1,96.76,57.41,18.13,0),(3321702,32,9,11,69.09,57,1,96.19,43.81,9.18,0),(3321705,32,9,21,76.66,51,1,96.16,57.15,28.67,0),(3321708,32,9,24,79.61,61,1,98.02,61.79,4.54,0),(3321711,32,9,25,74.47,58,1,95.45,57.91,3.58,0),(3321714,32,9,26,65.95,58,1,97.14,43.97,25.81,0),(3321717,32,9,27,83.27,41,1,96.31,64.54,21.52,0),(3321720,32,9,28,81.83,53,1,96.16,60.36,18.08,0),(3321723,32,9,29,81.16,56,1,97.52,58.69,14.57,0),(3321726,32,9,31,87.22,31,1,99.37,51.40,-4.93,0),(3321728,32,9,33,83.05,69,1,97.80,66.36,7.12,0),(3321731,32,9,37,77.79,62,1,97.14,56.51,18.78,0),(3321734,32,9,40,85.41,60,1,98.62,69.94,9.20,0),(3321737,32,9,42,83.76,58,1,96.77,68.39,19.26,0),(3321740,32,9,50,71.97,69,1,95.76,50.56,10.38,0),(3321743,32,9,69,65.63,63,1,96.48,38.35,27.26,0),(3321746,32,9,73,80.22,52,1,96.73,51.34,-1.99,0),(3321767,33,9,1,82.81,65,1,97.65,68.95,7.12,0),(3321770,33,9,4,78.72,75,1,99.46,61.81,2.97,0),(3321772,33,9,8,72.80,79,1,96.76,57.41,18.08,0),(3321775,33,9,11,64.34,73,1,96.19,43.81,13.59,0),(3321778,33,9,21,71.85,63,1,96.16,57.15,2.91,0),(3321781,33,9,24,80.75,58,1,98.02,61.79,-15.32,0),(3321784,33,9,25,75.47,53,1,95.45,57.91,-13.14,0),(3321787,33,9,26,64.17,63,1,97.14,43.97,15.84,0),(3321790,33,9,27,79.11,62,1,96.31,64.54,25.49,0),(3321793,33,9,28,74.51,69,1,96.16,60.36,3.68,0),(3321796,33,9,29,79.44,65,1,97.52,58.69,-3.24,0),(3321799,33,9,31,68.18,78,1,99.37,51.40,-8.76,0),(3321801,33,9,33,83.49,67,1,97.80,66.36,-7.70,0),(3321804,33,9,37,70.03,74,1,97.14,56.51,-14.49,0),(3321807,33,9,40,86.21,58,1,98.62,69.94,11.92,0),(3321810,33,9,42,75.37,81,1,96.77,68.39,0.28,0),(3321813,33,9,50,66.82,77,1,95.76,50.56,9.68,0),(3321816,33,9,69,65.30,64,1,96.48,38.35,0.16,0),(3321819,33,9,73,73.95,66,1,96.73,51.34,-11.42,0),(3321840,39,9,1,96.63,4,1,97.65,68.95,3.58,0),(3321843,39,9,4,99.46,1,1,99.46,61.81,5.62,0),(3321845,39,9,8,93.53,4,1,96.76,57.41,4.43,0),(3321848,39,9,11,95.71,2,1,96.19,43.81,6.08,0),(3321851,39,9,21,93.86,4,1,96.16,57.15,0.01,0),(3321854,39,9,24,98.02,1,1,98.02,61.79,-0.42,0),(3321857,39,9,25,95.45,1,1,95.45,57.91,-2.68,0),(3321860,39,9,26,91.70,2,1,97.14,43.97,7.38,0),(3321863,39,9,27,95.55,2,1,96.31,64.54,8.90,0),(3321866,39,9,28,95.45,4,1,96.16,60.36,-0.52,0),(3321869,39,9,29,95.72,2,1,97.52,58.69,-0.68,0),(3321872,39,9,31,97.09,3,1,99.37,51.40,2.58,0),(3321874,39,9,33,96.87,5,1,97.80,66.36,3.95,0),(3321877,39,9,37,95.53,3,1,97.14,56.51,-2.63,0),(3321880,39,9,40,97.43,2,1,98.62,69.94,3.94,0),(3321883,39,9,42,94.34,7,1,96.77,68.39,-0.78,0),(3321886,39,9,50,95.51,2,1,95.76,50.56,3.76,0),(3321889,39,9,69,96.48,1,1,96.48,38.35,-0.36,0),(3321892,39,9,73,95.83,2,1,96.73,51.34,0.23,0),(3321913,45,9,1,89.29,34,1,97.65,68.95,7.54,0),(3321916,45,9,4,88.88,40,1,99.46,61.81,2.50,0),(3321918,45,9,8,78.53,61,1,96.76,57.41,21.05,0),(3321921,45,9,11,72.98,47,1,96.19,43.81,2.85,0),(3321924,45,9,21,75.22,55,1,96.16,57.15,19.43,0),(3321927,45,9,24,85.12,44,1,98.02,61.79,5.97,0),(3321930,45,9,25,74.03,61,1,95.45,57.91,-2.22,0),(3321933,45,9,26,67.38,54,1,97.14,43.97,24.38,0),(3321936,45,9,27,79.30,61,1,96.31,64.54,26.19,0),(3321939,45,9,28,76.84,64,1,96.16,60.36,16.36,0),(3321942,45,9,29,81.32,55,1,97.52,58.69,17.64,0),(3321945,45,9,31,76.63,62,1,99.37,51.40,-4.70,0),(3321947,45,9,33,85.60,57,1,97.80,66.36,9.65,0),(3321950,45,9,37,79.37,56,1,97.14,56.51,23.16,0),(3321953,45,9,40,83.88,67,1,98.62,69.94,16.30,0),(3321956,45,9,42,82.98,64,1,96.77,68.39,5.86,0),(3321959,45,9,50,79.29,38,1,95.76,50.56,14.38,0),(3321962,45,9,69,69.85,53,1,96.48,38.35,10.42,0),(3321965,45,9,73,76.92,60,1,96.73,51.34,-1.76,0),(3321986,50,9,1,97.14,3,1,97.65,68.95,0.60,0),(3321989,50,9,4,96.05,10,1,99.46,61.81,-1.98,0),(3321991,50,9,8,91.64,9,1,96.76,57.41,4.65,0),(3321994,50,9,11,95.56,3,1,96.19,43.81,-5.16,0),(3321997,50,9,21,93.09,5,1,96.16,57.15,-0.02,0),(3322000,50,9,24,96.13,7,1,98.02,61.79,-4.07,0),(3322003,50,9,25,88.45,12,1,95.45,57.91,-13.76,0),(3322006,50,9,26,87.33,8,1,97.14,43.97,13.11,0),(3322009,50,9,27,91.46,7,1,96.31,64.54,8.17,0),(3322012,50,9,28,94.32,7,1,96.16,60.36,-5.70,0),(3322015,50,9,29,94.08,6,1,97.52,58.69,-2.13,0),(3322018,50,9,31,99.37,1,1,99.37,51.40,1.26,0),(3322020,50,9,33,97.49,3,1,97.80,66.36,0.22,0),(3322023,50,9,37,97.14,1,1,97.14,56.51,0.29,0),(3322026,50,9,40,96.62,4,1,98.62,69.94,3.72,0),(3322029,50,9,42,95.34,4,1,96.77,68.39,-3.48,0),(3322032,50,9,50,94.11,4,1,95.76,50.56,1.32,0),(3322035,50,9,69,95.01,4,1,96.48,38.35,-7.30,0),(3322038,50,9,73,90.61,8,1,96.73,51.34,2.10,0),(3322059,52,9,1,87.46,46,1,97.65,68.95,1.90,0),(3322062,52,9,4,92.15,27,1,99.46,61.81,0.48,0),(3322064,52,9,8,82.73,47,1,96.76,57.41,14.50,0),(3322067,52,9,11,75.57,38,1,96.19,43.81,3.88,0),(3322070,52,9,21,76.89,50,1,96.16,57.15,18.37,0),(3322073,52,9,24,86.13,37,1,98.02,61.79,2.98,0),(3322076,52,9,25,75.18,56,1,95.45,57.91,0.30,0),(3322079,52,9,26,66.77,56,1,97.14,43.97,-0.40,0),(3322082,52,9,27,85.83,27,1,96.31,64.54,15.87,0),(3322085,52,9,28,86.26,27,1,96.16,60.36,6.10,0),(3322088,52,9,29,87.54,25,1,97.52,58.69,3.65,0),(3322091,52,9,31,89.32,25,1,99.37,51.40,-1.88,0),(3322093,52,9,33,90.96,28,1,97.80,66.36,-4.11,0),(3322096,52,9,37,86.59,23,1,97.14,56.51,1.90,0),(3322099,52,9,40,90.42,32,1,98.62,69.94,14.58,0),(3322102,52,9,42,85.56,45,1,96.77,68.39,5.38,0),(3322105,52,9,50,75.63,53,1,95.76,50.56,11.64,0),(3322108,52,9,69,79.44,26,1,96.48,38.35,-0.08,0),(3322111,52,9,73,82.66,41,1,96.73,51.34,1.15,0),(3322132,53,9,1,88.12,41,1,97.65,68.95,3.50,0),(3322135,53,9,4,85.55,59,1,99.46,61.81,-2.88,0),(3322137,53,9,8,75.18,74,1,96.76,57.41,23.29,0),(3322140,53,9,11,63.59,75,1,96.19,43.81,-0.23,0),(3322143,53,9,21,78.36,45,1,96.16,57.15,3.70,0),(3322146,53,9,24,87.31,30,1,98.02,61.79,-8.38,0),(3322149,53,9,25,75.82,50,1,95.45,57.91,-16.56,0),(3322152,53,9,26,62.80,68,1,97.14,43.97,8.21,0),(3322155,53,9,27,78.78,64,1,96.31,64.54,21.39,0),(3322158,53,9,28,75.33,66,1,96.16,60.36,13.96,0),(3322161,53,9,29,82.09,52,1,97.52,58.69,2.51,0),(3322164,53,9,31,83.30,40,1,99.37,51.40,-0.85,0),(3322166,53,9,33,84.34,64,1,97.80,66.36,1.85,0),(3322169,53,9,37,80.53,52,1,97.14,56.51,-4.62,0),(3322172,53,9,40,88.13,46,1,98.62,69.94,18.72,0),(3322175,53,9,42,82.15,70,1,96.77,68.39,13.80,0),(3322178,53,9,50,79.19,39,1,95.76,50.56,3.98,0),(3322181,53,9,69,72.59,49,1,96.48,38.35,-1.40,0),(3322184,53,9,73,75.14,62,1,96.73,51.34,-0.46,0),(3322205,61,9,1,82.74,66,1,97.65,68.95,-0.28,0),(3322208,61,9,4,79.36,73,1,99.46,61.81,0.89,0),(3322210,61,9,8,79.47,59,1,96.76,57.41,17.22,0),(3322213,61,9,11,67.38,64,1,96.19,43.81,-5.16,0),(3322216,61,9,21,72.39,60,1,96.16,57.15,4.83,0),(3322219,61,9,24,79.51,63,1,98.02,61.79,-3.36,0),(3322222,61,9,25,69.04,72,1,95.45,57.91,-7.92,0),(3322225,61,9,26,53.36,83,1,97.14,43.97,-1.04,0),(3322228,61,9,27,79.74,56,1,96.31,64.54,21.46,0),(3322231,61,9,28,71.30,74,1,96.16,60.36,12.30,0),(3322234,61,9,29,79.90,63,1,97.52,58.69,-10.29,0),(3322237,61,9,31,80.77,50,1,99.37,51.40,-2.23,0),(3322239,61,9,33,84.72,62,1,97.80,66.36,1.56,0),(3322242,61,9,37,73.36,70,1,97.14,56.51,19.40,0),(3322245,61,9,40,86.99,54,1,98.62,69.94,14.02,0),(3322248,61,9,42,78.23,78,1,96.77,68.39,17.86,0),(3322251,61,9,50,75.64,52,1,95.76,50.56,18.20,0),(3322254,61,9,69,62.70,68,1,96.48,38.35,-0.40,0),(3322257,61,9,73,77.04,59,1,96.73,51.34,-10.90,0),(3322278,62,9,1,95.54,8,1,97.65,68.95,-1.22,0),(3322281,62,9,4,98.66,4,1,99.46,61.81,3.38,0),(3322283,62,9,8,91.06,14,1,96.76,57.41,8.97,0),(3322286,62,9,11,93.91,5,1,96.19,43.81,-4.16,0),(3322289,62,9,21,94.12,3,1,96.16,57.15,-0.22,0),(3322292,62,9,24,96.62,6,1,98.02,61.79,0.40,0),(3322295,62,9,25,92.27,6,1,95.45,57.91,-3.30,0),(3322298,62,9,26,89.40,6,1,97.14,43.97,5.18,0),(3322301,62,9,27,94.45,4,1,96.31,64.54,8.84,0),(3322304,62,9,28,95.89,2,1,96.16,60.36,-0.82,0),(3322307,62,9,29,94.94,4,1,97.52,58.69,-1.34,0),(3322310,62,9,31,95.70,7,1,99.37,51.40,2.05,0),(3322312,62,9,33,97.80,1,1,97.80,66.36,0.83,0),(3322315,62,9,37,95.49,4,1,97.14,56.51,4.60,0),(3322318,62,9,40,96.11,7,1,98.62,69.94,5.06,0),(3322321,62,9,42,93.54,8,1,96.77,68.39,2.16,0),(3322324,62,9,50,94.50,3,1,95.76,50.56,10.02,0),(3322327,62,9,69,95.69,2,1,96.48,38.35,0.36,0),(3322330,62,9,73,94.75,5,1,96.73,51.34,-0.04,0),(3322351,63,9,1,90.50,27,1,97.65,68.95,-0.38,0),(3322354,63,9,4,92.21,24,1,99.46,61.81,0.90,0),(3322356,63,9,8,84.59,37,1,96.76,57.41,0.68,0),(3322359,63,9,11,85.06,15,1,96.19,43.81,8.58,0),(3322362,63,9,21,85.39,17,1,96.16,57.15,-0.04,0),(3322365,63,9,24,88.99,21,1,98.02,61.79,-3.75,0),(3322368,63,9,25,79.22,37,1,95.45,57.91,-10.26,0),(3322371,63,9,26,87.97,7,1,97.14,43.97,2.56,0),(3322374,63,9,27,85.95,25,1,96.31,64.54,16.38,0),(3322377,63,9,28,88.62,20,1,96.16,60.36,6.56,0),(3322380,63,9,29,89.77,19,1,97.52,58.69,-4.92,0),(3322383,63,9,31,88.18,28,1,99.37,51.40,-12.96,0),(3322385,63,9,33,89.30,39,1,97.80,66.36,-1.52,0),(3322388,63,9,37,82.32,47,1,97.14,56.51,-3.25,0),(3322391,63,9,40,89.76,36,1,98.62,69.94,5.62,0),(3322394,63,9,42,86.27,40,1,96.77,68.39,8.06,0),(3322397,63,9,50,81.35,27,1,95.76,50.56,-0.32,0),(3322400,63,9,69,91.89,9,1,96.48,38.35,10.74,0),(3322403,63,9,73,86.39,16,1,96.73,51.34,11.03,0),(3322424,69,9,1,88.35,40,1,97.65,68.95,0.14,0),(3322427,69,9,4,83.19,64,1,99.46,61.81,-3.85,0),(3322429,69,9,8,85.88,32,1,96.76,57.41,11.37,0),(3322432,69,9,11,68.87,59,1,96.19,43.81,5.97,0),(3322435,69,9,21,77.74,48,1,96.16,57.15,-0.96,0),(3322438,69,9,24,78.62,66,1,98.02,61.79,-14.77,0),(3322441,69,9,25,76.01,49,1,95.45,57.91,-7.82,0),(3322444,69,9,26,71.44,50,1,97.14,43.97,-2.58,0),(3322447,69,9,27,79.43,59,1,96.31,64.54,11.37,0),(3322450,69,9,28,85.80,31,1,96.16,60.36,3.70,0),(3322453,69,9,29,83.45,45,1,97.52,58.69,1.81,0),(3322456,69,9,31,78.82,54,1,99.37,51.40,-19.16,0),(3322458,69,9,33,89.94,33,1,97.80,66.36,5.20,0),(3322461,69,9,37,78.37,60,1,97.14,56.51,8.15,0),(3322464,69,9,40,88.21,44,1,98.62,69.94,14.46,0),(3322467,69,9,42,78.38,77,1,96.77,68.39,6.58,0),(3322470,69,9,50,83.69,21,1,95.76,50.56,16.74,0),(3322473,69,9,69,72.21,50,1,96.48,38.35,7.72,0),(3322476,69,9,73,85.75,19,1,96.73,51.34,-7.76,0),(3322497,73,9,1,93.65,15,1,97.65,68.95,2.98,0),(3322500,73,9,4,91.95,28,1,99.46,61.81,-0.45,0),(3322502,73,9,8,89.63,19,1,96.76,57.41,15.17,0),(3322505,73,9,11,92.52,7,1,96.19,43.81,-0.58,0),(3322508,73,9,21,90.52,9,1,96.16,57.15,-2.27,0),(3322511,73,9,24,92.18,14,1,98.02,61.79,-5.25,0),(3322514,73,9,25,90.97,7,1,95.45,57.91,-4.36,0),(3322517,73,9,26,83.73,15,1,97.14,43.97,1.64,0),(3322520,73,9,27,89.48,10,1,96.31,64.54,9.62,0),(3322523,73,9,28,91.27,13,1,96.16,60.36,2.18,0),(3322526,73,9,29,91.50,11,1,97.52,58.69,-3.15,0),(3322529,73,9,31,91.60,16,1,99.37,51.40,-3.96,0),(3322531,73,9,33,93.42,14,1,97.80,66.36,1.56,0),(3322534,73,9,37,91.27,10,1,97.14,56.51,1.60,0),(3322537,73,9,40,93.64,14,1,98.62,69.94,3.46,0),(3322540,73,9,42,90.70,19,1,96.77,68.39,2.18,0),(3322543,73,9,50,91.17,8,1,95.76,50.56,4.32,0),(3322546,73,9,69,90.13,12,1,96.48,38.35,-2.42,0),(3322549,73,9,73,90.38,9,1,96.73,51.34,-1.19,0),(3322570,75,9,1,71.65,85,1,97.65,68.95,4.06,0),(3322573,75,9,4,62.94,85,1,99.46,61.81,-6.94,0),(3322575,75,9,8,57.41,87,1,96.76,57.41,25.40,0),(3322578,75,9,11,50.95,84,1,96.19,43.81,17.55,0),(3322581,75,9,21,64.48,79,1,96.16,57.15,25.47,0),(3322584,75,9,24,63.41,84,1,98.02,61.79,-6.33,0),(3322587,75,9,25,57.91,87,1,95.45,57.91,-6.52,0),(3322590,75,9,26,54.29,81,1,97.14,43.97,1.25,0),(3322593,75,9,27,64.54,87,1,96.31,64.54,15.40,0),(3322596,75,9,28,65.71,84,1,96.16,60.36,12.22,0),(3322599,75,9,29,65.08,84,1,97.52,58.69,2.93,0),(3322602,75,9,31,62.80,84,1,99.37,51.40,-4.76,0),(3322604,75,9,33,68.75,85,1,97.80,66.36,0.91,0),(3322607,75,9,37,56.51,87,1,97.14,56.51,24.97,0),(3322610,75,9,40,69.94,87,1,98.62,69.94,30.02,0),(3322613,75,9,42,72.27,86,1,96.77,68.39,18.16,0),(3322616,75,9,50,67.35,76,1,95.76,50.56,24.08,0),(3322619,75,9,69,38.35,87,1,96.48,38.35,20.88,0),(3322622,75,9,73,57.20,85,1,96.73,51.34,1.35,0),(3322643,76,9,1,93.83,13,1,97.65,68.95,2.30,0),(3322646,76,9,4,96.66,8,1,99.46,61.81,2.36,0),(3322648,76,9,8,90.10,17,1,96.76,57.41,8.90,0),(3322651,76,9,11,92.72,6,1,96.19,43.81,3.56,0),(3322654,76,9,21,89.99,10,1,96.16,57.15,3.65,0),(3322657,76,9,24,93.98,10,1,98.02,61.79,3.21,0),(3322660,76,9,25,89.61,10,1,95.45,57.91,-2.84,0),(3322663,76,9,26,86.28,11,1,97.14,43.97,23.35,0),(3322666,76,9,27,92.93,6,1,96.31,64.54,10.45,0),(3322669,76,9,28,90.57,14,1,96.16,60.36,6.04,0),(3322672,76,9,29,93.89,7,1,97.52,58.69,1.42,0),(3322675,76,9,31,96.60,4,1,99.37,51.40,1.16,0),(3322677,76,9,33,95.35,9,1,97.80,66.36,2.26,0),(3322680,76,9,37,91.19,12,1,97.14,56.51,7.86,0),(3322683,76,9,40,93.77,13,1,98.62,69.94,12.34,0),(3322686,76,9,42,92.59,12,1,96.77,68.39,10.56,0),(3322689,76,9,50,88.81,12,1,95.76,50.56,13.86,0),(3322692,76,9,69,84.12,19,1,96.48,38.35,3.80,0),(3322695,76,9,73,90.05,10,1,96.73,51.34,-8.28,0),(3348116,2,9,1,87.93,43,1,97.65,68.95,3.76,0),(3348119,2,9,4,84.97,61,1,99.46,61.81,-1.74,0),(3348121,2,9,8,87.10,28,1,96.76,57.41,1.88,0),(3348124,2,9,11,68.67,61,1,96.19,43.81,-8.54,0),(3348127,2,9,21,80.90,35,1,96.16,57.15,-5.41,0),(3348130,2,9,24,87.03,32,1,98.02,61.79,-6.60,0),(3348133,2,9,25,77.19,45,1,95.45,57.91,-9.66,0),(3348136,2,9,26,76.49,36,1,97.14,43.97,4.38,0),(3348139,2,9,27,85.01,33,1,96.31,64.54,20.24,0),(3348142,2,9,28,83.03,50,1,96.16,60.36,3.64,0),(3348145,2,9,29,84.97,42,1,97.52,58.69,14.90,0),(3348148,2,9,31,90.36,21,1,99.37,51.40,0.61,0),(3348150,2,9,33,89.62,37,1,97.80,66.36,7.49,0),(3348153,2,9,37,85.80,24,1,97.14,56.51,-0.95,0),(3348156,2,9,40,93.45,15,1,98.62,69.94,6.54,0),(3348159,2,9,42,92.34,14,1,96.77,68.39,3.68,0),(3348162,2,9,50,83.25,23,1,95.76,50.56,7.62,0),(3348165,2,9,69,78.79,29,1,96.48,38.35,1.78,0),(3348168,2,9,73,83.58,35,1,96.73,51.34,0.78,0),(3348189,6,9,1,93.45,16,1,97.65,68.95,4.56,0),(3348192,6,9,4,89.23,38,1,99.46,61.81,-5.69,0),(3348194,6,9,8,89.63,19,1,96.76,57.41,1.16,0),(3348197,6,9,11,87.15,14,1,96.19,43.81,5.66,0),(3348200,6,9,21,85.66,16,1,96.16,57.15,2.54,0),(3348203,6,9,24,92.22,12,1,98.02,61.79,-2.43,0),(3348206,6,9,25,90.26,8,1,95.45,57.91,4.16,0),(3348209,6,9,26,90.51,5,1,97.14,43.97,0.02,0),(3348212,6,9,27,88.29,11,1,96.31,64.54,15.71,0),(3348215,6,9,28,84.42,42,1,96.16,60.36,7.90,0),(3348218,6,9,29,84.79,43,1,97.52,58.69,10.92,0),(3348221,6,9,31,91.03,19,1,99.37,51.40,6.70,0),(3348223,6,9,33,91.80,21,1,97.80,66.36,-0.91,0),(3348226,6,9,37,85.07,28,1,97.14,56.51,-2.24,0),(3348229,6,9,40,90.64,30,1,98.62,69.94,11.20,0),(3348232,6,9,42,92.39,13,1,96.77,68.39,-0.40,0),(3348235,6,9,50,79.35,37,1,95.76,50.56,3.98,0),(3348238,6,9,69,75.13,39,1,96.48,38.35,9.10,0),(3348241,6,9,73,82.16,44,1,96.73,51.34,6.59,0),(3348262,7,9,1,85.33,58,1,97.65,68.95,2.80,0),(3348265,7,9,4,87.91,47,1,99.46,61.81,-2.27,0),(3348267,7,9,8,80.57,53,1,96.76,57.41,-6.82,0),(3348270,7,9,11,66.57,69,1,96.19,43.81,-0.48,0),(3348273,7,9,21,74.66,56,1,96.16,57.15,1.00,0),(3348276,7,9,24,82.58,55,1,98.02,61.79,-14.45,0),(3348279,7,9,25,74.09,60,1,95.45,57.91,-7.16,0),(3348282,7,9,26,63.61,66,1,97.14,43.97,-4.88,0),(3348285,7,9,27,77.97,67,1,96.31,64.54,13.20,0),(3348288,7,9,28,75.18,67,1,96.16,60.36,-5.10,0),(3348291,7,9,29,76.58,70,1,97.52,58.69,11.42,0),(3348294,7,9,31,81.49,47,1,99.37,51.40,-4.54,0),(3348296,7,9,33,86.18,55,1,97.80,66.36,-4.94,0),(3348299,7,9,37,78.52,59,1,97.14,56.51,-10.87,0),(3348302,7,9,40,86.82,56,1,98.62,69.94,5.86,0),(3348305,7,9,42,85.07,49,1,96.77,68.39,-0.56,0),(3348308,7,9,50,75.43,54,1,95.76,50.56,2.84,0),(3348311,7,9,69,67.06,60,1,96.48,38.35,2.48,0),(3348314,7,9,73,82.69,40,1,96.73,51.34,-11.80,0),(3348335,12,9,1,79.97,72,1,97.65,68.95,1.14,0),(3348338,12,9,4,80.45,68,1,99.46,61.81,3.62,0),(3348340,12,9,8,79.48,58,1,96.76,57.41,7.40,0),(3348343,12,9,11,71.51,51,1,96.19,43.81,1.46,0),(3348346,12,9,21,66.13,78,1,96.16,57.15,-5.23,0),(3348349,12,9,24,84.43,50,1,98.02,61.79,10.87,0),(3348352,12,9,25,66.99,77,1,95.45,57.91,-20.26,0),(3348355,12,9,26,60.77,71,1,97.14,43.97,-2.39,0),(3348358,12,9,27,77.95,68,1,96.31,64.54,11.74,0),(3348361,12,9,28,71.45,73,1,96.16,60.36,2.96,0),(3348364,12,9,29,71.04,78,1,97.52,58.69,15.50,0),(3348367,12,9,31,71.45,67,1,99.37,51.40,2.50,0),(3348369,12,9,33,82.58,71,1,97.80,66.36,8.23,0),(3348372,12,9,37,71.99,72,1,97.14,56.51,11.99,0),(3348375,12,9,40,84.60,65,1,98.62,69.94,16.34,0),(3348378,12,9,42,84.47,53,1,96.77,68.39,2.30,0),(3348381,12,9,50,68.00,75,1,95.76,50.56,8.36,0),(3348384,12,9,69,57.64,76,1,96.48,38.35,5.78,0),(3348387,12,9,73,66.61,78,1,96.73,51.34,-2.72,0),(3348408,18,9,1,81.07,69,1,97.65,68.95,0.00,0),(3348411,18,9,4,79.02,74,1,99.46,61.81,0.00,0),(3348413,18,9,8,83.29,43,1,96.76,57.41,0.00,0),(3348416,18,9,11,72.87,48,1,96.19,43.81,0.00,0),(3348419,18,9,21,78.00,46,1,96.16,57.15,0.00,0),(3348422,18,9,24,85.65,40,1,98.02,61.79,0.00,0),(3348425,18,9,25,69.88,69,1,95.45,57.91,0.00,0),(3348428,18,9,26,72.28,44,1,97.14,43.97,0.00,0),(3348431,18,9,27,77.75,70,1,96.31,64.54,0.00,0),(3348434,18,9,28,75.95,65,1,96.16,60.36,0.00,0),(3348437,18,9,29,79.15,67,1,97.52,58.69,0.00,0),(3348440,18,9,31,69.82,71,1,99.37,51.40,0.00,0),(3348442,18,9,33,87.78,47,1,97.80,66.36,0.00,0),(3348445,18,9,37,83.19,42,1,97.14,56.51,0.00,0),(3348448,18,9,40,86.90,55,1,98.62,69.94,0.00,0),(3348451,18,9,42,82.63,66,1,96.77,68.39,0.00,0),(3348454,18,9,50,79.97,33,1,95.76,50.56,0.00,0),(3348457,18,9,69,77.06,36,1,96.48,38.35,0.00,0),(3348460,18,9,73,73.15,68,1,96.73,51.34,0.00,0),(3348481,25,9,1,95.79,6,1,97.65,68.95,5.68,0),(3348484,25,9,4,97.55,6,1,99.46,61.81,6.67,0),(3348486,25,9,8,90.06,18,1,96.76,57.41,11.00,0),(3348489,25,9,11,80.25,22,1,96.19,43.81,3.32,0),(3348492,25,9,21,93.06,6,1,96.16,57.15,4.57,0),(3348495,25,9,24,97.05,4,1,98.02,61.79,2.16,0),(3348498,25,9,25,93.62,4,1,95.45,57.91,8.08,0),(3348501,25,9,26,90.95,4,1,97.14,43.97,15.61,0),(3348504,25,9,27,91.21,8,1,96.31,64.54,17.63,0),(3348507,25,9,28,94.63,6,1,96.16,60.36,2.54,0),(3348510,25,9,29,92.67,8,1,97.52,58.69,3.94,0),(3348513,25,9,31,93.25,11,1,99.37,51.40,11.23,0),(3348515,25,9,33,95.68,8,1,97.80,66.36,9.47,0),(3348518,25,9,37,92.39,7,1,97.14,56.51,10.62,0),(3348521,25,9,40,96.23,6,1,98.62,69.94,6.86,0),(3348524,25,9,42,95.29,5,1,96.77,68.39,2.08,0),(3348527,25,9,50,90.55,9,1,95.76,50.56,9.62,0),(3348530,25,9,69,87.03,17,1,96.48,38.35,4.36,0),(3348533,25,9,73,95.14,4,1,96.73,51.34,-2.81,0),(3348554,30,9,1,77.21,75,1,97.65,68.95,7.84,0),(3348557,30,9,4,75.72,76,1,99.46,61.81,5.19,0),(3348559,30,9,8,76.19,71,1,96.76,57.41,-0.60,0),(3348562,30,9,11,68.33,62,1,96.19,43.81,4.05,0),(3348565,30,9,21,68.44,71,1,96.16,57.15,-2.87,0),(3348568,30,9,24,69.09,79,1,98.02,61.79,-6.86,0),(3348571,30,9,25,68.37,74,1,95.45,57.91,-6.46,0),(3348574,30,9,26,60.44,73,1,97.14,43.97,-7.68,0),(3348577,30,9,27,77.91,69,1,96.31,64.54,9.07,0),(3348580,30,9,28,65.95,82,1,96.16,60.36,0.34,0),(3348583,30,9,29,73.13,75,1,97.52,58.69,11.86,0),(3348586,30,9,31,69.79,72,1,99.37,51.40,7.30,0),(3348588,30,9,33,82.88,70,1,97.80,66.36,2.58,0),(3348591,30,9,37,69.72,76,1,97.14,56.51,8.47,0),(3348594,30,9,40,74.22,83,1,98.62,69.94,4.74,0),(3348597,30,9,42,79.91,76,1,96.77,68.39,12.48,0),(3348600,30,9,50,70.61,71,1,95.76,50.56,8.14,0),(3348603,30,9,69,69.18,58,1,96.48,38.35,11.40,0),(3348606,30,9,73,63.76,81,1,96.73,51.34,13.50,0),(3348627,38,9,1,79.47,73,1,97.65,68.95,5.12,0),(3348630,38,9,4,84.92,62,1,99.46,61.81,9.31,0),(3348632,38,9,8,80.83,52,1,96.76,57.41,8.51,0),(3348635,38,9,11,75.68,37,1,96.19,43.81,-7.32,0),(3348638,38,9,21,67.90,74,1,96.16,57.15,6.19,0),(3348641,38,9,24,75.76,71,1,98.02,61.79,-14.43,0),(3348644,38,9,25,77.35,44,1,95.45,57.91,-5.76,0),(3348647,38,9,26,64.67,62,1,97.14,43.97,9.54,0),(3348650,38,9,27,79.38,60,1,96.31,64.54,16.64,0),(3348653,38,9,28,72.02,72,1,96.16,60.36,14.70,0),(3348656,38,9,29,78.92,68,1,97.52,58.69,17.16,0),(3348659,38,9,31,81.47,48,1,99.37,51.40,-8.90,0),(3348661,38,9,33,87.23,51,1,97.80,66.36,5.85,0),(3348664,38,9,37,78.71,58,1,97.14,56.51,-3.65,0),(3348667,38,9,40,82.63,71,1,98.62,69.94,8.60,0),(3348670,38,9,42,86.61,36,1,96.77,68.39,1.38,0),(3348673,38,9,50,73.51,62,1,95.76,50.56,13.24,0),(3348676,38,9,69,87.34,15,1,96.48,38.35,6.48,0),(3348679,38,9,73,70.11,75,1,96.73,51.34,15.68,0),(3348700,40,9,1,91.65,22,1,97.65,68.95,0.08,0),(3348703,40,9,4,88.02,46,1,99.46,61.81,-4.72,0),(3348705,40,9,8,91.41,10,1,96.76,57.41,1.60,0),(3348708,40,9,11,74.48,42,1,96.19,43.81,8.86,0),(3348711,40,9,21,84.33,20,1,96.16,57.15,2.42,0),(3348714,40,9,24,86.86,33,1,98.02,61.79,-10.26,0),(3348717,40,9,25,81.78,27,1,95.45,57.91,2.94,0),(3348720,40,9,26,86.52,10,1,97.14,43.97,13.27,0),(3348723,40,9,27,84.17,35,1,96.31,64.54,18.94,0),(3348726,40,9,28,78.25,61,1,96.16,60.36,1.66,0),(3348729,40,9,29,80.75,58,1,97.52,58.69,5.86,0),(3348732,40,9,31,91.88,15,1,99.37,51.40,-0.81,0),(3348734,40,9,33,88.68,43,1,97.80,66.36,3.15,0),(3348737,40,9,37,84.70,32,1,97.14,56.51,-10.42,0),(3348740,40,9,40,93.28,16,1,98.62,69.94,7.94,0),(3348743,40,9,42,89.48,29,1,96.77,68.39,3.28,0),(3348746,40,9,50,80.29,31,1,95.76,50.56,-7.28,0),(3348749,40,9,69,78.25,30,1,96.48,38.35,9.18,0),(3348752,40,9,73,85.50,20,1,96.73,51.34,-3.76,0),(3348773,44,9,1,73.99,81,1,97.65,68.95,12.58,0),(3348776,44,9,4,74.87,77,1,99.46,61.81,5.68,0),(3348778,44,9,8,71.83,81,1,96.76,57.41,2.66,0),(3348781,44,9,11,43.83,86,1,96.19,43.81,23.02,0),(3348784,44,9,21,58.59,83,1,96.16,57.15,-10.35,0),(3348787,44,9,24,64.17,83,1,98.02,61.79,-14.02,0),(3348790,44,9,25,60.36,83,1,95.45,57.91,-29.20,0),(3348793,44,9,26,52.29,84,1,97.14,43.97,-4.28,0),(3348796,44,9,27,65.28,86,1,96.31,64.54,7.98,0),(3348799,44,9,28,67.87,79,1,96.16,60.36,4.28,0),(3348802,44,9,29,64.07,85,1,97.52,58.69,25.52,0),(3348805,44,9,31,67.55,79,1,99.37,51.40,-13.95,0),(3348807,44,9,33,75.12,83,1,97.80,66.36,-3.94,0),(3348810,44,9,37,64.11,81,1,97.14,56.51,-0.06,0),(3348813,44,9,40,76.17,79,1,98.62,69.94,20.40,0),(3348816,44,9,42,76.99,79,1,96.77,68.39,21.40,0),(3348819,44,9,50,57.58,84,1,95.76,50.56,-3.72,0),(3348822,44,9,69,47.47,84,1,96.48,38.35,17.40,0),(3348825,44,9,73,71.83,70,1,96.73,51.34,-13.74,0),(3348846,48,9,1,74.16,80,1,97.65,68.95,3.46,0),(3348849,48,9,4,80.64,67,1,99.46,61.81,5.95,0),(3348851,48,9,8,73.70,77,1,96.76,57.41,2.08,0),(3348854,48,9,11,58.25,82,1,96.19,43.81,14.46,0),(3348857,48,9,21,62.91,80,1,96.16,57.15,-7.73,0),(3348860,48,9,24,69.24,78,1,98.02,61.79,-13.72,0),(3348863,48,9,25,68.56,73,1,95.45,57.91,1.38,0),(3348866,48,9,26,53.38,82,1,97.14,43.97,-0.12,0),(3348869,48,9,27,70.81,79,1,96.31,64.54,23.68,0),(3348872,48,9,28,68.93,77,1,96.16,60.36,7.32,0),(3348875,48,9,29,72.49,76,1,97.52,58.69,19.08,0),(3348878,48,9,31,61.98,85,1,99.37,51.40,7.15,0),(3348880,48,9,33,81.71,75,1,97.80,66.36,2.92,0),(3348883,48,9,37,68.25,78,1,97.14,56.51,4.30,0),(3348886,48,9,40,75.00,81,1,98.62,69.94,9.86,0),(3348889,48,9,42,83.24,62,1,96.77,68.39,4.54,0),(3348892,48,9,50,68.22,74,1,95.76,50.56,8.78,0),(3348895,48,9,69,49.41,82,1,96.48,38.35,11.06,0),(3348898,48,9,73,65.73,79,1,96.73,51.34,-2.02,0),(3348919,51,9,1,92.47,19,1,97.65,68.95,7.50,0),(3348922,51,9,4,93.56,18,1,99.46,61.81,3.79,0),(3348924,51,9,8,90.18,16,1,96.76,57.41,8.45,0),(3348927,51,9,11,75.47,39,1,96.19,43.81,22.22,0),(3348930,51,9,21,83.24,25,1,96.16,57.15,4.66,0),(3348933,51,9,24,88.59,24,1,98.02,61.79,6.50,0),(3348936,51,9,25,86.91,15,1,95.45,57.91,11.56,0),(3348939,51,9,26,80.04,25,1,97.14,43.97,12.68,0),(3348942,51,9,27,86.04,24,1,96.31,64.54,22.62,0),(3348945,51,9,28,86.39,26,1,96.16,60.36,15.46,0),(3348948,51,9,29,89.21,21,1,97.52,58.69,12.32,0),(3348951,51,9,31,81.65,46,1,99.37,51.40,14.90,0),(3348953,51,9,33,89.69,36,1,97.80,66.36,9.62,0),(3348956,51,9,37,87.42,20,1,97.14,56.51,9.80,0),(3348959,51,9,40,93.09,17,1,98.62,69.94,4.18,0),(3348962,51,9,42,90.64,20,1,96.77,68.39,13.62,0),(3348965,51,9,50,85.71,17,1,95.76,50.56,21.28,0),(3348968,51,9,69,73.12,47,1,96.48,38.35,23.78,0),(3348971,51,9,73,84.00,30,1,96.73,51.34,8.06,0),(3348992,54,9,1,89.67,31,1,97.65,68.95,4.52,0),(3348995,54,9,4,89.30,37,1,99.46,61.81,2.44,0),(3348997,54,9,8,88.81,22,1,96.76,57.41,5.32,0),(3349000,54,9,11,72.65,50,1,96.19,43.81,-2.70,0),(3349003,54,9,21,79.21,42,1,96.16,57.15,1.39,0),(3349006,54,9,24,85.09,45,1,98.02,61.79,1.68,0),(3349009,54,9,25,74.91,57,1,95.45,57.91,-16.24,0),(3349012,54,9,26,71.63,48,1,97.14,43.97,2.91,0),(3349015,54,9,27,84.58,34,1,96.31,64.54,21.12,0),(3349018,54,9,28,82.96,51,1,96.16,60.36,7.82,0),(3349021,54,9,29,85.37,38,1,97.52,58.69,13.98,0),(3349024,54,9,31,83.72,38,1,99.37,51.40,-10.44,0),(3349026,54,9,33,87.42,48,1,97.80,66.36,7.23,0),(3349029,54,9,37,82.95,44,1,97.14,56.51,9.14,0),(3349032,54,9,40,92.73,20,1,98.62,69.94,2.12,0),(3349035,54,9,42,91.86,16,1,96.77,68.39,1.60,0),(3349038,54,9,50,78.59,41,1,95.76,50.56,6.96,0),(3349041,54,9,69,82.01,22,1,96.48,38.35,12.58,0),(3349044,54,9,73,85.88,18,1,96.73,51.34,3.79,0),(3349065,59,9,1,73.06,82,1,97.65,68.95,9.56,0),(3349068,59,9,4,65.00,84,1,99.46,61.81,10.23,0),(3349070,59,9,8,76.53,69,1,96.76,57.41,0.53,0),(3349073,59,9,11,43.81,87,1,96.19,43.81,3.90,0),(3349076,59,9,21,57.49,85,1,96.16,57.15,-1.78,0),(3349079,59,9,24,77.09,70,1,98.02,61.79,-1.92,0),(3349082,59,9,25,59.15,85,1,95.45,57.91,-14.60,0),(3349085,59,9,26,54.49,80,1,97.14,43.97,4.01,0),(3349088,59,9,27,70.63,80,1,96.31,64.54,42.85,0),(3349091,59,9,28,65.94,83,1,96.16,60.36,20.98,0),(3349094,59,9,29,60.84,86,1,97.52,58.69,5.76,0),(3349097,59,9,31,64.88,82,1,99.37,51.40,-15.68,0),(3349099,59,9,33,79.70,78,1,97.80,66.36,-9.16,0),(3349102,59,9,37,70.27,73,1,97.14,56.51,14.80,0),(3349105,59,9,40,74.15,84,1,98.62,69.94,18.06,0),(3349108,59,9,42,85.09,48,1,96.77,68.39,14.14,0),(3349111,59,9,50,62.69,80,1,95.76,50.56,20.26,0),(3349114,59,9,69,41.58,86,1,96.48,38.35,-0.76,0),(3349117,59,9,73,66.94,77,1,96.73,51.34,-17.13,0),(3349138,64,9,1,76.02,76,1,97.65,68.95,6.52,0),(3349141,64,9,4,79.53,71,1,99.46,61.81,6.90,0),(3349143,64,9,8,81.42,50,1,96.76,57.41,1.50,0),(3349146,64,9,11,77.24,31,1,96.19,43.81,-14.14,0),(3349149,64,9,21,66.32,77,1,96.16,57.15,-5.43,0),(3349152,64,9,24,72.50,76,1,98.02,61.79,-8.39,0),(3349155,64,9,25,66.73,78,1,95.45,57.91,-31.08,0),(3349158,64,9,26,50.48,85,1,97.14,43.97,-3.63,0),(3349161,64,9,27,78.47,65,1,96.31,64.54,23.66,0),(3349164,64,9,28,74.44,70,1,96.16,60.36,2.66,0),(3349167,64,9,29,71.41,77,1,97.52,58.69,14.28,0),(3349170,64,9,31,70.36,69,1,99.37,51.40,-8.65,0),(3349172,64,9,33,85.92,56,1,97.80,66.36,1.24,0),(3349175,64,9,37,62.86,83,1,97.14,56.51,-3.57,0),(3349178,64,9,40,84.98,61,1,98.62,69.94,13.86,0),(3349181,64,9,42,86.36,38,1,96.77,68.39,5.92,0),(3349184,64,9,50,65.99,79,1,95.76,50.56,1.50,0),(3349187,64,9,69,63.53,67,1,96.48,38.35,7.24,0),(3349190,64,9,73,73.66,67,1,96.73,51.34,0.23,0),(3349211,67,9,1,75.61,77,1,97.65,68.95,-0.38,0),(3349214,67,9,4,68.72,82,1,99.46,61.81,-3.65,0),(3349216,67,9,8,79.87,55,1,96.76,57.41,-2.94,0),(3349219,67,9,11,50.05,85,1,96.19,43.81,6.06,0),(3349222,67,9,21,68.65,70,1,96.16,57.15,-16.84,0),(3349225,67,9,24,74.93,72,1,98.02,61.79,-4.66,0),(3349228,67,9,25,65.17,80,1,95.45,57.91,-2.88,0),(3349231,67,9,26,56.89,76,1,97.14,43.97,-2.79,0),(3349234,67,9,27,71.68,77,1,96.31,64.54,15.44,0),(3349237,67,9,28,67.24,80,1,96.16,60.36,10.98,0),(3349240,67,9,29,68.75,81,1,97.52,58.69,17.12,0),(3349243,67,9,31,68.57,76,1,99.37,51.40,-8.78,0),(3349245,67,9,33,78.02,81,1,97.80,66.36,9.00,0),(3349248,67,9,37,68.91,77,1,97.14,56.51,14.06,0),(3349251,67,9,40,80.01,75,1,98.62,69.94,14.70,0),(3349254,67,9,42,80.09,75,1,96.77,68.39,20.72,0),(3349257,67,9,50,66.81,78,1,95.76,50.56,3.34,0),(3349260,67,9,69,47.78,83,1,96.48,38.35,7.02,0),(3349263,67,9,73,62.16,83,1,96.73,51.34,-6.06,0),(3349284,68,9,1,95.97,5,1,97.65,68.95,5.02,0),(3349287,68,9,4,98.99,2,1,99.46,61.81,6.92,0),(3349289,68,9,8,96.76,1,1,96.76,57.41,-0.07,0),(3349292,68,9,11,94.89,4,1,96.19,43.81,3.41,0),(3349295,68,9,21,94.84,2,1,96.16,57.15,-0.13,0),(3349298,68,9,24,97.41,3,1,98.02,61.79,-1.05,0),(3349301,68,9,25,94.73,2,1,95.45,57.91,-3.62,0),(3349304,68,9,26,91.23,3,1,97.14,43.97,1.63,0),(3349307,68,9,27,94.71,3,1,96.31,64.54,10.61,0),(3349310,68,9,28,94.75,5,1,96.16,60.36,1.68,0),(3349313,68,9,29,94.95,3,1,97.52,58.69,1.42,0),(3349316,68,9,31,96.05,5,1,99.37,51.40,-0.34,0),(3349318,68,9,33,96.80,6,1,97.80,66.36,3.51,0),(3349321,68,9,37,93.92,6,1,97.14,56.51,2.12,0),(3349324,68,9,40,98.62,1,1,98.62,69.94,1.98,0),(3349327,68,9,42,95.78,2,1,96.77,68.39,3.06,0),(3349330,68,9,50,93.82,5,1,95.76,50.56,0.18,0),(3349333,68,9,69,93.24,7,1,96.48,38.35,2.98,0),(3349336,68,9,73,93.00,7,1,96.73,51.34,2.53,0),(3349357,70,9,1,72.67,83,1,97.65,68.95,11.50,0),(3349360,70,9,4,66.68,83,1,99.46,61.81,9.64,0),(3349362,70,9,8,82.24,49,1,96.76,57.41,2.94,0),(3349365,70,9,11,69.44,56,1,96.19,43.81,17.35,0),(3349368,70,9,21,57.15,87,1,96.16,57.15,10.67,0),(3349371,70,9,24,66.76,82,1,98.02,61.79,-14.13,0),(3349374,70,9,25,63.05,82,1,95.45,57.91,-21.20,0),(3349377,70,9,26,56.18,78,1,97.14,43.97,1.34,0),(3349380,70,9,27,72.57,76,1,96.31,64.54,17.21,0),(3349383,70,9,28,69.27,76,1,96.16,60.36,8.98,0),(3349386,70,9,29,70.49,79,1,97.52,58.69,18.72,0),(3349389,70,9,31,69.50,74,1,99.37,51.40,21.79,0),(3349391,70,9,33,79.44,79,1,97.80,66.36,-3.92,0),(3349394,70,9,37,69.87,75,1,97.14,56.51,1.21,0),(3349397,70,9,40,78.75,77,1,98.62,69.94,8.12,0),(3349400,70,9,42,76.71,80,1,96.77,68.39,33.06,0),(3349403,70,9,50,58.58,82,1,95.76,50.56,2.12,0),(3349406,70,9,69,45.79,85,1,96.48,38.35,31.78,0),(3349409,70,9,73,51.34,87,1,96.73,51.34,29.17,0),(3349430,71,9,1,85.81,56,1,97.65,68.95,5.60,0),(3349433,71,9,4,93.55,20,1,99.46,61.81,8.82,0),(3349435,71,9,8,87.90,26,1,96.76,57.41,0.67,0),(3349438,71,9,11,87.26,13,1,96.19,43.81,-7.44,0),(3349441,71,9,21,76.25,52,1,96.16,57.15,0.84,0),(3349444,71,9,24,85.09,45,1,98.02,61.79,-9.53,0),(3349447,71,9,25,74.23,59,1,95.45,57.91,-11.98,0),(3349450,71,9,26,65.77,59,1,97.14,43.97,-1.51,0),(3349453,71,9,27,83.66,36,1,96.31,64.54,19.92,0),(3349456,71,9,28,80.21,58,1,96.16,60.36,0.92,0),(3349459,71,9,29,76.57,71,1,97.52,58.69,8.62,0),(3349462,71,9,31,78.50,57,1,99.37,51.40,-4.39,0),(3349464,71,9,33,85.30,58,1,97.80,66.36,2.94,0),(3349467,71,9,37,81.24,50,1,97.14,56.51,3.91,0),(3349470,71,9,40,88.36,43,1,98.62,69.94,10.92,0),(3349473,71,9,42,86.26,41,1,96.77,68.39,18.96,0),(3349476,71,9,50,77.42,44,1,95.76,50.56,9.16,0),(3349479,71,9,69,77.35,34,1,96.48,38.35,9.92,0),(3349482,71,9,73,74.86,63,1,96.73,51.34,6.15,0),(3349503,74,9,1,69.20,86,1,97.65,68.95,-4.24,0),(3349506,74,9,4,74.16,78,1,99.46,61.81,-4.81,0),(3349508,74,9,8,83.32,42,1,96.76,57.41,3.42,0),(3349511,74,9,11,67.27,65,1,96.19,43.81,-20.88,0),(3349514,74,9,21,57.47,86,1,96.16,57.15,-8.59,0),(3349517,74,9,24,67.34,81,1,98.02,61.79,-21.90,0),(3349520,74,9,25,63.65,81,1,95.45,57.91,-1.16,0),(3349523,74,9,26,50.46,86,1,97.14,43.97,-3.29,0),(3349526,74,9,27,67.54,85,1,96.31,64.54,10.29,0),(3349529,74,9,28,68.12,78,1,96.16,60.36,5.94,0),(3349532,74,9,29,58.69,87,1,97.52,58.69,19.36,0),(3349535,74,9,31,72.14,66,1,99.37,51.40,-9.96,0),(3349537,74,9,33,84.78,61,1,97.80,66.36,-4.28,0),(3349540,74,9,37,65.41,80,1,97.14,56.51,-11.51,0),(3349543,74,9,40,79.75,76,1,98.62,69.94,14.32,0),(3349546,74,9,42,80.95,73,1,96.77,68.39,1.84,0),(3349549,74,9,50,53.69,86,1,95.76,50.56,8.78,0),(3349552,74,9,69,55.91,79,1,96.48,38.35,8.16,0),(3349555,74,9,73,71.94,69,1,96.73,51.34,-11.52,0),(3349576,83,9,1,88.65,38,1,97.65,68.95,10.76,0),(3349579,83,9,4,93.56,18,1,99.46,61.81,12.19,0),(3349581,83,9,8,92.20,7,1,96.76,57.41,3.19,0),(3349584,83,9,11,91.60,9,1,96.19,43.81,10.35,0),(3349587,83,9,21,82.01,29,1,96.16,57.15,1.03,0),(3349590,83,9,24,86.52,34,1,98.02,61.79,3.14,0),(3349593,83,9,25,83.55,22,1,95.45,57.91,2.96,0),(3349596,83,9,26,79.62,29,1,97.14,43.97,16.30,0),(3349599,83,9,27,85.84,26,1,96.31,64.54,20.61,0),(3349602,83,9,28,85.75,32,1,96.16,60.36,12.90,0),(3349605,83,9,29,85.74,36,1,97.52,58.69,16.06,0),(3349608,83,9,31,85.35,35,1,99.37,51.40,-1.86,0),(3349610,83,9,33,91.02,25,1,97.80,66.36,4.80,0),(3349613,83,9,37,82.91,45,1,97.14,56.51,7.93,0),(3349616,83,9,40,94.47,9,1,98.62,69.94,6.98,0),(3349619,83,9,42,88.94,30,1,96.77,68.39,7.40,0),(3349622,83,9,50,78.29,42,1,95.76,50.56,2.82,0),(3349625,83,9,69,69.45,55,1,96.48,38.35,9.56,0),(3349628,83,9,73,85.12,22,1,96.73,51.34,-6.74,0),(3349649,87,9,1,94.05,11,1,97.65,68.95,2.64,0),(3349652,87,9,4,98.68,3,1,99.46,61.81,5.64,0),(3349654,87,9,8,95.65,2,1,96.76,57.41,2.76,0),(3349657,87,9,11,89.58,12,1,96.19,43.81,-5.85,0),(3349660,87,9,21,92.52,7,1,96.16,57.15,7.25,0),(3349663,87,9,24,96.73,5,1,98.02,61.79,-0.06,0),(3349666,87,9,25,87.01,14,1,95.45,57.91,7.40,0),(3349669,87,9,26,85.44,13,1,97.14,43.97,10.86,0),(3349672,87,9,27,86.73,19,1,96.31,64.54,25.74,0),(3349675,87,9,28,90.12,15,1,96.16,60.36,11.68,0),(3349678,87,9,29,91.56,10,1,97.52,58.69,9.20,0),(3349681,87,9,31,95.74,6,1,99.37,51.40,1.36,0),(3349683,87,9,33,93.15,15,1,97.80,66.36,3.94,0),(3349686,87,9,37,90.53,15,1,97.14,56.51,11.64,0),(3349689,87,9,40,94.99,8,1,98.62,69.94,4.94,0),(3349692,87,9,42,92.62,11,1,96.77,68.39,7.20,0),(3349695,87,9,50,89.01,11,1,95.76,50.56,10.24,0),(3349698,87,9,69,90.84,11,1,96.48,38.35,8.00,0),(3349701,87,9,73,89.94,12,1,96.73,51.34,7.72,0);

--
-- Table structure for table `short_codes`
--

CREATE TABLE `short_codes` (
  `id` int(10) unsigned NOT NULL,
  `code` varchar(40) NOT NULL,
  `variable` varchar(40) NOT NULL,
  PRIMARY KEY (`id`)
) ENGINE=InnoDB DEFAULT CHARSET=latin1 ROW_FORMAT=COMPACT;

--
-- Dumping data for table `short_codes`
--


--
-- Table structure for table `skills`
--

CREATE TABLE `skills` (
  `id` int(10) unsigned NOT NULL AUTO_INCREMENT,
  `skill` varchar(50) NOT NULL,
  `type` varchar(20) NOT NULL,
  PRIMARY KEY (`id`),
  UNIQUE KEY `Unique skill and type` (`skill`,`type`)
) ENGINE=InnoDB AUTO_INCREMENT=20 DEFAULT CHARSET=latin1 ROW_FORMAT=COMPACT;

--
-- Dumping data for table `skills`
--

INSERT INTO `skills` VALUES (19,'Attentiveness','psyco'),(18,'Class Attendance','psyco'),(17,'Generosity in Service of Others ','psyco'),(7,'Initiative','affect'),(11,'Neatness','affect'),(10,'Punctuality','psyco'),(14,'Relationship with other students','affect'),(16,'Relationship with Staff','affect'),(5,'Responsibility in Doing Assignments','psyco'),(15,'Self Control','affect');

--
-- Table structure for table `skills_performance`
--

CREATE TABLE `skills_performance` (
  `id` int(10) unsigned NOT NULL AUTO_INCREMENT,
  `student_id` int(11) NOT NULL,
  `skill_id` int(11) NOT NULL,
  `grade_id` int(11) DEFAULT NULL,
  `term_id` int(11) NOT NULL,
  PRIMARY KEY (`id`),
  UNIQUE KEY `Unique student Term` (`student_id`,`term_id`,`skill_id`)
) ENGINE=InnoDB AUTO_INCREMENT=11 DEFAULT CHARSET=latin1 ROW_FORMAT=COMPACT;

--
-- Dumping data for table `skills_performance`
--

INSERT INTO `skills_performance` VALUES (1,1,9,5,26),(2,1,4,4,26),(3,1,2,3,26),(4,1,5,2,26),(5,1,3,1,26),(6,1,13,4,26),(7,1,22,5,26),(8,1,23,4,26),(9,1,10,3,26),(10,1,15,5,26);

--
-- Table structure for table `sms`
--

CREATE TABLE `sms` (
  `id` int(10) unsigned NOT NULL AUTO_INCREMENT,
  `sender` varchar(60) NOT NULL,
  `mobile` varchar(800) NOT NULL,
  `title` varchar(11) NOT NULL,
  `message` varchar(700) NOT NULL,
  `recipient` varchar(30) DEFAULT NULL,
  `dateTime` datetime NOT NULL DEFAULT '0000-00-00 00:00:00',
  PRIMARY KEY (`id`)
) ENGINE=InnoDB DEFAULT CHARSET=latin1 ROW_FORMAT=COMPACT;

--
-- Dumping data for table `sms`
--


--
-- Table structure for table `sms_templates`
--

CREATE TABLE `sms_templates` (
  `id` int(10) unsigned NOT NULL AUTO_INCREMENT,
  `title` varchar(50) NOT NULL,
  `message` varchar(400) NOT NULL,
  PRIMARY KEY (`id`)
) ENGINE=InnoDB DEFAULT CHARSET=latin1 ROW_FORMAT=COMPACT;

--
-- Dumping data for table `sms_templates`
--


--
-- Table structure for table `special_performances`
--

CREATE TABLE `special_performances` (
  `id` bigint(20) unsigned NOT NULL AUTO_INCREMENT,
  `class_id` bigint(20) NOT NULL,
  `max_grade` int(11) NOT NULL,
  PRIMARY KEY (`id`),
  UNIQUE KEY `Unique class` (`class_id`)
) ENGINE=InnoDB DEFAULT CHARSET=latin1 ROW_FORMAT=COMPACT;

--
-- Dumping data for table `special_performances`
--


--
-- Table structure for table `staff_apprasial`
--

CREATE TABLE `staff_apprasial` (
  `id` int(11) NOT NULL AUTO_INCREMENT,
  `emloyee_id` int(11) NOT NULL,
  `date` date NOT NULL,
  `comment` varchar(700) NOT NULL,
  `patron` varchar(60) DEFAULT NULL,
  PRIMARY KEY (`id`)
) ENGINE=InnoDB DEFAULT CHARSET=latin1 ROW_FORMAT=COMPACT;

--
-- Dumping data for table `staff_apprasial`
--


--
-- Table structure for table `stock`
--

CREATE TABLE `stock` (
  `id` int(10) unsigned NOT NULL,
  `item_id` int(10) NOT NULL,
  `type` enum('sub','add') NOT NULL,
  `qty` int(11) NOT NULL DEFAULT '0',
  `employee_id` int(11) DEFAULT NULL,
  `student_id` int(11) DEFAULT NULL,
  `client` varchar(255) DEFAULT NULL,
  `details` varchar(255) NOT NULL,
  `patron` varchar(255) NOT NULL,
  `dateTime` datetime NOT NULL DEFAULT '0000-00-00 00:00:00',
  `cur_qty` int(11) DEFAULT NULL,
  PRIMARY KEY (`id`)
) ENGINE=InnoDB DEFAULT CHARSET=latin1 ROW_FORMAT=COMPACT;

--
-- Dumping data for table `stock`
--


--
-- Table structure for table `student_credit_history`
--

CREATE TABLE `student_credit_history` (
  `id` int(11) unsigned NOT NULL AUTO_INCREMENT,
  `ref_code` varchar(40) CHARACTER SET utf8 DEFAULT NULL,
  `dateTime` timestamp NOT NULL DEFAULT CURRENT_TIMESTAMP,
  `amount` double(9,2) DEFAULT NULL,
  `balance` double(9,2) DEFAULT NULL,
  `debit_id` int(11) DEFAULT NULL,
  `student_id` int(11) DEFAULT NULL,
  `term_id` int(11) DEFAULT NULL,
  `action` enum('credit','debit') CHARACTER SET utf8 DEFAULT 'credit',
  `remarks` varchar(200) DEFAULT 'Cash received',
  `channel` varchar(20) NOT NULL DEFAULT 'Monnify',
  `method` enum('card','bank','transfer','NUBAN') NOT NULL DEFAULT 'NUBAN',
  PRIMARY KEY (`id`),
  UNIQUE KEY `ref_code` (`ref_code`),
  UNIQUE KEY `ref_code_2` (`ref_code`,`student_id`)
) ENGINE=InnoDB AUTO_INCREMENT=2 DEFAULT CHARSET=latin1 ROW_FORMAT=COMPACT;

--
-- Dumping data for table `student_credit_history`
--

INSERT INTO `student_credit_history` VALUES (1,'MNFY|80|20221112075512|075243','2022-11-12 07:55:19',2000.00,2000.00,NULL,94,29,'credit','WALLET FUNDED via Monnify NUBAN','Monnify','NUBAN');

--
-- Table structure for table `student_credits`
--

CREATE TABLE `student_credits` (
  `id` int(11) unsigned NOT NULL AUTO_INCREMENT,
  `student_id` int(11) NOT NULL,
  `amount` double(11,2) NOT NULL DEFAULT '0.00',
  PRIMARY KEY (`id`),
  UNIQUE KEY `student_id` (`student_id`)
) ENGINE=InnoDB AUTO_INCREMENT=181 DEFAULT CHARSET=latin1 ROW_FORMAT=COMPACT;

--
-- Dumping data for table `student_credits`
--

INSERT INTO `student_credits` VALUES (1,83,0.00),(2,125,0.00),(3,92,0.00),(4,105,0.00),(5,108,0.00),(6,157,0.00),(7,163,0.00),(8,132,0.00),(9,107,0.00),(10,147,0.00),(11,183,0.00),(12,162,0.00),(13,152,0.00),(14,129,0.00),(15,175,0.00),(16,149,0.00),(17,169,0.00),(18,181,0.00),(19,111,0.00),(20,142,0.00),(21,161,0.00),(22,144,0.00),(23,166,0.00),(24,164,0.00),(25,120,0.00),(26,114,0.00),(27,118,0.00),(28,178,0.00),(29,119,0.00),(30,94,2000.00),(32,177,0.00),(33,102,0.00),(34,124,0.00),(35,134,0.00),(36,173,0.00),(37,91,0.00),(38,121,0.00),(39,133,0.00),(40,170,0.00),(41,123,0.00),(42,167,0.00),(43,113,0.00),(44,103,0.00),(45,97,0.00),(46,141,0.00),(47,131,0.00),(48,130,0.00),(49,110,0.00),(50,122,0.00),(51,138,0.00),(52,179,0.00),(53,89,0.00),(54,104,0.00),(55,99,0.00),(56,127,0.00),(57,160,0.00),(58,128,0.00),(59,154,0.00),(60,156,0.00),(61,96,0.00),(62,101,0.00),(63,116,0.00),(64,143,0.00),(65,150,0.00),(66,158,0.00),(67,168,0.00),(68,172,0.00),(69,174,0.00),(70,176,0.00),(71,98,0.00),(72,182,0.00),(73,3,0.00),(74,8,0.00),(75,9,0.00),(76,10,0.00),(77,13,0.00),(78,20,0.00),(79,35,0.00),(80,36,0.00),(81,46,0.00),(82,49,0.00),(83,55,0.00),(84,57,0.00),(85,58,0.00),(86,60,0.00),(87,77,0.00),(88,81,0.00),(89,82,0.00),(90,86,0.00),(91,106,0.00),(92,136,0.00),(93,139,0.00),(94,140,0.00),(95,145,0.00),(96,148,0.00),(97,153,0.00),(98,159,0.00),(99,165,0.00),(100,171,0.00),(101,1,0.00),(102,90,0.00),(103,126,0.00),(104,137,0.00),(105,146,0.00),(106,151,0.00),(107,93,0.00),(108,4,0.00),(109,14,0.00),(110,15,0.00),(111,24,0.00),(112,26,0.00),(113,29,0.00),(114,31,0.00),(115,34,0.00),(116,37,0.00),(117,41,0.00),(118,42,0.00),(119,43,0.00),(120,47,0.00),(121,65,0.00),(122,66,0.00),(123,78,0.00),(124,79,0.00),(125,80,0.00),(126,84,0.00),(127,85,0.00),(128,88,0.00),(129,5,0.00),(130,11,0.00),(131,19,0.00),(132,21,0.00),(133,22,0.00),(134,23,0.00),(135,27,0.00),(136,28,0.00),(137,32,0.00),(138,33,0.00),(139,39,0.00),(140,45,0.00),(141,50,0.00),(142,52,0.00),(143,53,0.00),(144,61,0.00),(145,62,0.00),(146,63,0.00),(147,69,0.00),(148,73,0.00),(149,75,0.00),(150,76,0.00),(151,95,0.00),(152,100,0.00),(153,109,0.00),(154,112,0.00),(155,115,0.00),(156,117,0.00),(157,135,0.00),(158,155,0.00),(159,180,0.00),(160,2,0.00),(161,6,0.00),(162,7,0.00),(163,12,0.00),(164,25,0.00),(165,30,0.00),(166,38,0.00),(167,40,0.00),(168,44,0.00),(169,48,0.00),(170,51,0.00),(171,54,0.00),(172,59,0.00),(173,64,0.00),(174,67,0.00),(175,68,0.00),(176,70,0.00),(177,71,0.00),(178,74,0.00),(179,87,0.00),(180,184,0.00);

--
-- Table structure for table `student_debits`
--

CREATE TABLE `student_debits` (
  `id` int(11) unsigned NOT NULL AUTO_INCREMENT,
  `transaction_id` int(11) DEFAULT NULL,
  `status` enum('paid','unpaid') NOT NULL DEFAULT 'unpaid',
  `term_id` tinyint(4) DEFAULT NULL,
  `amount` double DEFAULT NULL,
  `fee_id` int(11) NOT NULL DEFAULT '0',
  `display` enum('yes','no') DEFAULT 'yes',
  `student_id` int(11) NOT NULL,
  `details` varchar(1000) DEFAULT '',
  `type` enum('o','m') DEFAULT 'm',
  `ref_id` varchar(50) DEFAULT '',
  `dateTime` timestamp NOT NULL DEFAULT CURRENT_TIMESTAMP,
  `account_id` int(2) NOT NULL DEFAULT '0',
  `settled` int(1) NOT NULL DEFAULT '0',
  `paidDate` datetime DEFAULT NULL,
  `settlementDate` date DEFAULT NULL,
  `priority` int(2) NOT NULL DEFAULT '0',
  `channel` varchar(20) DEFAULT NULL,
  `method` enum('card','bank','transfer','NUBAN') NOT NULL DEFAULT 'NUBAN',
  PRIMARY KEY (`id`),
  UNIQUE KEY `transaction_id` (`transaction_id`)
) ENGINE=InnoDB DEFAULT CHARSET=latin1 ROW_FORMAT=COMPACT;

--
-- Dumping data for table `student_debits`
--


--
-- Table structure for table `student_login`
--

CREATE TABLE `student_login` (
  `id` mediumint(8) unsigned NOT NULL AUTO_INCREMENT,
  `student_id` smallint(6) unsigned zerofill NOT NULL DEFAULT '000000',
  `username` varchar(20) NOT NULL DEFAULT '',
  `password` varchar(20) NOT NULL DEFAULT '',
  `type` varchar(4) DEFAULT NULL,
  `status` enum('reset','active') DEFAULT 'reset',
  `token` varchar(40) DEFAULT NULL,
  `dateTime` timestamp NULL DEFAULT NULL,
  PRIMARY KEY (`id`),
  UNIQUE KEY `username` (`username`),
  UNIQUE KEY `student_id` (`student_id`,`username`,`password`)
) ENGINE=InnoDB AUTO_INCREMENT=185 DEFAULT CHARSET=latin1 ROW_FORMAT=COMPACT;

--
-- Dumping data for table `student_login`
--

INSERT INTO `student_login` VALUES (1,000001,'GJC823ST20200001','64F7H4NG',NULL,'active',NULL,NULL),(2,000002,'GJC823ST20200002','QK3D5575',NULL,'active',NULL,NULL),(3,000003,'GJC823ST20200003','QZ4YMPE9',NULL,'active',NULL,NULL),(4,000004,'GJC823ST20200004','R1U3WDX0',NULL,'active',NULL,NULL),(5,000005,'GJC823ST20200005','MRC1GJ3V',NULL,'active',NULL,NULL),(6,000006,'GJC823ST20200006','TRBPHAYF',NULL,'active',NULL,NULL),(7,000007,'GJC823ST20200007','MJQ9TSBN',NULL,'active',NULL,NULL),(8,000008,'GJC823ST20200008','9B27TNYD',NULL,'active',NULL,NULL),(9,000009,'GJC823ST20200009','RF2XBWXZ',NULL,'active',NULL,NULL),(10,000010,'GJC823ST20200010','7YCK3DAQ',NULL,'active',NULL,NULL),(11,000011,'GJC823ST20200011','Q6SJHTNT',NULL,'active',NULL,NULL),(12,000012,'GJC823ST20200012','7GKKWAZJ',NULL,'active',NULL,NULL),(13,000013,'GJC823ST20200013','W6BW153Z',NULL,'active',NULL,NULL),(14,000014,'GJC823ST20200014','K2NRX7RM',NULL,'active',NULL,NULL),(15,000015,'GJC823ST20200015','6NJK7ZZ8',NULL,'active',NULL,NULL),(17,000017,'GJC823ST20200017','5UGFZBQQ',NULL,'reset',NULL,'0000-00-00 00:00:00'),(18,000018,'GJC823ST20200018','9ZPZ2TY3',NULL,'reset',NULL,'0000-00-00 00:00:00'),(19,000019,'GJC823ST20200019','SXRX8WQC',NULL,'active',NULL,'0000-00-00 00:00:00'),(20,000020,'GJC823ST20200020','2R2ZY6P4',NULL,'active',NULL,'0000-00-00 00:00:00'),(21,000021,'GJC823ST20200021','N8TYA1F3',NULL,'active',NULL,'0000-00-00 00:00:00'),(22,000022,'GJC823ST20200022','P2C2W78A',NULL,'active',NULL,'0000-00-00 00:00:00'),(23,000023,'GJC823ST20200023','YA08B4UM',NULL,'active',NULL,'0000-00-00 00:00:00'),(24,000024,'GJC823ST20200024','T4V8D720',NULL,'active',NULL,'0000-00-00 00:00:00'),(25,000025,'GJC823ST20200025','7HNGRKYV',NULL,'active',NULL,'0000-00-00 00:00:00'),(26,000026,'GJC823ST20200026','1S93ERJC',NULL,'active',NULL,'0000-00-00 00:00:00'),(27,000027,'GJC823ST20200027','B127YWC8',NULL,'active',NULL,'0000-00-00 00:00:00'),(28,000028,'GJC823ST20200028','155P3JMY',NULL,'active',NULL,'0000-00-00 00:00:00'),(29,000029,'GJC823ST20200029','Z7PGGG00',NULL,'active',NULL,'0000-00-00 00:00:00'),(30,000030,'GJC823ST20200030','GMZRUCNT',NULL,'active',NULL,'0000-00-00 00:00:00'),(31,000031,'GJC823ST20200031','HB0GJBZ8',NULL,'active',NULL,'0000-00-00 00:00:00'),(32,000032,'GJC823ST20200032','PRVA0B1S',NULL,'active',NULL,'0000-00-00 00:00:00'),(33,000033,'GJC823ST20200033','PDU7YDFH',NULL,'active',NULL,'0000-00-00 00:00:00'),(34,000034,'GJC823ST20200034','V76C6XBQ',NULL,'active',NULL,'0000-00-00 00:00:00'),(35,000035,'GJC823ST20200035','66EC7KMT',NULL,'active',NULL,'0000-00-00 00:00:00'),(36,000036,'GJC823ST20200036','DBZWJ0V5',NULL,'active',NULL,'0000-00-00 00:00:00'),(37,000037,'GJC823ST20200037','SWU5KP4H',NULL,'active',NULL,'0000-00-00 00:00:00'),(38,000038,'GJC823ST20200038','KXS8NQUA',NULL,'active',NULL,'0000-00-00 00:00:00'),(39,000039,'GJC823ST20200039','HPQ5UNGC',NULL,'active',NULL,'0000-00-00 00:00:00'),(40,000040,'GJC823ST20200040','SPDYDC0Q',NULL,'active',NULL,'0000-00-00 00:00:00'),(41,000041,'GJC823ST20200041','4VBGECT4',NULL,'active',NULL,'0000-00-00 00:00:00'),(42,000042,'GJC823ST20200042','DSNX6GKH',NULL,'active',NULL,'0000-00-00 00:00:00'),(43,000043,'GJC823ST20200043','82EVWZ3D',NULL,'active',NULL,'0000-00-00 00:00:00'),(44,000044,'GJC823ST20200044','RWG0DHAR',NULL,'active',NULL,'0000-00-00 00:00:00'),(45,000045,'GJC823ST20200045','839536FQ',NULL,'active',NULL,'0000-00-00 00:00:00'),(46,000046,'GJC823ST20200046','VFWBKQXX',NULL,'active',NULL,'0000-00-00 00:00:00'),(47,000047,'GJC823ST20200047','3SVDAJ5A',NULL,'active',NULL,'0000-00-00 00:00:00'),(48,000048,'GJC823ST20200048','S76VUM2B',NULL,'active',NULL,'0000-00-00 00:00:00'),(49,000049,'GJC823ST20200049','Q7FD9XWE',NULL,'active',NULL,'0000-00-00 00:00:00'),(50,000050,'GJC823ST20200050','R553ZU2W',NULL,'active',NULL,'0000-00-00 00:00:00'),(51,000051,'GJC823ST20200051','PUBDJ4GV',NULL,'active',NULL,'0000-00-00 00:00:00'),(52,000052,'GJC823ST20200052','AN87PEEG',NULL,'active',NULL,'0000-00-00 00:00:00'),(53,000053,'GJC823ST20200053','TESCHVRR',NULL,'active',NULL,'0000-00-00 00:00:00'),(54,000054,'GJC823ST20200054','C4T6VGRU',NULL,'active',NULL,'0000-00-00 00:00:00'),(55,000055,'GJC823ST20200055','Family',NULL,'active',NULL,'0000-00-00 00:00:00'),(56,000056,'GJC823ST20200056','SSJN9GX3',NULL,'reset',NULL,'0000-00-00 00:00:00'),(57,000057,'GJC823ST20200057','8WKQWUEJ',NULL,'active',NULL,'0000-00-00 00:00:00'),(58,000058,'GJC823ST20200058','SW5PC1G3',NULL,'active',NULL,'0000-00-00 00:00:00'),(59,000059,'GJC823ST20200059','AFDFWB6A',NULL,'active',NULL,'0000-00-00 00:00:00'),(60,000060,'GJC823ST20200060','NXQJ29AA',NULL,'active',NULL,'0000-00-00 00:00:00'),(61,000061,'GJC823ST20200061','YYG9QW0Z',NULL,'active',NULL,'0000-00-00 00:00:00'),(62,000062,'GJC823ST20200062','TZNEX0UZ',NULL,'active',NULL,'0000-00-00 00:00:00'),(63,000063,'GJC823ST20200063','ARX1HNY9',NULL,'active',NULL,'0000-00-00 00:00:00'),(64,000064,'GJC823ST20200064','9JFJYJY4',NULL,'active',NULL,'0000-00-00 00:00:00'),(65,000065,'GJC823ST20200065','USUDUKGK',NULL,'active',NULL,'0000-00-00 00:00:00'),(66,000066,'GJC823ST20200066','0Z0J76AY',NULL,'active',NULL,'0000-00-00 00:00:00'),(67,000067,'GJC823ST20200067','9KEPWTHR',NULL,'active',NULL,'0000-00-00 00:00:00'),(68,000068,'GJC823ST20200068','NKRRAMFR',NULL,'active',NULL,'0000-00-00 00:00:00'),(69,000069,'GJC823ST20200069','ZNPWPV79',NULL,'active',NULL,'0000-00-00 00:00:00'),(70,000070,'GJC823ST20200070','8RRHP2BT',NULL,'active',NULL,'0000-00-00 00:00:00'),(71,000071,'GJC823ST20200071','5NSZZW9F',NULL,'active',NULL,'0000-00-00 00:00:00'),(72,000072,'GJC823ST20200072','40CAFNMF',NULL,'reset',NULL,'0000-00-00 00:00:00'),(73,000073,'GJC823ST20200073','V548BHAK',NULL,'active',NULL,'0000-00-00 00:00:00'),(74,000074,'GJC823ST20200074','W3SQBXVM',NULL,'active',NULL,'0000-00-00 00:00:00'),(75,000075,'GJC823ST20200075','5DGWN5AW',NULL,'active',NULL,'0000-00-00 00:00:00'),(76,000076,'GJC823ST20200076','JEMV5P06',NULL,'active',NULL,'0000-00-00 00:00:00'),(77,000077,'GJC823ST20200077','QV564X07',NULL,'active',NULL,'0000-00-00 00:00:00'),(78,000078,'GJC823ST20200078','V0KJR9JR',NULL,'active',NULL,'0000-00-00 00:00:00'),(79,000079,'GJC823ST20200079','Y23G3UGC',NULL,'active',NULL,'0000-00-00 00:00:00'),(80,000080,'GJC823ST20200080','DRXJH1NH',NULL,'active',NULL,'0000-00-00 00:00:00'),(81,000081,'GJC823ST20200081','9F4M6GXB',NULL,'active',NULL,'0000-00-00 00:00:00'),(82,000082,'GJC823ST20200082','WYFDJ0NG',NULL,'active',NULL,'0000-00-00 00:00:00'),(83,000083,'GJC823ST20200083','KTX46NAU',NULL,'active',NULL,'0000-00-00 00:00:00'),(84,000084,'GJC823ST20200084','H12QQE3C',NULL,'active',NULL,'0000-00-00 00:00:00'),(85,000085,'GJC823ST20200085','A6UWZESD',NULL,'active',NULL,'0000-00-00 00:00:00'),(86,000086,'GJC823ST20200086','YB3TJXSG',NULL,'active',NULL,'0000-00-00 00:00:00'),(87,000087,'GJC823ST20200087','Z2U5FUF9',NULL,'active',NULL,'0000-00-00 00:00:00'),(88,000088,'GJC823ST20200088','XZBQ9HKK',NULL,'active',NULL,NULL),(89,000089,'GJC823ST20220089','ZSFTX7BR',NULL,'active',NULL,NULL),(90,000090,'GJC823ST20220090','E5HVEVWM',NULL,'active',NULL,NULL),(91,000091,'GJC823ST20220091','W1AERJEP',NULL,'active',NULL,NULL),(92,000092,'GJC823ST20220092','K1BX9TFN',NULL,'active',NULL,NULL),(93,000093,'GJC823ST20220093','0Y7CAQA5',NULL,'active',NULL,NULL),(94,000094,'GJC823ST20220094','QQ4ZEVPW',NULL,'active',NULL,NULL),(95,000095,'GJC823ST20220095','Q1QUUDN4',NULL,'active',NULL,NULL),(96,000096,'GJC823ST20220096','GS1V9E7V',NULL,'active',NULL,NULL),(97,000097,'GJC823ST20220097','WBM5EW4V',NULL,'active',NULL,NULL),(98,000098,'GJC823ST20220098','DJYNPCJA',NULL,'active',NULL,NULL),(99,000099,'GJC823ST20220099','7JHT2H0S',NULL,'active',NULL,NULL),(100,000100,'GJC823ST20220100','43TC7MN8',NULL,'active',NULL,NULL),(101,000101,'GJC823ST20220101','0DURHTR2',NULL,'active',NULL,NULL),(102,000102,'GJC823ST20220102','BWZ9VGUA',NULL,'active',NULL,NULL),(103,000103,'GJC823ST20220103','N5RA1BN8',NULL,'active',NULL,NULL),(104,000104,'GJC823ST20220104','E3ADMX87',NULL,'active',NULL,NULL),(105,000105,'GJC823ST20220105','8EY2KTAC',NULL,'active',NULL,NULL),(106,000106,'GJC823ST20220106','SJ0QG3WU',NULL,'active',NULL,NULL),(107,000107,'GJC823ST20220107','HWYM88UM',NULL,'active',NULL,NULL),(108,000108,'GJC823ST20220108','F1KK30U8',NULL,'active',NULL,NULL),(109,000109,'GJC823ST20220109','PMXNMC44',NULL,'active',NULL,NULL),(110,000110,'GJC823ST20220110','QP4Q1B5U',NULL,'active',NULL,NULL),(111,000111,'GJC823ST20220111','NQUVSGW0',NULL,'active',NULL,NULL),(112,000112,'GJC823ST20220112','ZGMACBU2',NULL,'active',NULL,NULL),(113,000113,'GJC823ST20220113','4UXZ2U74',NULL,'active',NULL,NULL),(114,000114,'GJC823ST20220114','ASG0YHE0',NULL,'active',NULL,NULL),(115,000115,'GJC823ST20220115','V0281N1P',NULL,'active',NULL,NULL),(116,000116,'GJC823ST20220116','ECAZV0T8',NULL,'active',NULL,NULL),(117,000117,'GJC823ST20220117','XQ8UXY13',NULL,'active',NULL,NULL),(118,000118,'GJC823ST20220118','E6SAW4C3',NULL,'active',NULL,NULL),(119,000119,'GJC823ST20220119','KWJJJ9U3',NULL,'active',NULL,NULL),(120,000120,'GJC823ST20220120','BDHT8RQD',NULL,'active',NULL,NULL),(121,000121,'GJC823ST20220121','KVFKJ8BB',NULL,'active',NULL,NULL),(122,000122,'GJC823ST20220122','7V240XAA',NULL,'active',NULL,NULL),(123,000123,'GJC823ST20220123','R3BBGMQR',NULL,'active',NULL,NULL),(124,000124,'GJC823ST20220124','VG4EWMNF',NULL,'active',NULL,NULL),(125,000125,'GJC823ST20220125','B9T4ZER1',NULL,'active',NULL,NULL),(126,000126,'GJC823ST20220126','5KERR4GJ',NULL,'active',NULL,NULL),(127,000127,'GJC823ST20220127','UYAUPF8J',NULL,'active',NULL,NULL),(128,000128,'GJC823ST20220128','Q2KX6NZG',NULL,'active',NULL,NULL),(129,000129,'GJC823ST20220129','NZ43H3M4',NULL,'active',NULL,NULL),(130,000130,'GJC823ST20220130','674XZ2PF',NULL,'active',NULL,NULL),(131,000131,'GJC823ST20220131','CH410FS0',NULL,'active',NULL,NULL),(132,000132,'GJC823ST20220132','TRDJTRK3',NULL,'active',NULL,NULL),(133,000133,'GJC823ST20220133','CEWK2HS2',NULL,'active',NULL,NULL),(134,000134,'GJC823ST20220134','U8AVDBEY',NULL,'active',NULL,NULL),(135,000135,'GJC823ST20220135','W8X1SAZY',NULL,'active',NULL,NULL),(136,000136,'GJC823ST20220136','WKKWAHDT',NULL,'active',NULL,NULL),(137,000137,'GJC823ST20220137','QUFXF7NN',NULL,'active',NULL,NULL),(138,000138,'GJC823ST20220138','01CVVXK1',NULL,'active',NULL,NULL),(139,000139,'GJC823ST20220139','TJY301ZY',NULL,'active',NULL,NULL),(140,000140,'GJC823ST20220140','0B9JNP21',NULL,'active',NULL,NULL),(141,000141,'GJC823ST20220141','X5HDG1Z2',NULL,'active',NULL,NULL),(142,000142,'GJC823ST20220142','XQAKCXJ7',NULL,'active',NULL,NULL),(143,000143,'GJC823ST20220143','6AAF6Q7M',NULL,'active',NULL,NULL),(144,000144,'GJC823ST20220144','8P0FDUVD',NULL,'active',NULL,NULL),(145,000145,'GJC823ST20220145','QJZTQDX0',NULL,'active',NULL,NULL),(146,000146,'GJC823ST20220146','UQ63VUFB',NULL,'active',NULL,NULL),(147,000147,'GJC823ST20220147','ED3QPDAZ',NULL,'active',NULL,NULL),(148,000148,'GJC823ST20220148','UCZR0KHY',NULL,'active',NULL,NULL),(149,000149,'GJC823ST20220149','1Z2JRGUU',NULL,'active',NULL,NULL),(150,000150,'GJC823ST20220150','FR2Z8NH4',NULL,'active',NULL,NULL),(151,000151,'GJC823ST20220151','ARQNM74G',NULL,'active',NULL,NULL),(152,000152,'GJC823ST20220152','45E3SN18',NULL,'active',NULL,NULL),(153,000153,'GJC823ST20220153','THEKB14T',NULL,'active',NULL,NULL),(154,000154,'GJC823ST20220154','MBAESQQA',NULL,'active',NULL,NULL),(155,000155,'GJC823ST20220155','BYBXF5QR',NULL,'active',NULL,NULL),(156,000156,'GJC823ST20220156','TV6Y3ZGK',NULL,'active',NULL,NULL),(157,000157,'GJC823ST20220157','WDZ7DBX4',NULL,'active',NULL,NULL),(158,000158,'GJC823ST20220158','J7NYZZKQ',NULL,'active',NULL,NULL),(159,000159,'GJC823ST20220159','MW0USQN4',NULL,'active',NULL,NULL),(160,000160,'GJC823ST20220160','DEWX4Z1A',NULL,'active',NULL,NULL),(161,000161,'GJC823ST20220161','EX9EJ8P4',NULL,'active',NULL,NULL),(162,000162,'GJC823ST20220162','1PNEZ9NU',NULL,'active',NULL,NULL),(163,000163,'GJC823ST20220163','B7GH379P',NULL,'active',NULL,NULL),(164,000164,'GJC823ST20220164','9ZMY163F',NULL,'active',NULL,NULL),(165,000165,'GJC823ST20220165','XN3N3JFJ',NULL,'active',NULL,NULL),(166,000166,'GJC823ST20220166','4MKYZGJQ',NULL,'active',NULL,NULL),(167,000167,'GJC823ST20220167','F2R8B4EB',NULL,'active',NULL,NULL),(168,000168,'GJC823ST20220168','67EBBAN6',NULL,'active',NULL,NULL),(169,000169,'GJC823ST20220169','UWBCSRBE',NULL,'active',NULL,NULL),(170,000170,'GJC823ST20220170','F3QEW84K',NULL,'active',NULL,NULL),(171,000171,'GJC823ST20220171','7BWA2TV9',NULL,'active',NULL,NULL),(172,000172,'GJC823ST20220172','VG952RBJ',NULL,'active',NULL,NULL),(173,000173,'GJC823ST20220173','UVEDNW0W',NULL,'active',NULL,NULL),(174,000174,'GJC823ST20220174','24CGJ0RT',NULL,'active',NULL,NULL),(175,000175,'GJC823ST20220175','07MC7T4F',NULL,'active',NULL,NULL),(176,000176,'GJC823ST20220176','R83NEBY8',NULL,'active',NULL,NULL),(177,000177,'GJC823ST20220177','ERFTB30S',NULL,'active',NULL,NULL),(178,000178,'GJC823ST20220178','3626XB4N',NULL,'active',NULL,NULL),(179,000179,'GJC823ST20220179','MES5HP4D',NULL,'active',NULL,NULL),(180,000180,'GJC823ST20220180','0GZEE706',NULL,'active',NULL,NULL),(181,000181,'GJC823ST20220181','2AJ1WW7A',NULL,'active',NULL,NULL),(182,000182,'GJC823ST20220182','DJPCBHUE',NULL,'active',NULL,NULL),(183,000183,'GJC823ST20220183','EBXT66M4',NULL,'reset',NULL,NULL),(184,000184,'GJC823ST20220184','E9S97TSS',NULL,'active',NULL,NULL);

--
-- Table structure for table `student_rooms`
--

CREATE TABLE `student_rooms` (
  `id` int(10) unsigned NOT NULL AUTO_INCREMENT,
  `student_id` int(11) NOT NULL,
  `room_id` int(11) NOT NULL,
  `dateTime` datetime NOT NULL,
  `session_id` tinyint(4) DEFAULT NULL,
  PRIMARY KEY (`id`),
  UNIQUE KEY `student_id` (`student_id`,`session_id`) USING BTREE
) ENGINE=InnoDB AUTO_INCREMENT=268 DEFAULT CHARSET=latin1 ROW_FORMAT=COMPACT;

--
-- Dumping data for table `student_rooms`
--

INSERT INTO `student_rooms` VALUES (1,88,5,'2021-12-27 21:01:20',9),(2,31,5,'2021-12-27 21:01:20',9),(3,29,5,'2021-12-27 21:01:20',9),(4,43,5,'2021-12-27 21:01:20',9),(5,47,5,'2021-12-27 21:01:20',9),(6,26,5,'2021-12-27 21:01:20',9),(7,66,5,'2021-12-27 21:01:20',9),(8,15,5,'2021-12-27 21:01:20',9),(9,14,5,'2021-12-27 21:01:20',9),(10,79,5,'2021-12-27 21:01:20',9),(11,80,5,'2021-12-27 21:01:20',9),(12,84,5,'2021-12-27 21:01:20',9),(13,77,1,'2021-12-27 21:01:20',9),(14,35,1,'2021-12-27 21:01:20',9),(15,3,1,'2021-12-27 21:01:20',9),(16,86,1,'2021-12-27 21:01:20',9),(17,82,1,'2021-12-27 21:01:20',9),(18,55,1,'2021-12-27 21:01:20',9),(19,56,1,'2021-12-27 21:01:20',9),(20,60,1,'2021-12-27 21:01:20',9),(21,81,1,'2021-12-27 21:01:20',9),(22,17,1,'2021-12-27 21:01:20',9),(23,8,1,'2021-12-27 21:01:20',9),(24,13,1,'2021-12-27 21:01:20',9),(25,61,7,'2021-12-27 21:01:20',9),(26,53,7,'2021-12-27 21:01:20',9),(27,52,7,'2021-12-27 21:01:20',9),(28,75,7,'2021-12-27 21:01:20',9),(29,76,7,'2021-12-27 21:01:20',9),(30,45,7,'2021-12-27 21:01:20',9),(31,32,7,'2021-12-27 21:01:20',9),(32,19,7,'2021-12-27 21:01:20',9),(33,21,7,'2021-12-27 21:01:20',9),(34,22,7,'2021-12-27 21:01:20',9),(35,28,7,'2021-12-27 21:01:20',9),(36,5,7,'2021-12-27 21:01:20',9),(37,27,7,'2021-12-27 21:01:20',9),(38,6,3,'2021-12-27 21:01:20',9),(39,74,3,'2021-12-27 21:01:20',9),(40,70,3,'2021-12-27 21:01:20',9),(41,18,3,'2021-12-27 21:01:20',9),(42,12,3,'2021-12-27 21:01:20',9),(43,67,3,'2021-12-27 21:01:20',9),(44,59,3,'2021-12-27 21:01:20',9),(45,7,3,'2021-12-27 21:01:20',9),(46,51,3,'2021-12-27 21:01:20',9),(47,48,3,'2021-12-27 21:01:20',9),(48,30,3,'2021-12-27 21:01:20',9),(49,44,3,'2021-12-27 21:01:20',9),(50,38,3,'2021-12-27 21:01:20',9),(51,34,6,'2021-12-27 21:01:21',9),(52,1,6,'2021-12-27 21:01:21',9),(53,24,6,'2021-12-27 21:01:21',9),(54,42,6,'2021-12-27 21:01:21',9),(55,37,6,'2021-12-27 21:01:21',9),(56,41,6,'2021-12-27 21:01:21',9),(57,85,6,'2021-12-27 21:01:21',9),(58,4,6,'2021-12-27 21:01:21',9),(59,65,6,'2021-12-27 21:01:21',9),(60,78,6,'2021-12-27 21:01:21',9),(61,72,2,'2021-12-27 21:01:21',9),(62,36,2,'2021-12-27 21:01:21',9),(63,10,2,'2021-12-27 21:01:21',9),(64,20,2,'2021-12-27 21:01:21',9),(65,58,2,'2021-12-27 21:01:21',9),(66,57,2,'2021-12-27 21:01:21',9),(67,9,2,'2021-12-27 21:01:21',9),(68,46,2,'2021-12-27 21:01:21',9),(69,49,2,'2021-12-27 21:01:21',9),(70,11,8,'2021-12-27 21:01:21',9),(71,33,8,'2021-12-27 21:01:21',9),(72,73,8,'2021-12-27 21:01:21',9),(73,69,8,'2021-12-27 21:01:21',9),(74,63,8,'2021-12-27 21:01:21',9),(75,62,8,'2021-12-27 21:01:21',9),(76,23,8,'2021-12-27 21:01:21',9),(77,50,8,'2021-12-27 21:01:21',9),(78,39,8,'2021-12-27 21:01:21',9),(79,71,4,'2021-12-27 21:01:21',9),(80,68,4,'2021-12-27 21:01:21',9),(81,64,4,'2021-12-27 21:01:21',9),(82,54,4,'2021-12-27 21:01:21',9),(83,25,4,'2021-12-27 21:01:21',9),(84,83,4,'2021-12-27 21:01:21',9),(85,40,4,'2021-12-27 21:01:21',9),(86,87,4,'2021-12-27 21:01:21',9),(87,2,4,'2021-12-27 21:01:21',9),(88,90,6,'2022-11-25 07:06:09',10),(89,107,6,'2022-11-25 07:06:09',10),(90,121,6,'2022-11-25 07:06:09',10),(91,123,6,'2022-11-25 07:06:09',10),(92,126,6,'2022-11-25 07:06:09',10),(93,131,6,'2022-11-25 07:06:09',10),(94,146,6,'2022-11-25 07:06:09',10),(96,160,6,'2022-11-25 07:06:09',10),(97,163,6,'2022-11-25 07:06:09',10),(98,164,6,'2022-11-25 07:06:09',10),(99,167,6,'2022-11-25 07:06:09',10),(100,89,5,'2022-11-25 07:07:54',10),(101,103,5,'2022-11-25 07:07:54',10),(102,113,5,'2022-11-25 07:07:54',10),(103,122,5,'2022-11-25 07:07:54',10),(104,124,5,'2022-11-25 07:07:54',10),(105,125,5,'2022-11-25 07:07:54',10),(106,133,5,'2022-11-25 07:07:54',10),(107,137,5,'2022-11-25 07:07:54',10),(108,142,5,'2022-11-25 07:07:54',10),(109,149,5,'2022-11-25 07:07:54',10),(110,151,5,'2022-11-25 07:07:54',10),(111,177,5,'2022-11-25 07:07:54',10),(112,97,2,'2022-11-25 07:09:23',10),(113,106,2,'2022-11-25 07:09:23',10),(114,108,2,'2022-11-25 07:09:23',10),(115,130,2,'2022-11-25 07:09:23',10),(116,139,2,'2022-11-25 07:09:23',10),(117,140,2,'2022-11-25 07:09:23',10),(118,141,2,'2022-11-25 07:09:23',10),(119,148,2,'2022-11-25 07:09:23',10),(120,156,2,'2022-11-25 07:09:23',10),(121,159,2,'2022-11-25 07:09:23',10),(122,162,2,'2022-11-25 07:09:23',10),(123,171,2,'2022-11-25 07:09:23',10),(124,94,1,'2022-11-25 07:10:48',10),(125,118,1,'2022-11-25 07:10:48',10),(126,120,1,'2022-11-25 07:10:48',10),(127,127,1,'2022-11-25 07:10:48',10),(128,136,1,'2022-11-25 07:10:48',10),(129,138,1,'2022-11-25 07:10:48',10),(130,145,1,'2022-11-25 07:10:48',10),(131,153,1,'2022-11-25 07:10:48',10),(132,161,1,'2022-11-25 07:10:48',10),(133,165,1,'2022-11-25 07:10:48',10),(134,178,1,'2022-11-25 07:10:48',10),(135,179,1,'2022-11-25 07:10:48',10),(136,110,4,'2022-11-25 07:12:23',10),(137,111,4,'2022-11-25 07:12:23',10),(138,114,4,'2022-11-25 07:12:23',10),(139,143,4,'2022-11-25 07:12:23',10),(140,150,4,'2022-11-25 07:12:23',10),(141,152,4,'2022-11-25 07:12:23',10),(142,158,4,'2022-11-25 07:12:23',10),(143,168,4,'2022-11-25 07:12:23',10),(144,172,4,'2022-11-25 07:12:23',10),(145,176,4,'2022-11-25 07:12:23',10),(146,182,4,'2022-11-25 07:12:23',10),(147,92,3,'2022-11-25 07:14:19',10),(148,96,3,'2022-11-25 07:14:19',10),(149,101,3,'2022-11-25 07:14:19',10),(150,116,3,'2022-11-25 07:14:19',10),(151,119,3,'2022-11-25 07:14:19',10),(152,129,3,'2022-11-25 07:14:19',10),(153,144,3,'2022-11-25 07:14:19',10),(154,157,3,'2022-11-25 07:14:19',10),(155,166,3,'2022-11-25 07:14:19',10),(156,169,3,'2022-11-25 07:14:19',10),(157,174,3,'2022-11-25 07:14:19',10),(158,175,3,'2022-11-25 07:14:19',10),(159,98,3,'2022-11-25 07:14:19',10),(160,93,8,'2022-11-25 07:15:37',10),(161,95,8,'2022-11-25 07:15:37',10),(162,100,8,'2022-11-25 07:15:37',10),(163,102,8,'2022-11-25 07:15:37',10),(164,109,8,'2022-11-25 07:15:37',10),(165,112,8,'2022-11-25 07:15:37',10),(166,128,8,'2022-11-25 07:15:37',10),(167,173,8,'2022-11-25 07:15:37',10),(168,180,8,'2022-11-25 07:15:37',10),(169,181,8,'2022-11-25 07:15:37',10),(170,91,7,'2022-11-25 07:17:28',10),(171,99,7,'2022-11-25 07:17:28',10),(172,104,7,'2022-11-25 07:17:28',10),(173,105,7,'2022-11-25 07:17:29',10),(174,115,7,'2022-11-25 07:17:29',10),(175,117,7,'2022-11-25 07:17:29',10),(176,132,7,'2022-11-25 07:17:29',10),(177,134,7,'2022-11-25 07:17:29',10),(178,135,7,'2022-11-25 07:17:29',10),(179,154,7,'2022-11-25 07:17:29',10),(180,155,7,'2022-11-25 07:17:29',10),(181,170,7,'2022-11-25 07:17:29',10),(182,183,7,'2022-11-25 07:17:29',10),(183,147,5,'2022-11-25 11:57:09',10),(184,184,8,'2022-12-01 11:20:54',10),(185,2,4,'2022-12-14 16:54:26',10),(186,25,4,'2022-12-14 16:54:26',10),(187,40,4,'2022-12-14 16:54:26',10),(188,54,4,'2022-12-14 16:54:26',10),(189,64,4,'2022-12-14 16:54:26',10),(190,68,4,'2022-12-14 16:54:26',10),(191,71,4,'2022-12-14 16:54:26',10),(192,83,4,'2022-12-14 16:54:26',10),(193,87,4,'2022-12-14 16:54:26',10),(194,6,3,'2022-12-14 16:57:32',10),(195,7,3,'2022-12-14 16:57:32',10),(196,12,3,'2022-12-14 16:57:32',10),(197,30,3,'2022-12-14 16:57:32',10),(198,38,3,'2022-12-14 16:57:32',10),(199,44,3,'2022-12-14 16:57:32',10),(200,48,3,'2022-12-14 16:57:32',10),(201,51,3,'2022-12-14 16:57:32',10),(202,59,3,'2022-12-14 16:57:32',10),(203,67,3,'2022-12-14 16:57:32',10),(204,70,3,'2022-12-14 16:57:32',10),(205,74,3,'2022-12-14 16:57:32',10),(206,5,7,'2022-12-14 16:59:29',10),(207,19,7,'2022-12-14 16:59:29',10),(208,21,7,'2022-12-14 16:59:29',10),(209,22,7,'2022-12-14 16:59:29',10),(210,27,7,'2022-12-14 16:59:29',10),(211,28,7,'2022-12-14 16:59:29',10),(212,32,7,'2022-12-14 16:59:29',10),(213,45,7,'2022-12-14 16:59:29',10),(214,52,7,'2022-12-14 16:59:29',10),(215,53,7,'2022-12-14 16:59:29',10),(216,61,7,'2022-12-14 16:59:29',10),(217,75,7,'2022-12-14 16:59:29',10),(218,76,7,'2022-12-14 16:59:29',10),(219,11,8,'2022-12-14 17:00:39',10),(220,23,8,'2022-12-14 17:00:39',10),(221,33,8,'2022-12-14 17:00:39',10),(222,39,8,'2022-12-14 17:00:39',10),(223,50,8,'2022-12-14 17:00:39',10),(224,62,8,'2022-12-14 17:00:39',10),(225,63,8,'2022-12-14 17:00:39',10),(226,69,8,'2022-12-14 17:00:39',10),(227,73,8,'2022-12-14 17:00:39',10),(228,3,1,'2022-12-14 17:02:15',10),(229,8,1,'2022-12-14 17:02:15',10),(230,13,1,'2022-12-14 17:02:15',10),(231,35,1,'2022-12-14 17:02:15',10),(232,55,1,'2022-12-14 17:02:15',10),(233,60,1,'2022-12-14 17:02:15',10),(234,77,1,'2022-12-14 17:02:15',10),(235,81,1,'2022-12-14 17:02:15',10),(236,82,1,'2022-12-14 17:02:15',10),(237,86,1,'2022-12-14 17:02:15',10),(238,9,2,'2022-12-14 17:04:08',10),(239,10,2,'2022-12-14 17:04:08',10),(240,20,2,'2022-12-14 17:04:08',10),(241,36,2,'2022-12-14 17:04:08',10),(242,46,2,'2022-12-14 17:04:08',10),(243,49,2,'2022-12-14 17:04:08',10),(244,57,2,'2022-12-14 17:04:08',10),(245,58,2,'2022-12-14 17:04:08',10),(246,14,5,'2022-12-14 17:05:15',10),(247,15,5,'2022-12-14 17:05:15',10),(248,26,5,'2022-12-14 17:05:15',10),(249,29,5,'2022-12-14 17:05:15',10),(250,31,5,'2022-12-14 17:05:15',10),(251,43,5,'2022-12-14 17:05:15',10),(252,47,5,'2022-12-14 17:05:15',10),(253,66,5,'2022-12-14 17:05:15',10),(254,79,5,'2022-12-14 17:05:15',10),(255,80,5,'2022-12-14 17:05:15',10),(256,84,5,'2022-12-14 17:05:15',10),(257,88,5,'2022-12-14 17:05:15',10),(258,1,6,'2022-12-14 17:06:03',10),(259,4,6,'2022-12-14 17:06:03',10),(260,24,6,'2022-12-14 17:06:03',10),(261,34,6,'2022-12-14 17:06:03',10),(262,37,6,'2022-12-14 17:06:03',10),(263,41,6,'2022-12-14 17:06:03',10),(264,42,6,'2022-12-14 17:06:03',10),(265,65,6,'2022-12-14 17:06:03',10),(266,78,6,'2022-12-14 17:06:03',10),(267,85,6,'2022-12-14 17:06:03',10);

--
-- Table structure for table `student_transport`
--

CREATE TABLE `student_transport` (
  `id` int(10) unsigned NOT NULL AUTO_INCREMENT,
  `student_id` int(11) NOT NULL,
  `vehicle_route_id` int(11) NOT NULL,
  PRIMARY KEY (`id`),
  UNIQUE KEY `Unique staff bus` (`student_id`,`vehicle_route_id`)
) ENGINE=InnoDB DEFAULT CHARSET=latin1 ROW_FORMAT=COMPACT;

--
-- Dumping data for table `student_transport`
--


--
-- Table structure for table `students`
--

CREATE TABLE `students` (
  `id` bigint(9) unsigned NOT NULL AUTO_INCREMENT,
  `parent_id` int(6) unsigned NOT NULL DEFAULT '0',
  `parent_id2` int(6) unsigned DEFAULT '0',
  `relationship` enum('father','mother','brother','sister','uncle','aunt','guardian','parent') CHARACTER SET latin1 DEFAULT 'father',
  `surname` varchar(30) CHARACTER SET latin1 NOT NULL,
  `firstname` varchar(30) CHARACTER SET latin1 NOT NULL DEFAULT '',
  `othernames` varchar(40) CHARACTER SET latin1 DEFAULT NULL,
  `middlename` varchar(50) CHARACTER SET latin1 DEFAULT NULL,
  `class_id` tinyint(3) unsigned DEFAULT NULL,
  `class_level_id` int(11) DEFAULT NULL,
  `sex` enum('male','female','') CHARACTER SET latin1 DEFAULT '',
  `birthPlace` varchar(50) CHARACTER SET latin1 DEFAULT '',
  `dob` date DEFAULT NULL,
  `state` varchar(20) CHARACTER SET latin1 DEFAULT '',
  `localLanguage` varchar(30) CHARACTER SET latin1 DEFAULT '',
  `address` varchar(80) CHARACTER SET latin1 DEFAULT '',
  `schoolAttended1` varchar(30) CHARACTER SET latin1 DEFAULT NULL,
  `school1Tel` varchar(15) CHARACTER SET latin1 DEFAULT NULL,
  `school1Fax` varchar(14) CHARACTER SET latin1 DEFAULT NULL,
  `school1Date` date DEFAULT NULL,
  `school1Address` varchar(100) CHARACTER SET latin1 DEFAULT NULL,
  `lastClass1` varchar(15) CHARACTER SET latin1 COLLATE latin1_bin DEFAULT NULL,
  `schoolAttended2` varchar(40) CHARACTER SET latin1 DEFAULT NULL,
  `school2Date` date DEFAULT NULL,
  `school2Address` varchar(100) CHARACTER SET latin1 DEFAULT NULL,
  `lastClass2` varchar(15) CHARACTER SET latin1 DEFAULT NULL,
  `type` enum('Day','Boarder') CHARACTER SET latin1 DEFAULT 'Day',
  `illness` text CHARACTER SET latin1,
  `bloodGroup` varchar(4) CHARACTER SET latin1 DEFAULT NULL,
  `genotype` varchar(4) CHARACTER SET latin1 DEFAULT NULL,
  `weight` float DEFAULT NULL,
  `height` float DEFAULT NULL,
  `privateHospital` text CHARACTER SET latin1,
  `game` varchar(20) CHARACTER SET latin1 DEFAULT 'None',
  `dateEnrolled` date NOT NULL,
  `accountBalance` double(10,2) DEFAULT '0.00',
  `parent2Title` varchar(6) CHARACTER SET latin1 DEFAULT '',
  `parent2Name` varchar(50) CHARACTER SET latin1 DEFAULT NULL,
  `parent2Nationality` varchar(20) CHARACTER SET latin1 DEFAULT NULL,
  `parent2Occupation` varchar(30) CHARACTER SET latin1 DEFAULT NULL,
  `parent2Address` varchar(100) CHARACTER SET latin1 DEFAULT NULL,
  `parent2Mobile` varchar(16) CHARACTER SET latin1 DEFAULT NULL,
  `parent2Email` varchar(50) CHARACTER SET latin1 DEFAULT NULL,
  `parent2OfficePhone` varchar(14) CHARACTER SET latin1 DEFAULT NULL,
  `mobile` varchar(14) CHARACTER SET latin1 DEFAULT NULL,
  `email` varchar(50) CHARACTER SET latin1 DEFAULT NULL,
  `status` enum('active','suspended','tranfered','graduated','pending') CHARACTER SET latin1 NOT NULL DEFAULT 'pending',
  `remarks` varchar(200) CHARACTER SET latin1 DEFAULT NULL,
  `promotion` varchar(5) CHARACTER SET latin1 DEFAULT NULL,
  `refree` longtext CHARACTER SET latin1,
  `proposedCountry` varchar(20) CHARACTER SET latin1 DEFAULT NULL,
  `homeTown` tinytext CHARACTER SET latin1,
  `presentClass` varchar(25) CHARACTER SET latin1 DEFAULT NULL,
  `religion` varchar(20) CHARACTER SET latin1 DEFAULT NULL,
  `examCentre` varchar(100) CHARACTER SET latin1 DEFAULT NULL,
  `lga` varchar(80) CHARACTER SET latin1 DEFAULT NULL,
  `nationality` varchar(80) CHARACTER SET latin1 DEFAULT NULL,
  `relationship2` enum('father','mother','brother','sister','uncle','aunt','guardian','parent') CHARACTER SET latin1 DEFAULT 'mother',
  `plan` enum('A','B','C') CHARACTER SET latin1 DEFAULT 'A',
  `birthdaySMS` tinyint(1) NOT NULL DEFAULT '0',
  PRIMARY KEY (`id`)
) ENGINE=InnoDB AUTO_INCREMENT=185 DEFAULT CHARSET=utf8 ROW_FORMAT=COMPACT;

--
-- Dumping data for table `students`
--

INSERT INTO `students` VALUES (1,290,184,'father','AGBO','Ifeoma','Faith ',NULL,2,NULL,'female','','2009-12-01','','','',NULL,NULL,NULL,NULL,NULL,NULL,NULL,NULL,NULL,NULL,'Boarder',NULL,NULL,NULL,NULL,NULL,NULL,'None','2021-12-10',0.00,'',NULL,NULL,NULL,NULL,NULL,NULL,NULL,NULL,'agbo_000001@gonzagajesuit.org','active',NULL,NULL,NULL,NULL,NULL,'GJC000001',NULL,NULL,NULL,NULL,'mother','A',0),(2,185,186,'father','AGUBOLOM','Adora','Chioma ',NULL,13,NULL,'female','','2010-06-25','','','',NULL,NULL,NULL,NULL,NULL,NULL,NULL,NULL,NULL,NULL,'Boarder',NULL,NULL,NULL,NULL,NULL,NULL,'None','2021-12-10',0.00,'',NULL,NULL,NULL,NULL,NULL,NULL,NULL,NULL,'agbulom_000002@gonzagajesuit.org','active',NULL,NULL,NULL,NULL,NULL,'GJC000002',NULL,NULL,NULL,NULL,'mother','A',0),(3,187,188,NULL,'AJAMMA','Gerald','Munachimso ',NULL,10,NULL,'male',NULL,'2010-09-09','-- Please Select --',NULL,NULL,NULL,NULL,NULL,NULL,NULL,NULL,NULL,NULL,NULL,NULL,'',NULL,NULL,NULL,NULL,NULL,NULL,'None','2021-12-10',0.00,NULL,NULL,NULL,NULL,NULL,NULL,NULL,NULL,NULL,'ajamma_000003@gonzagajesuit.org','active',NULL,NULL,NULL,NULL,NULL,'GJC000003',NULL,NULL,NULL,NULL,'mother','A',0),(4,193,194,'father','AMADI','Sarimandah','Shayil ',NULL,2,NULL,'female','','2010-11-01','','','',NULL,NULL,NULL,NULL,NULL,NULL,NULL,NULL,NULL,NULL,'Boarder',NULL,NULL,NULL,NULL,NULL,NULL,'None','2021-12-10',0.00,'',NULL,NULL,NULL,NULL,NULL,NULL,NULL,NULL,'amadi_000004@gonzagajesuit.org','active',NULL,NULL,NULL,NULL,NULL,'GJC000004',NULL,NULL,NULL,NULL,'mother','A',0),(5,191,192,'father','AMADI','Chidubem','Phil-Carrington ',NULL,11,NULL,'male','','2010-11-25','','','',NULL,NULL,NULL,NULL,NULL,NULL,NULL,NULL,NULL,NULL,'Boarder',NULL,NULL,NULL,NULL,NULL,NULL,'None','2021-12-10',0.00,'',NULL,NULL,NULL,NULL,NULL,NULL,NULL,NULL,'amadi_000005@gonzagajesuit.org','active',NULL,NULL,NULL,NULL,NULL,'GJC000005',NULL,NULL,NULL,NULL,'mother','A',0),(6,189,190,'father','AMADI','Anthony','Nnaemeka ',NULL,13,NULL,'male','','2010-10-14','','','',NULL,NULL,NULL,NULL,NULL,NULL,NULL,NULL,NULL,NULL,'Boarder',NULL,NULL,NULL,NULL,NULL,NULL,'None','2021-12-10',0.00,'',NULL,NULL,NULL,NULL,NULL,NULL,NULL,NULL,'amadi_000006@gonzagajesuit.org','active',NULL,NULL,NULL,NULL,NULL,'GJC000006',NULL,NULL,NULL,NULL,'mother','A',0),(7,23,195,'father','ANAKWUE','Chinonso','Daniel ',NULL,13,NULL,'male','','2010-05-12','','','',NULL,NULL,NULL,NULL,NULL,NULL,NULL,NULL,NULL,NULL,'Boarder',NULL,NULL,NULL,NULL,NULL,NULL,'None','2021-12-10',0.00,'',NULL,NULL,NULL,NULL,NULL,NULL,NULL,NULL,'anakwue_000007@gonzagajesuit.org','active',NULL,NULL,NULL,NULL,NULL,'GJC000007',NULL,NULL,NULL,NULL,'mother','A',0),(8,196,197,'father','ANIEMEKA','Osoluchi','Nathan ',NULL,10,NULL,'male','','2010-07-13','','','',NULL,NULL,NULL,NULL,NULL,NULL,NULL,NULL,NULL,NULL,'Boarder',NULL,NULL,NULL,NULL,NULL,NULL,'None','2021-12-10',0.00,'',NULL,NULL,NULL,NULL,NULL,NULL,NULL,NULL,'aniemeka_000008@gonzagajesuit.org','active',NULL,NULL,NULL,NULL,NULL,'GJC000008',NULL,NULL,NULL,NULL,'mother','A',0),(9,198,199,'father','ARODIOGBU','Nnemdinma','Maria-Ann ',NULL,10,NULL,'female','','2010-02-21','','','',NULL,NULL,NULL,NULL,NULL,NULL,NULL,NULL,NULL,NULL,'Boarder',NULL,NULL,NULL,NULL,NULL,NULL,'None','2021-12-10',0.00,'',NULL,NULL,NULL,NULL,NULL,NULL,NULL,NULL,'arodiogbu_000009@gonzagajesuit.org','active',NULL,NULL,NULL,NULL,NULL,'GJC000009',NULL,NULL,NULL,NULL,'mother','A',0),(10,202,203,'father','AROH','Kanyitochukwu','Munachimso ',NULL,10,NULL,'female','','2011-02-11','','','',NULL,NULL,NULL,NULL,NULL,NULL,NULL,NULL,NULL,NULL,'Boarder',NULL,NULL,NULL,NULL,NULL,NULL,'None','2021-12-10',0.00,'',NULL,NULL,NULL,NULL,NULL,NULL,NULL,NULL,'aroh_000010@gonzagajesuit.org','active',NULL,NULL,NULL,NULL,NULL,'GJC000010',NULL,NULL,NULL,NULL,'mother','A',0),(11,200,201,'father','AROH','Daluchi','Freda ',NULL,11,NULL,'female','','2010-11-10','','','',NULL,NULL,NULL,NULL,NULL,NULL,NULL,NULL,NULL,NULL,'Boarder',NULL,NULL,NULL,NULL,NULL,NULL,'None','2021-12-10',0.00,'',NULL,NULL,NULL,NULL,NULL,NULL,NULL,NULL,'aroh_000011@gonzagajesuit.org','active',NULL,NULL,NULL,NULL,NULL,'GJC000011',NULL,NULL,NULL,NULL,'mother','A',0),(12,204,205,'father','ATUMA','Joshua','Nwadike ',NULL,13,NULL,'male','','2010-03-01','','','',NULL,NULL,NULL,NULL,NULL,NULL,NULL,NULL,NULL,NULL,'Boarder',NULL,NULL,NULL,NULL,NULL,NULL,'None','2021-12-10',0.00,'',NULL,NULL,NULL,NULL,NULL,NULL,NULL,NULL,'atuma_000012@gonzagajesuit.org','active',NULL,NULL,NULL,NULL,NULL,'GJC000012',NULL,NULL,NULL,NULL,'mother','A',0),(13,206,207,'father','AWORTU','Uminawaji','Gonzalez ',NULL,10,NULL,'male','','2010-06-12','','','',NULL,NULL,NULL,NULL,NULL,NULL,NULL,NULL,NULL,NULL,'Boarder',NULL,NULL,NULL,NULL,NULL,NULL,'None','2021-12-10',0.00,'',NULL,NULL,NULL,NULL,NULL,NULL,NULL,NULL,'awortu_000013@gonzagajesuit.org','active',NULL,NULL,NULL,NULL,NULL,'GJC000013',NULL,NULL,NULL,NULL,'mother','A',0),(14,208,209,'father','AYODELE-BAMISAYE','Damilola','Ngozichukwu ',NULL,2,NULL,'male','','2010-03-25','','','',NULL,NULL,NULL,NULL,NULL,NULL,NULL,NULL,NULL,NULL,'Boarder',NULL,NULL,NULL,NULL,NULL,NULL,'None','2021-12-10',0.00,'',NULL,NULL,NULL,NULL,NULL,NULL,NULL,NULL,'ayodele-bamisaye_000014@gonzagajesuit.org','active',NULL,NULL,NULL,NULL,NULL,'GJC000014',NULL,NULL,NULL,NULL,'mother','A',0),(15,210,211,'father','AZOLUM','Sopuruchukwu','David ',NULL,2,NULL,'male','','2010-03-15','','','',NULL,NULL,NULL,NULL,NULL,NULL,NULL,NULL,NULL,NULL,'Boarder',NULL,NULL,NULL,NULL,NULL,NULL,'None','2021-12-10',0.00,'',NULL,NULL,NULL,NULL,NULL,NULL,NULL,NULL,'azolum_000015@gonzagajesuit.org','active',NULL,NULL,NULL,NULL,NULL,'GJC000015',NULL,NULL,NULL,NULL,'mother','A',0),(17,0,0,'father','CHIDI-AROH','Chimdalu','Ekwomchi ',NULL,10,NULL,'male','','2011-04-15','','','',NULL,NULL,NULL,NULL,NULL,NULL,NULL,NULL,NULL,NULL,'Boarder',NULL,NULL,NULL,NULL,NULL,NULL,'None','0000-00-00',0.00,'',NULL,NULL,NULL,NULL,NULL,NULL,NULL,NULL,'chidi-aroh_000017@gonzagajesuit.org','','0 by ictadmin@gonzagajesuit.org at Mon, 21 Nov 2022 15:08:06 +0100',NULL,NULL,NULL,NULL,'GJC000017',NULL,NULL,NULL,NULL,'mother','A',0),(18,0,0,'father','CHIDI-AROH','Ebubechukwu','Chimkasinma ',NULL,13,NULL,'male','','2011-04-15','','','',NULL,NULL,NULL,NULL,NULL,NULL,NULL,NULL,NULL,NULL,'Boarder',NULL,NULL,NULL,NULL,NULL,NULL,'None','0000-00-00',0.00,'',NULL,NULL,NULL,NULL,NULL,NULL,NULL,NULL,'chidi-aroh_000018@gonzagajesuit.org','','0 by ictadmin@gonzagajesuit.org at Mon, 21 Nov 2022 15:09:31 +0100',NULL,NULL,NULL,NULL,'GJC000018',NULL,NULL,NULL,NULL,'mother','A',0),(19,212,213,'father','CHIJIOKE','Kamsiyochukwu','David ',NULL,11,NULL,'male','','2010-09-22','','','',NULL,NULL,NULL,NULL,NULL,NULL,NULL,NULL,NULL,NULL,'Boarder',NULL,NULL,NULL,NULL,NULL,NULL,'None','0000-00-00',0.00,'',NULL,NULL,NULL,NULL,NULL,NULL,NULL,NULL,'chijioke_000019@gonzagajesuit.org','active',NULL,NULL,NULL,NULL,NULL,'GJC000019',NULL,NULL,NULL,NULL,'mother','A',0),(20,214,215,'father','CHINDA','Confidence','Nneoma ',NULL,10,NULL,'female',NULL,'2009-10-22',NULL,NULL,NULL,NULL,NULL,NULL,NULL,NULL,NULL,NULL,NULL,NULL,NULL,'Boarder',NULL,NULL,NULL,NULL,NULL,NULL,NULL,'1970-01-01',0.00,NULL,NULL,NULL,NULL,NULL,NULL,NULL,NULL,NULL,'chinda_000020@gonzagajesuit.org','active',NULL,NULL,NULL,NULL,NULL,'GJC000020',NULL,NULL,NULL,NULL,'mother','A',0),(21,216,217,'father','DIMNWOBI','Chidubem','Antonio ',NULL,11,NULL,'male','','2011-04-21','','','',NULL,NULL,NULL,NULL,NULL,NULL,NULL,NULL,NULL,NULL,'Boarder',NULL,NULL,NULL,NULL,NULL,NULL,'None','0000-00-00',0.00,'',NULL,NULL,NULL,NULL,NULL,NULL,NULL,NULL,'dimnwobi_000021@gonzagajesuit.org','active',NULL,NULL,NULL,NULL,NULL,'GJC000021',NULL,NULL,NULL,NULL,'mother','A',0),(22,218,219,'father','DINWOKE','Bunienna','Brian ',NULL,11,NULL,'male','','2010-05-17','','','',NULL,NULL,NULL,NULL,NULL,NULL,NULL,NULL,NULL,NULL,'Boarder',NULL,NULL,NULL,NULL,NULL,NULL,'None','0000-00-00',0.00,'',NULL,NULL,NULL,NULL,NULL,NULL,NULL,NULL,'dinwoke_000022@gonzagajesuit.org','active',NULL,NULL,NULL,NULL,NULL,'GJC000022',NULL,NULL,NULL,NULL,'mother','A',0),(23,220,221,'father','DON-EGBO','Onyinyechukwu','Clare ',NULL,11,NULL,'female','','2011-05-21','','','',NULL,NULL,NULL,NULL,NULL,NULL,NULL,NULL,NULL,NULL,'Boarder',NULL,NULL,NULL,NULL,NULL,NULL,'None','0000-00-00',0.00,'',NULL,NULL,NULL,NULL,NULL,NULL,NULL,NULL,'don-egbo_000023@gonzagajesuit.org','active',NULL,NULL,NULL,NULL,NULL,'GJC000023',NULL,NULL,NULL,NULL,'mother','A',0),(24,223,222,'father','DUNKWU','Janefrances','Mmesomachukwu ',NULL,2,NULL,'female','','2011-07-02','','','',NULL,NULL,NULL,NULL,NULL,NULL,NULL,NULL,NULL,NULL,'Boarder',NULL,NULL,NULL,NULL,NULL,NULL,'None','0000-00-00',0.00,'',NULL,NULL,NULL,NULL,NULL,NULL,NULL,NULL,'dunkwu_000024@gonzagajesuit.org','active',NULL,NULL,NULL,NULL,NULL,'GJC000024',NULL,NULL,NULL,NULL,'mother','A',0),(25,224,225,'father','EBRENEYIN','Ayirioritse','Anne ',NULL,13,NULL,'female','','2010-07-26','','','',NULL,NULL,NULL,NULL,NULL,NULL,NULL,NULL,NULL,NULL,'Boarder',NULL,NULL,NULL,NULL,NULL,NULL,'None','0000-00-00',0.00,'',NULL,NULL,NULL,NULL,NULL,NULL,NULL,NULL,'ebreneyin_000025@gonzagajesuit.org','active',NULL,NULL,NULL,NULL,NULL,'GJC000025',NULL,NULL,NULL,NULL,'mother','A',0),(26,226,0,'father','EKEH','Joseph','Chinemelum ',NULL,2,NULL,'male','','2010-04-29','','','',NULL,NULL,NULL,NULL,NULL,NULL,NULL,NULL,NULL,NULL,'Boarder',NULL,NULL,NULL,NULL,NULL,NULL,'None','0000-00-00',0.00,'',NULL,NULL,NULL,NULL,NULL,NULL,NULL,NULL,'ekeh_000026@gonzagajesuit.org','active',NULL,NULL,NULL,NULL,NULL,'GJC000026',NULL,NULL,NULL,NULL,'mother','A',0),(27,227,228,'father','EMEKA-ANEKWE','Chinkemka','Baraka Namene ',NULL,11,NULL,'male','','2010-08-09','','','',NULL,NULL,NULL,NULL,NULL,NULL,NULL,NULL,NULL,NULL,'Boarder',NULL,NULL,NULL,NULL,NULL,NULL,'None','0000-00-00',0.00,'',NULL,NULL,NULL,NULL,NULL,NULL,NULL,NULL,'emeka-anekwe_000027@gonzagajesuit.org','active',NULL,NULL,NULL,NULL,NULL,'GJC000027',NULL,NULL,NULL,NULL,'mother','A',0),(28,229,230,'father','ERHIAGANOMA','Oghenejere','Nathan ',NULL,11,NULL,'male','','2010-03-26','','','',NULL,NULL,NULL,NULL,NULL,NULL,NULL,NULL,NULL,NULL,'Boarder',NULL,NULL,NULL,NULL,NULL,NULL,'None','0000-00-00',0.00,'',NULL,NULL,NULL,NULL,NULL,NULL,NULL,NULL,'erhiaganoma_000028@gonzagajesuit.org','active',NULL,NULL,NULL,NULL,NULL,'GJC000028',NULL,NULL,NULL,NULL,'mother','A',0),(29,231,232,'father','ESOMONYE','Patrick','Ifeanyichukwu  Chinemerem ',NULL,2,NULL,'male','','2011-09-27','','','',NULL,NULL,NULL,NULL,NULL,NULL,NULL,NULL,NULL,NULL,'Boarder',NULL,NULL,NULL,NULL,NULL,NULL,'None','0000-00-00',0.00,'',NULL,NULL,NULL,NULL,NULL,NULL,NULL,NULL,'esomonye_000029@gonzagajesuit.org','active',NULL,NULL,NULL,NULL,NULL,'GJC000029',NULL,NULL,NULL,NULL,'mother','A',0),(30,58,59,'father','ETELE','Christopher','Kambilinimechukwu Chisimdi',NULL,13,NULL,'male','','2010-03-31','','','',NULL,NULL,NULL,NULL,NULL,NULL,NULL,NULL,NULL,NULL,'Boarder',NULL,NULL,NULL,NULL,NULL,NULL,'None','0000-00-00',0.00,'',NULL,NULL,NULL,NULL,NULL,NULL,NULL,NULL,'etele_000030@gonzagajesuit.org','active',NULL,NULL,NULL,NULL,NULL,'GJC000030',NULL,NULL,NULL,NULL,'mother','A',0),(31,233,234,'father','EWE','Akachukwu','Marvel ',NULL,2,NULL,'male','','2011-04-13','','','',NULL,NULL,NULL,NULL,NULL,NULL,NULL,NULL,NULL,NULL,'Boarder',NULL,NULL,NULL,NULL,NULL,NULL,'None','0000-00-00',0.00,'',NULL,NULL,NULL,NULL,NULL,NULL,NULL,NULL,'ewe_000031@gonzagajesuit.org','active',NULL,NULL,NULL,NULL,NULL,'GJC000031',NULL,NULL,NULL,NULL,'mother','A',0),(32,235,236,'father','EYO','Dibekima Valour','Monday ',NULL,11,NULL,'male','','2010-11-28','','','',NULL,NULL,NULL,NULL,NULL,NULL,NULL,NULL,NULL,NULL,'Boarder',NULL,NULL,NULL,NULL,NULL,NULL,'None','0000-00-00',0.00,'',NULL,NULL,NULL,NULL,NULL,NULL,NULL,NULL,'eyo_000032@gonzagajesuit.org','active',NULL,NULL,NULL,NULL,NULL,'GJC000032',NULL,NULL,NULL,NULL,'mother','A',0),(33,237,238,'father','EZEH','Zikorachukwu','Valerie ',NULL,11,NULL,'female','','2011-03-11','','','',NULL,NULL,NULL,NULL,NULL,NULL,NULL,NULL,NULL,NULL,'Boarder',NULL,NULL,NULL,NULL,NULL,NULL,'None','0000-00-00',0.00,'',NULL,NULL,NULL,NULL,NULL,NULL,NULL,NULL,'ezeh_000033@gonzagajesuit.org','active',NULL,NULL,NULL,NULL,NULL,'GJC000033',NULL,NULL,NULL,NULL,'mother','A',0),(34,239,240,'father','EZENWAGU-OKAFOR','Munachimso','Mona-Zita ',NULL,2,NULL,'female','','2011-09-11','','','',NULL,NULL,NULL,NULL,NULL,NULL,NULL,NULL,NULL,NULL,'Boarder',NULL,NULL,NULL,NULL,NULL,NULL,'None','0000-00-00',0.00,'',NULL,NULL,NULL,NULL,NULL,NULL,NULL,NULL,'ezenwagu-okafor_000034@gonzagajesuit.org','active',NULL,NULL,NULL,NULL,NULL,'GJC000034',NULL,NULL,NULL,NULL,'mother','A',0),(35,241,242,'father','EZEOKE','Ibuchim','Martins ',NULL,10,NULL,'male','','2010-08-11','','','',NULL,NULL,NULL,NULL,NULL,NULL,NULL,NULL,NULL,NULL,'Boarder',NULL,NULL,NULL,NULL,NULL,NULL,'None','0000-00-00',0.00,'',NULL,NULL,NULL,NULL,NULL,NULL,NULL,NULL,'ezeoke_000035@gonzagajesuit.org','active',NULL,NULL,NULL,NULL,NULL,'GJC000035',NULL,NULL,NULL,NULL,'mother','A',0),(36,68,69,'father','FRANK-UGWU','Kosisochukwu','Joan ',NULL,10,NULL,'female','','2010-02-27','','','',NULL,NULL,NULL,NULL,NULL,NULL,NULL,NULL,NULL,NULL,'Boarder',NULL,NULL,NULL,NULL,NULL,NULL,'None','0000-00-00',0.00,'',NULL,NULL,NULL,NULL,NULL,NULL,NULL,NULL,'frank-ugwu_000036@gonzagajesuit.org','active',NULL,NULL,NULL,NULL,NULL,'GJC000036',NULL,NULL,NULL,NULL,'mother','A',0),(37,243,244,'father','IDAHOSA','Osamudiamen','Catherine ',NULL,2,NULL,'female','','2009-06-07','','','',NULL,NULL,NULL,NULL,NULL,NULL,NULL,NULL,NULL,NULL,'Boarder',NULL,NULL,NULL,NULL,NULL,NULL,'None','0000-00-00',0.00,'',NULL,NULL,NULL,NULL,NULL,NULL,NULL,NULL,'idahosa_000037@gonzagajesuit.org','active',NULL,NULL,NULL,NULL,NULL,'GJC000037',NULL,NULL,NULL,NULL,'mother','A',0),(38,245,246,'father','IFEME','Ifechukwu','Kachidebelu Emmanuel  ',NULL,13,NULL,'male','','2009-08-01','','','',NULL,NULL,NULL,NULL,NULL,NULL,NULL,NULL,NULL,NULL,'Boarder',NULL,NULL,NULL,NULL,NULL,NULL,'None','0000-00-00',0.00,'',NULL,NULL,NULL,NULL,NULL,NULL,NULL,NULL,'ifeme_000038@gonzagajesuit.org','active',NULL,NULL,NULL,NULL,NULL,'GJC000038',NULL,NULL,NULL,NULL,'mother','A',0),(39,249,250,'father','IGWE','Erika','Daniella ',NULL,11,NULL,'female','','2009-10-20','','','',NULL,NULL,NULL,NULL,NULL,NULL,NULL,NULL,NULL,NULL,'Boarder',NULL,NULL,NULL,NULL,NULL,NULL,'None','0000-00-00',0.00,'',NULL,NULL,NULL,NULL,NULL,NULL,NULL,NULL,'igwe_000039@gonzagajesuit.org','active',NULL,NULL,NULL,NULL,NULL,'GJC000039',NULL,NULL,NULL,NULL,'mother','A',0),(40,247,248,'father','IGWE','Anora','Kainesochi Osawese',NULL,13,NULL,'female','','2010-08-25','','','',NULL,NULL,NULL,NULL,NULL,NULL,NULL,NULL,NULL,NULL,'Boarder',NULL,NULL,NULL,NULL,NULL,NULL,'None','0000-00-00',0.00,'',NULL,NULL,NULL,NULL,NULL,NULL,NULL,NULL,'igwe_000040@gonzagajesuit.org','active',NULL,NULL,NULL,NULL,NULL,'GJC000040',NULL,NULL,NULL,NULL,'mother','A',0),(41,251,252,'father','IKECHUKWU','Daniella','Ewere ',NULL,2,NULL,'female','','2011-09-20','','','',NULL,NULL,NULL,NULL,NULL,NULL,NULL,NULL,NULL,NULL,'Boarder',NULL,NULL,NULL,NULL,NULL,NULL,'None','0000-00-00',0.00,'',NULL,NULL,NULL,NULL,NULL,NULL,NULL,NULL,'ikechukwu_000041@gonzagajesuit.org','active',NULL,NULL,NULL,NULL,NULL,'GJC000041',NULL,NULL,NULL,NULL,'mother','A',0),(42,253,254,'father','ISHAKU-ABNER','Kunari','Hadassah ',NULL,2,NULL,'female','','2010-02-26','','','',NULL,NULL,NULL,NULL,NULL,NULL,NULL,NULL,NULL,NULL,'Boarder',NULL,NULL,NULL,NULL,NULL,NULL,'None','0000-00-00',0.00,'',NULL,NULL,NULL,NULL,NULL,NULL,NULL,NULL,'ishaku-abner_000042@gonzagajesuit.org','active',NULL,NULL,NULL,NULL,NULL,'GJC000042',NULL,NULL,NULL,NULL,'mother','A',0),(43,255,256,'father','IYIDOBI','Kenenna','Gerald ',NULL,2,NULL,'male','','2009-04-25','','','',NULL,NULL,NULL,NULL,NULL,NULL,NULL,NULL,NULL,NULL,'Boarder',NULL,NULL,NULL,NULL,NULL,NULL,'None','0000-00-00',0.00,'',NULL,NULL,NULL,NULL,NULL,NULL,NULL,NULL,'iyidobi_000043@gonzagajesuit.org','active',NULL,NULL,NULL,NULL,NULL,'GJC000043',NULL,NULL,NULL,NULL,'mother','A',0),(44,257,258,NULL,'KAMALU','Eleraobari',NULL,NULL,13,NULL,'male',NULL,'2010-03-13',NULL,NULL,NULL,NULL,NULL,NULL,NULL,NULL,NULL,NULL,NULL,NULL,NULL,'Boarder',NULL,NULL,NULL,NULL,NULL,NULL,NULL,'1970-01-01',0.00,NULL,NULL,NULL,NULL,NULL,NULL,NULL,NULL,NULL,'isaac-kamalu_000044@gonzagajesuit.org','active',NULL,NULL,NULL,NULL,NULL,'GJC000044',NULL,NULL,NULL,NULL,'mother','A',0),(45,259,260,'father','MAC-MUOBIKE','Nnamdi','Vianney ',NULL,11,NULL,'male','','2010-08-04','','','',NULL,NULL,NULL,NULL,NULL,NULL,NULL,NULL,NULL,NULL,'Boarder',NULL,NULL,NULL,NULL,NULL,NULL,'None','0000-00-00',0.00,'',NULL,NULL,NULL,NULL,NULL,NULL,NULL,NULL,'mac-muobike_000045@gonzagajesuit.org','active',NULL,NULL,NULL,NULL,NULL,'GJC000045',NULL,NULL,NULL,NULL,'mother','A',0),(46,261,262,'father','MBA','Ozioma','MariaFaustina ',NULL,10,NULL,'female','','2010-10-06','','','',NULL,NULL,NULL,NULL,NULL,NULL,NULL,NULL,NULL,NULL,'Boarder',NULL,NULL,NULL,NULL,NULL,NULL,'None','0000-00-00',0.00,'',NULL,NULL,NULL,NULL,NULL,NULL,NULL,NULL,'mba_000046@gonzagajesuit.org','active',NULL,NULL,NULL,NULL,NULL,'GJC000046',NULL,NULL,NULL,NULL,'mother','A',0),(47,98,99,'father','MBAGWU','Daniel','Chibumazuogu ',NULL,2,NULL,'male','','2010-12-26','','','',NULL,NULL,NULL,NULL,NULL,NULL,NULL,NULL,NULL,NULL,'Boarder',NULL,NULL,NULL,NULL,NULL,NULL,'None','0000-00-00',0.00,'',NULL,NULL,NULL,NULL,NULL,NULL,NULL,NULL,'mbagwu_000047@gonzagajesuit.org','active',NULL,NULL,NULL,NULL,NULL,'GJC000047',NULL,NULL,NULL,NULL,'mother','A',0),(48,104,105,'father','NJOKU','Ikenna','Daniel ',NULL,13,NULL,'male','','2010-05-08','','','',NULL,NULL,NULL,NULL,NULL,NULL,NULL,NULL,NULL,NULL,'Boarder',NULL,NULL,NULL,NULL,NULL,NULL,'None','0000-00-00',0.00,'',NULL,NULL,NULL,NULL,NULL,NULL,NULL,NULL,'njoku_000048@gonzagajesuit.org','active',NULL,NULL,NULL,NULL,NULL,'GJC000048',NULL,NULL,NULL,NULL,'mother','A',0),(49,263,262,'father','NNABUKO','Chisom','Brendine ',NULL,10,NULL,'female','','2010-09-14','','','',NULL,NULL,NULL,NULL,NULL,NULL,NULL,NULL,NULL,NULL,'Boarder',NULL,NULL,NULL,NULL,NULL,NULL,'None','0000-00-00',0.00,'',NULL,NULL,NULL,NULL,NULL,NULL,NULL,NULL,'nnabuko_000049@gonzagajesuit.org','active',NULL,NULL,NULL,NULL,NULL,'GJC000049',NULL,NULL,NULL,NULL,'mother','A',0),(50,264,265,'father','NNADI','Stephanie','Kamsiyochukwu ',NULL,11,NULL,'female','','2009-10-14','','','',NULL,NULL,NULL,NULL,NULL,NULL,NULL,NULL,NULL,NULL,'Boarder',NULL,NULL,NULL,NULL,NULL,NULL,'None','0000-00-00',0.00,'',NULL,NULL,NULL,NULL,NULL,NULL,NULL,NULL,'nnadi_000050@gonzagajesuit.org','active',NULL,NULL,NULL,NULL,NULL,'GJC000050',NULL,NULL,NULL,NULL,'mother','A',0),(51,266,267,'father','NNANI','Ebubechukwu','Wendo ',NULL,13,NULL,'male','','2010-02-26','','','',NULL,NULL,NULL,NULL,NULL,NULL,NULL,NULL,NULL,NULL,'Boarder',NULL,NULL,NULL,NULL,NULL,NULL,'None','0000-00-00',0.00,'',NULL,NULL,NULL,NULL,NULL,NULL,NULL,NULL,'nnani_000051@gonzagajesuit.org','active',NULL,NULL,NULL,NULL,NULL,'GJC000051',NULL,NULL,NULL,NULL,'mother','A',0),(52,269,268,'father','NWACHUKWU','Donald','Chiemela ',NULL,11,NULL,'male','','2010-02-05','','','',NULL,NULL,NULL,NULL,NULL,NULL,NULL,NULL,NULL,NULL,'Boarder',NULL,NULL,NULL,NULL,NULL,NULL,'None','0000-00-00',0.00,'',NULL,NULL,NULL,NULL,NULL,NULL,NULL,NULL,'nwachukwu_000052@gonzagajesuit.org','active',NULL,NULL,NULL,NULL,NULL,'GJC000052',NULL,NULL,NULL,NULL,'mother','A',0),(53,272,273,'father','NWACHUKWU','Michael','Nzubechukwu ',NULL,11,NULL,'male','','2009-09-29','','','',NULL,NULL,NULL,NULL,NULL,NULL,NULL,NULL,NULL,NULL,'Boarder',NULL,NULL,NULL,NULL,NULL,NULL,'None','0000-00-00',0.00,'',NULL,NULL,NULL,NULL,NULL,NULL,NULL,NULL,'nwachukwu_000053@gonzagajesuit.org','active',NULL,NULL,NULL,NULL,NULL,'GJC000053',NULL,NULL,NULL,NULL,'mother','A',0),(54,270,271,'father','NWACHUKWU','Jachimma','Emmanuella ',NULL,13,NULL,'female','','2010-05-31','','','',NULL,NULL,NULL,NULL,NULL,NULL,NULL,NULL,NULL,NULL,'Boarder',NULL,NULL,NULL,NULL,NULL,NULL,'None','0000-00-00',0.00,'',NULL,NULL,NULL,NULL,NULL,NULL,NULL,NULL,'nwachukwu_000054@gonzagajesuit.org','active',NULL,NULL,NULL,NULL,NULL,'GJC000054',NULL,NULL,NULL,NULL,'mother','A',0),(55,274,275,'father','NWAFOR','Chinedu','Emmanuel ',NULL,10,NULL,'male','','2011-07-09','','','',NULL,NULL,NULL,NULL,NULL,NULL,NULL,NULL,NULL,NULL,'Boarder',NULL,NULL,NULL,NULL,NULL,NULL,'None','0000-00-00',0.00,'',NULL,NULL,NULL,NULL,NULL,NULL,NULL,NULL,'nwafor_000055@gonzagajesuit.org','active',NULL,NULL,NULL,NULL,NULL,'GJC000055',NULL,NULL,NULL,NULL,'mother','A',0),(56,0,0,'father','NWANKWO','Bob-emmanuel','Ifeanyichukwu ',NULL,10,NULL,'male','','2010-02-16','','','',NULL,NULL,NULL,NULL,NULL,NULL,NULL,NULL,NULL,NULL,'Boarder',NULL,NULL,NULL,NULL,NULL,NULL,'None','0000-00-00',0.00,'',NULL,NULL,NULL,NULL,NULL,NULL,NULL,NULL,'nwankwo_000056@gonzagajesuit.org','','0 by ictadmin@gonzagajesuit.org at Mon, 21 Nov 2022 15:13:22 +0100',NULL,NULL,NULL,NULL,'GJC000056',NULL,NULL,NULL,NULL,'mother','A',0),(57,110,111,'father','NWAOBI','Treasure','Onyinyechukwu ',NULL,10,NULL,'female','','2010-07-13','','','',NULL,NULL,NULL,NULL,NULL,NULL,NULL,NULL,NULL,NULL,'Boarder',NULL,NULL,NULL,NULL,NULL,NULL,'None','0000-00-00',0.00,'',NULL,NULL,NULL,NULL,NULL,NULL,NULL,NULL,'nwaobi_000057@gonzagajesuit.org','active',NULL,NULL,NULL,NULL,NULL,'GJC000057',NULL,NULL,NULL,NULL,'mother','A',0),(58,276,277,'father','NWEFOH','Adanna','Chimamanda ',NULL,10,NULL,'female','','2011-05-07','','','',NULL,NULL,NULL,NULL,NULL,NULL,NULL,NULL,NULL,NULL,'Boarder',NULL,NULL,NULL,NULL,NULL,NULL,'None','0000-00-00',0.00,'',NULL,NULL,NULL,NULL,NULL,NULL,NULL,NULL,'nwefoh_000058@gonzagajesuit.org','active',NULL,NULL,NULL,NULL,NULL,'GJC000058',NULL,NULL,NULL,NULL,'mother','A',0),(59,113,114,'father','NWOYE','Chinedu','Anthony ',NULL,13,NULL,'male','','2010-12-23','','','',NULL,NULL,NULL,NULL,NULL,NULL,NULL,NULL,NULL,NULL,'Boarder',NULL,NULL,NULL,NULL,NULL,NULL,'None','0000-00-00',0.00,'',NULL,NULL,NULL,NULL,NULL,NULL,NULL,NULL,'nwoye_000059@gonzagajesuit.org','active',NULL,NULL,NULL,NULL,NULL,'GJC000059',NULL,NULL,NULL,NULL,'mother','A',0),(60,278,279,'father','NZERIBE','Chukwudalu','Paschal ',NULL,10,NULL,'male','','2010-08-29','','','',NULL,NULL,NULL,NULL,NULL,NULL,NULL,NULL,NULL,NULL,'Boarder',NULL,NULL,NULL,NULL,NULL,NULL,'None','0000-00-00',0.00,'',NULL,NULL,NULL,NULL,NULL,NULL,NULL,NULL,'nzeribe_000060@gonzagajesuit.org','active',NULL,NULL,NULL,NULL,NULL,'GJC000060',NULL,NULL,NULL,NULL,'mother','A',0),(61,280,281,'father','OBENE','Kristos','Chukwudumebi ',NULL,11,NULL,'male','','2009-12-22','','','',NULL,NULL,NULL,NULL,NULL,NULL,NULL,NULL,NULL,NULL,'Boarder',NULL,NULL,NULL,NULL,NULL,NULL,'None','0000-00-00',0.00,'',NULL,NULL,NULL,NULL,NULL,NULL,NULL,NULL,'obene_000061@gonzagajesuit.org','active',NULL,NULL,NULL,NULL,NULL,'GJC000061',NULL,NULL,NULL,NULL,'mother','A',0),(62,282,0,'father','OBI-OKWUBANEGO','Flora','Chimamanda ',NULL,11,NULL,'female','','2010-02-11','','','',NULL,NULL,NULL,NULL,NULL,NULL,NULL,NULL,NULL,NULL,'Boarder',NULL,NULL,NULL,NULL,NULL,NULL,'None','0000-00-00',0.00,'',NULL,NULL,NULL,NULL,NULL,NULL,NULL,NULL,'obi-okwubanego_000062@gonzagajesuit.org','active',NULL,NULL,NULL,NULL,NULL,'GJC000062',NULL,NULL,NULL,NULL,'mother','A',0),(63,0,283,'father','OBIEJESI','Adachukwu','Elizabeth ',NULL,11,NULL,'female','','2010-06-22','','','',NULL,NULL,NULL,NULL,NULL,NULL,NULL,NULL,NULL,NULL,'Boarder',NULL,NULL,NULL,NULL,NULL,NULL,'None','0000-00-00',0.00,'',NULL,NULL,NULL,NULL,NULL,NULL,NULL,NULL,'obiejesi_000063@gonzagajesuit.org','active',NULL,NULL,NULL,NULL,NULL,'GJC000063',NULL,NULL,NULL,NULL,'mother','A',0),(64,284,285,'father','OBINDUKA','Obielumani','Bliss ',NULL,13,NULL,'female','','2010-07-25','','','',NULL,NULL,NULL,NULL,NULL,NULL,NULL,NULL,NULL,NULL,'Boarder',NULL,NULL,NULL,NULL,NULL,NULL,'None','0000-00-00',0.00,'',NULL,NULL,NULL,NULL,NULL,NULL,NULL,NULL,'obinduka_000064@gonzagajesuit.org','active',NULL,NULL,NULL,NULL,NULL,'GJC000064',NULL,NULL,NULL,NULL,'mother','A',0),(65,0,287,'father','OBU','Mirabel','Chimamanda ',NULL,2,NULL,'female','','2011-03-16','','','',NULL,NULL,NULL,NULL,NULL,NULL,NULL,NULL,NULL,NULL,'Boarder',NULL,NULL,NULL,NULL,NULL,NULL,'None','0000-00-00',0.00,'',NULL,NULL,NULL,NULL,NULL,NULL,NULL,NULL,'obu_000065@gonzagajesuit.org','active',NULL,NULL,NULL,NULL,NULL,'GJC000065',NULL,NULL,NULL,NULL,'mother','A',0),(66,288,289,'father','OGBONNA-PAUL-ONU','Ogbonna','',NULL,2,NULL,'male','','2011-01-13','','','',NULL,NULL,NULL,NULL,NULL,NULL,NULL,NULL,NULL,NULL,'Boarder',NULL,NULL,NULL,NULL,NULL,NULL,'None','0000-00-00',0.00,'',NULL,NULL,NULL,NULL,NULL,NULL,NULL,NULL,'ogbonna-paul-onu_000066@gonzagajesuit.org','active',NULL,NULL,NULL,NULL,NULL,'GJC000066',NULL,NULL,NULL,NULL,'mother','A',0),(67,291,292,'father','OGUNNAIKE','Tobenna','Ethan ',NULL,13,NULL,'male','','2011-05-09','','','',NULL,NULL,NULL,NULL,NULL,NULL,NULL,NULL,NULL,NULL,'Boarder',NULL,NULL,NULL,NULL,NULL,NULL,'None','0000-00-00',0.00,'',NULL,NULL,NULL,NULL,NULL,NULL,NULL,NULL,'ogunnaike_000067@gonzagajesuit.org','active',NULL,NULL,NULL,NULL,NULL,'GJC000067',NULL,NULL,NULL,NULL,'mother','A',0),(68,293,294,'father','OKAFOR','Chidera','Ifeoma ',NULL,13,NULL,'female','','2010-09-25','','','',NULL,NULL,NULL,NULL,NULL,NULL,NULL,NULL,NULL,NULL,'Boarder',NULL,NULL,NULL,NULL,NULL,NULL,'None','0000-00-00',0.00,'',NULL,NULL,NULL,NULL,NULL,NULL,NULL,NULL,'okafor_000068@gonzagajesuit.org','active',NULL,NULL,NULL,NULL,NULL,'GJC000068',NULL,NULL,NULL,NULL,'mother','A',0),(69,0,153,'father','OKECHUKWU','Chidinma','Sophia ',NULL,11,NULL,'female','','2010-08-25','','','',NULL,NULL,NULL,NULL,NULL,NULL,NULL,NULL,NULL,NULL,'Boarder',NULL,NULL,NULL,NULL,NULL,NULL,'None','0000-00-00',0.00,'',NULL,NULL,NULL,NULL,NULL,NULL,NULL,NULL,'okechukwu_000069@gonzagajesuit.org','active',NULL,NULL,NULL,NULL,NULL,'GJC000069',NULL,NULL,NULL,NULL,'mother','A',0),(70,295,296,'father','OKENYI','Chinazom','Finian ',NULL,13,NULL,'male','','2009-09-16','','','',NULL,NULL,NULL,NULL,NULL,NULL,NULL,NULL,NULL,NULL,'Boarder',NULL,NULL,NULL,NULL,NULL,NULL,'None','0000-00-00',0.00,'',NULL,NULL,NULL,NULL,NULL,NULL,NULL,NULL,'okenyi_000070@gonzagajesuit.org','active',NULL,NULL,NULL,NULL,NULL,'GJC000070',NULL,NULL,NULL,NULL,'mother','A',0),(71,0,297,'father','OKONKWO','Ekene','Benita ',NULL,13,NULL,'female','','2010-03-20','','','',NULL,NULL,NULL,NULL,NULL,NULL,NULL,NULL,NULL,NULL,'Boarder',NULL,NULL,NULL,NULL,NULL,NULL,'None','0000-00-00',0.00,'',NULL,NULL,NULL,NULL,NULL,NULL,NULL,NULL,'okonkwo_000071@gonzagajesuit.org','active',NULL,NULL,NULL,NULL,NULL,'GJC000071',NULL,NULL,NULL,NULL,'mother','A',0),(72,0,0,'father','OKORAFOR','Ubimma','Osasogie ',NULL,10,NULL,'female','','2009-11-14','','','',NULL,NULL,NULL,NULL,NULL,NULL,NULL,NULL,NULL,NULL,'Boarder',NULL,NULL,NULL,NULL,NULL,NULL,'None','0000-00-00',0.00,'',NULL,NULL,NULL,NULL,NULL,NULL,NULL,NULL,'okorafor_000072@gonzagajesuit.org','','0 by ictadmin@gonzagajesuit.org at Mon, 21 Nov 2022 15:14:30 +0100',NULL,NULL,NULL,NULL,'GJC000072',NULL,NULL,NULL,NULL,'mother','A',0),(73,298,299,'father','ONUBOGU','Ifechukwu','Olivia Amarachukwu ',NULL,11,NULL,'female','','2011-01-16','','','',NULL,NULL,NULL,NULL,NULL,NULL,NULL,NULL,NULL,NULL,'Boarder',NULL,NULL,NULL,NULL,NULL,NULL,'None','0000-00-00',0.00,'',NULL,NULL,NULL,NULL,NULL,NULL,NULL,NULL,'onubogu_000073@gonzagajesuit.org','active',NULL,NULL,NULL,NULL,NULL,'GJC000073',NULL,NULL,NULL,NULL,'mother','A',0),(74,300,301,'father','ONYEKACHI','Ekeoma','Destiny ',NULL,13,NULL,'male','','2010-01-21','','','',NULL,NULL,NULL,NULL,NULL,NULL,NULL,NULL,NULL,NULL,'Boarder',NULL,NULL,NULL,NULL,NULL,NULL,'None','0000-00-00',0.00,'',NULL,NULL,NULL,NULL,NULL,NULL,NULL,NULL,'onyekachi_000074@gonzagajesuit.org','active',NULL,NULL,NULL,NULL,NULL,'GJC000074',NULL,NULL,NULL,NULL,'mother','A',0),(75,302,303,'father','ONYILOKWU','Takim','Aboje ',NULL,11,NULL,'male','','2011-05-03','','','',NULL,NULL,NULL,NULL,NULL,NULL,NULL,NULL,NULL,NULL,'Boarder',NULL,NULL,NULL,NULL,NULL,NULL,'None','0000-00-00',0.00,'',NULL,NULL,NULL,NULL,NULL,NULL,NULL,NULL,'onyilokwu_000075@gonzagajesuit.org','active',NULL,NULL,NULL,NULL,NULL,'GJC000075',NULL,NULL,NULL,NULL,'mother','A',0),(76,305,306,'father','PITAN','Oluwademilade','Charis ',NULL,11,NULL,'male','','2010-07-27','','','',NULL,NULL,NULL,NULL,NULL,NULL,NULL,NULL,NULL,NULL,'Boarder',NULL,NULL,NULL,NULL,NULL,NULL,'None','0000-00-00',0.00,'',NULL,NULL,NULL,NULL,NULL,NULL,NULL,NULL,'pitan_000076@gonzagajesuit.org','active',NULL,NULL,NULL,NULL,NULL,'GJC000076',NULL,NULL,NULL,NULL,'mother','A',0),(77,307,308,'father','UBBOE','Munachimso','Hillary  James',NULL,10,NULL,'male','','2010-07-03','','','',NULL,NULL,NULL,NULL,NULL,NULL,NULL,NULL,NULL,NULL,'Boarder',NULL,NULL,NULL,NULL,NULL,NULL,'None','0000-00-00',0.00,'',NULL,NULL,NULL,NULL,NULL,NULL,NULL,NULL,'ubboe_000077@gonzagajesuit.org','active',NULL,NULL,NULL,NULL,NULL,'GJC000077',NULL,NULL,NULL,NULL,'mother','A',0),(78,310,309,'father','UCHE','Nnennia','Natalie Chidinma',NULL,2,NULL,'female','','2011-05-21','','','',NULL,NULL,NULL,NULL,NULL,NULL,NULL,NULL,NULL,NULL,'Boarder',NULL,NULL,NULL,NULL,NULL,NULL,'None','0000-00-00',0.00,'',NULL,NULL,NULL,NULL,NULL,NULL,NULL,NULL,'uche_000078@gonzagajesuit.org','active',NULL,NULL,NULL,NULL,NULL,'GJC000078',NULL,NULL,NULL,NULL,'mother','A',0),(79,0,311,'father','UDE','Nnaemezie','Francesco ',NULL,2,NULL,'male','','2010-05-13','','','',NULL,NULL,NULL,NULL,NULL,NULL,NULL,NULL,NULL,NULL,'Boarder',NULL,NULL,NULL,NULL,NULL,NULL,'None','0000-00-00',0.00,'',NULL,NULL,NULL,NULL,NULL,NULL,NULL,NULL,'ude_000079@gonzagajesuit.org','active',NULL,NULL,NULL,NULL,NULL,'GJC000079',NULL,NULL,NULL,NULL,'mother','A',0),(80,312,313,'father','UDEAGWU','Chukwudi','Williams ',NULL,2,NULL,'male','','2009-08-04','','','',NULL,NULL,NULL,NULL,NULL,NULL,NULL,NULL,NULL,NULL,'Boarder',NULL,NULL,NULL,NULL,NULL,NULL,'None','0000-00-00',0.00,'',NULL,NULL,NULL,NULL,NULL,NULL,NULL,NULL,'udeagwu_000080@gonzagajesuit.org','active',NULL,NULL,NULL,NULL,NULL,'GJC000080',NULL,NULL,NULL,NULL,'mother','A',0),(81,314,315,'father','UDO','Nmeri','Divine ',NULL,10,NULL,'male','','2010-07-15','','','',NULL,NULL,NULL,NULL,NULL,NULL,NULL,NULL,NULL,NULL,'Boarder',NULL,NULL,NULL,NULL,NULL,NULL,'None','0000-00-00',0.00,'',NULL,NULL,NULL,NULL,NULL,NULL,NULL,NULL,'udo_000081@gonzagajesuit.org','active',NULL,NULL,NULL,NULL,NULL,'GJC000081',NULL,NULL,NULL,NULL,'mother','A',0),(82,316,317,'father','UKEJE','Michael','Ojeolua  Iheanyichukwu ',NULL,10,NULL,'male','','2010-02-13','','','',NULL,NULL,NULL,NULL,NULL,NULL,NULL,NULL,NULL,NULL,'Boarder',NULL,NULL,NULL,NULL,NULL,NULL,'None','0000-00-00',0.00,'',NULL,NULL,NULL,NULL,NULL,NULL,NULL,NULL,'ukeje_000082@gonzagajesuit.org','active',NULL,NULL,NULL,NULL,NULL,'GJC000082',NULL,NULL,NULL,NULL,'mother','A',0),(83,1,2,'father','UMEANO','Onyinyenna','Ngozichukwu ',NULL,13,NULL,'female','','2009-12-08','','','',NULL,NULL,NULL,NULL,NULL,NULL,NULL,NULL,NULL,NULL,'Boarder',NULL,NULL,NULL,NULL,NULL,NULL,'None','0000-00-00',0.00,'',NULL,NULL,NULL,NULL,NULL,NULL,NULL,NULL,'umeano_000083@gonzagajesuit.org','active',NULL,NULL,NULL,NULL,NULL,'GJC000083',NULL,NULL,NULL,NULL,'mother','A',0),(84,318,319,'father','UMEBIDO','Jeffrey','Chukwuebuka ',NULL,2,NULL,'male','','2010-03-27','','','',NULL,NULL,NULL,NULL,NULL,NULL,NULL,NULL,NULL,NULL,'Boarder',NULL,NULL,NULL,NULL,NULL,NULL,'None','0000-00-00',0.00,'',NULL,NULL,NULL,NULL,NULL,NULL,NULL,NULL,'umebido_000084@gonzagajesuit.org','active',NULL,NULL,NULL,NULL,NULL,'GJC000084',NULL,NULL,NULL,NULL,'mother','A',0),(85,320,321,'father','UMEJI','Chiagoziem','Joan ',NULL,2,NULL,'female','','2010-06-20','','','',NULL,NULL,NULL,NULL,NULL,NULL,NULL,NULL,NULL,NULL,'Boarder',NULL,NULL,NULL,NULL,NULL,NULL,'None','0000-00-00',0.00,'',NULL,NULL,NULL,NULL,NULL,NULL,NULL,NULL,'umeji_000085@gonzagajesuit.org','active',NULL,NULL,NULL,NULL,NULL,'GJC000085',NULL,NULL,NULL,NULL,'mother','A',0),(86,322,0,'father','UMEJI','Victor','Onyedikachukwu ',NULL,10,NULL,'male','','2010-05-06','','','',NULL,NULL,NULL,NULL,NULL,NULL,NULL,NULL,NULL,NULL,'Boarder',NULL,NULL,NULL,NULL,NULL,NULL,'None','0000-00-00',0.00,'',NULL,NULL,NULL,NULL,NULL,NULL,NULL,NULL,'umeji_000086@gonzagajesuit.org','active',NULL,NULL,NULL,NULL,NULL,'GJC000086',NULL,NULL,NULL,NULL,'mother','A',0),(87,322,0,'father','UMEJI','Vanessa','Nwadiuso ',NULL,13,NULL,'female','','2010-05-06','','','',NULL,NULL,NULL,NULL,NULL,NULL,NULL,NULL,NULL,NULL,'Boarder',NULL,NULL,NULL,NULL,NULL,NULL,'None','0000-00-00',0.00,'',NULL,NULL,NULL,NULL,NULL,NULL,NULL,NULL,'umeji_000087@gonzagajesuit.org','active',NULL,NULL,NULL,NULL,NULL,'GJC000087',NULL,NULL,NULL,NULL,'mother','A',0),(88,324,325,NULL,'UWAIFO','Emmanuel','Edoghogho ',NULL,2,NULL,'male',NULL,'2010-04-02',NULL,NULL,NULL,NULL,NULL,NULL,NULL,NULL,NULL,NULL,NULL,NULL,NULL,'Boarder',NULL,NULL,NULL,NULL,NULL,NULL,NULL,'1970-01-01',0.00,NULL,NULL,NULL,NULL,NULL,NULL,NULL,NULL,NULL,'uwaifo_000088@gonzagajesuit.org','active',NULL,NULL,NULL,NULL,NULL,'GJC000088',NULL,NULL,NULL,NULL,'mother','A',0),(89,3,4,NULL,'ADICHIE','Excel','Sochima',NULL,1,NULL,'male',NULL,'2011-07-16','-- Please Select --',NULL,NULL,NULL,NULL,NULL,NULL,NULL,NULL,NULL,NULL,NULL,NULL,'Boarder',NULL,NULL,NULL,NULL,NULL,NULL,NULL,'2022-11-11',0.00,NULL,NULL,NULL,NULL,NULL,NULL,NULL,NULL,'08107970801','adichie_000089@gonzagajesuit.org','active',NULL,NULL,NULL,NULL,NULL,'GJC000089',NULL,NULL,NULL,NULL,'mother','A',0),(90,5,6,NULL,'ADUAKA','Chizaram ','Rosemary',NULL,1,NULL,'female',NULL,'2011-05-23','-- Please Select --',NULL,NULL,NULL,NULL,NULL,NULL,NULL,NULL,NULL,NULL,NULL,NULL,'Boarder',NULL,NULL,NULL,NULL,NULL,NULL,NULL,'2022-11-11',0.00,NULL,NULL,NULL,NULL,NULL,NULL,NULL,NULL,'08107970801','aduaka_000090@gonzagajesuit.org','active',NULL,NULL,NULL,NULL,NULL,'GJC000090',NULL,NULL,NULL,NULL,'mother','A',0),(91,7,8,NULL,'AGBAFE','Chidera ','Donald',NULL,8,NULL,'male',NULL,'2011-06-07','-- Please Select --',NULL,NULL,NULL,NULL,NULL,NULL,NULL,NULL,NULL,NULL,NULL,NULL,'Boarder',NULL,NULL,NULL,NULL,NULL,NULL,NULL,'2022-11-11',0.00,NULL,NULL,NULL,NULL,NULL,NULL,NULL,NULL,'08107970801','agbafe_000091@gonzagajesuit.org','active',NULL,NULL,NULL,NULL,NULL,'GJC000091',NULL,NULL,NULL,NULL,'mother','A',0),(92,9,10,NULL,'AGOROM','Oguchi','Jason',NULL,9,NULL,'male',NULL,'2011-12-04','-- Please Select --',NULL,NULL,NULL,NULL,NULL,NULL,NULL,NULL,NULL,NULL,NULL,NULL,'Boarder',NULL,NULL,NULL,NULL,NULL,NULL,NULL,'2022-11-11',0.00,NULL,NULL,NULL,NULL,NULL,NULL,NULL,NULL,'08107970801','agorom_000092@gonzagajesuit.org','active',NULL,NULL,NULL,NULL,NULL,'GJC000092',NULL,NULL,NULL,NULL,'mother','A',0),(93,11,12,NULL,'AGU','Munachimso','Anthonette',NULL,8,NULL,'female',NULL,'2012-01-17','-- Please Select --',NULL,NULL,NULL,NULL,NULL,NULL,NULL,NULL,NULL,NULL,NULL,NULL,'Boarder',NULL,NULL,NULL,NULL,NULL,NULL,NULL,'2022-11-11',0.00,NULL,NULL,NULL,NULL,NULL,NULL,NULL,NULL,'08107970801','agu_000093@gonzagajesuit.org','active',NULL,NULL,NULL,NULL,NULL,'GJC000093',NULL,NULL,NULL,NULL,'mother','A',0),(94,13,14,NULL,'AJIRI-UWUSEBA','Oghenekaro ','Benedict',NULL,7,NULL,'male',NULL,'2011-01-07','-- Please Select --',NULL,NULL,NULL,NULL,NULL,NULL,NULL,NULL,NULL,NULL,NULL,NULL,'Boarder',NULL,NULL,NULL,NULL,NULL,NULL,NULL,'2022-11-11',0.00,NULL,NULL,NULL,NULL,NULL,NULL,NULL,NULL,'08107970801','ajiri-uwuseba_000094@gonzagajesuit.org','active',NULL,NULL,NULL,NULL,NULL,'GJC000094',NULL,NULL,NULL,NULL,'mother','A',0),(95,15,16,NULL,'AKPAN','Inyeneabasi','CHIMAMANDA',NULL,8,NULL,'female',NULL,'2012-05-18','-- Please Select --',NULL,NULL,NULL,NULL,NULL,NULL,NULL,NULL,NULL,NULL,NULL,NULL,'Boarder',NULL,NULL,NULL,NULL,NULL,NULL,NULL,'2022-11-11',0.00,NULL,NULL,NULL,NULL,NULL,NULL,NULL,NULL,'08107970801','akpan_000095@gonzagajesuit.org','active',NULL,NULL,NULL,NULL,NULL,'GJC000095',NULL,NULL,NULL,NULL,'mother','A',0),(96,17,18,NULL,'ALI','EMMANUEL ','ONU-OJO',NULL,9,NULL,'male',NULL,'2010-11-14','-- Please Select --',NULL,NULL,NULL,NULL,NULL,NULL,NULL,NULL,NULL,NULL,NULL,NULL,'Boarder',NULL,NULL,NULL,NULL,NULL,NULL,NULL,'2022-11-11',0.00,NULL,NULL,NULL,NULL,NULL,NULL,NULL,NULL,'08107970801','ali_000096@gonzagajesuit.org','active',NULL,NULL,NULL,NULL,NULL,'GJC000096',NULL,NULL,NULL,NULL,'mother','A',0),(97,19,20,NULL,'AMAECHI- ORAH','Chimamanda','Vanessa',NULL,7,NULL,'female',NULL,'2011-06-15','-- Please Select --',NULL,NULL,NULL,NULL,NULL,NULL,NULL,NULL,NULL,NULL,NULL,NULL,'Boarder',NULL,NULL,NULL,NULL,NULL,NULL,NULL,'2022-11-11',0.00,NULL,NULL,NULL,NULL,NULL,NULL,NULL,NULL,'08107970801','amaechi-orah_000097@gonzagajesuit.org','active',NULL,NULL,NULL,NULL,NULL,'GJC000097',NULL,NULL,NULL,NULL,'mother','A',0),(98,21,22,NULL,'UMEH','Chinedum','Brian',NULL,9,NULL,'male',NULL,'2012-07-28','-- Please Select --',NULL,NULL,NULL,NULL,NULL,NULL,NULL,NULL,NULL,NULL,NULL,NULL,'Boarder',NULL,NULL,NULL,NULL,NULL,NULL,NULL,'2022-11-11',0.00,NULL,NULL,NULL,NULL,NULL,NULL,NULL,NULL,'08107970801','anakwe-umeh_000098@gonzagajesuit.org','active',NULL,NULL,NULL,NULL,NULL,'GJC000098',NULL,NULL,NULL,NULL,'mother','A',0),(99,23,24,NULL,'ANAKWUE','CHUKWUEMEKA','DAVID',NULL,8,NULL,'male',NULL,'2011-11-24','-- Please Select --',NULL,NULL,NULL,NULL,NULL,NULL,NULL,NULL,NULL,NULL,NULL,NULL,'Boarder',NULL,NULL,NULL,NULL,NULL,NULL,NULL,'2022-11-11',0.00,NULL,NULL,NULL,NULL,NULL,NULL,NULL,NULL,'08107970801','anakwue_000099@gonzagajesuit.org','active',NULL,NULL,NULL,NULL,NULL,'GJC000099',NULL,NULL,NULL,NULL,'mother','A',0),(100,25,26,NULL,'ARINZE','Tobechukwu','Joan',NULL,8,NULL,'female',NULL,'2012-08-08','-- Please Select --',NULL,NULL,NULL,NULL,NULL,NULL,NULL,NULL,NULL,NULL,NULL,NULL,'Boarder',NULL,NULL,NULL,NULL,NULL,NULL,NULL,'2022-11-11',0.00,NULL,NULL,NULL,NULL,NULL,NULL,NULL,NULL,'08107970801','arinze_000100@gonzagajesuit.org','active',NULL,NULL,NULL,NULL,NULL,'GJC000100',NULL,NULL,NULL,NULL,'mother','A',0),(101,27,28,NULL,'ASIEGBU','Victory','Ifechukwu',NULL,9,NULL,'male',NULL,'2009-04-10','-- Please Select --',NULL,NULL,NULL,NULL,NULL,NULL,NULL,NULL,NULL,NULL,NULL,NULL,'Boarder',NULL,NULL,NULL,NULL,NULL,NULL,NULL,'2022-11-11',0.00,NULL,NULL,NULL,NULL,NULL,NULL,NULL,NULL,'08107970801','asiegbu_000101@gonzagajesuit.org','active',NULL,NULL,NULL,NULL,NULL,'GJC000101',NULL,NULL,NULL,NULL,'mother','A',0),(102,29,30,NULL,'ASO','Chizara','Zara',NULL,8,NULL,'female',NULL,'2011-10-22','-- Please Select --',NULL,NULL,NULL,NULL,NULL,NULL,NULL,NULL,NULL,NULL,NULL,NULL,'Boarder',NULL,NULL,NULL,NULL,NULL,NULL,NULL,'2022-11-11',0.00,NULL,NULL,NULL,NULL,NULL,NULL,NULL,NULL,'08107970801','aso_000102@gonzagajesuit.org','active',NULL,NULL,NULL,NULL,NULL,'GJC000102',NULL,NULL,NULL,NULL,'mother','A',0),(103,31,32,NULL,'BALA','Bryan','Jay-Kay',NULL,1,NULL,'male',NULL,'2012-01-26','-- Please Select --',NULL,NULL,NULL,NULL,NULL,NULL,NULL,NULL,NULL,NULL,NULL,NULL,'Boarder',NULL,NULL,NULL,NULL,NULL,NULL,NULL,'2022-11-11',0.00,NULL,NULL,NULL,NULL,NULL,NULL,NULL,NULL,'08107970801','bala_000103@gonzagajesuit.org','active',NULL,NULL,NULL,NULL,NULL,'GJC000103',NULL,NULL,NULL,NULL,'mother','A',0),(104,33,34,NULL,'CHIDI-EJEM','Julius','Precious',NULL,8,NULL,'male',NULL,'2012-02-06','-- Please Select --',NULL,NULL,NULL,NULL,NULL,NULL,NULL,NULL,NULL,NULL,NULL,NULL,'Boarder',NULL,NULL,NULL,NULL,NULL,NULL,NULL,'2022-11-11',0.00,NULL,NULL,NULL,NULL,NULL,NULL,NULL,NULL,'08107970801','chidi-ejem_000104@gonzagajesuit.org','active',NULL,NULL,NULL,NULL,NULL,'GJC000104',NULL,NULL,NULL,NULL,'mother','A',0),(105,35,36,NULL,'CHIEGBOKA','Chiagoziem','Bruno',NULL,8,NULL,'male',NULL,'2012-04-11','-- Please Select --',NULL,NULL,NULL,NULL,NULL,NULL,NULL,NULL,NULL,NULL,NULL,NULL,'Boarder',NULL,NULL,NULL,NULL,NULL,NULL,NULL,'2022-11-11',0.00,NULL,NULL,NULL,NULL,NULL,NULL,NULL,NULL,'08107970801','chiegboka_000105@gonzagajesuit.org','active',NULL,NULL,NULL,NULL,NULL,'GJC000105',NULL,NULL,NULL,NULL,'mother','A',0),(106,37,38,NULL,'CHIKWENDU','Ozioma','Rachael Faith',NULL,7,NULL,'female',NULL,'2012-05-08','-- Please Select --',NULL,NULL,NULL,NULL,NULL,NULL,NULL,NULL,NULL,NULL,NULL,NULL,'Boarder',NULL,NULL,NULL,NULL,NULL,NULL,NULL,'2022-11-11',0.00,NULL,NULL,NULL,NULL,NULL,NULL,NULL,NULL,'08107970801','chikwendu_000106@gonzagajesuit.org','active',NULL,NULL,NULL,NULL,NULL,'GJC000106',NULL,NULL,NULL,NULL,'mother','A',0),(107,39,40,NULL,'CHUKWU','Chimamanda ','Michelle',NULL,1,NULL,'female',NULL,'2011-09-05','-- Please Select --',NULL,NULL,NULL,NULL,NULL,NULL,NULL,NULL,NULL,NULL,NULL,NULL,'Boarder',NULL,NULL,NULL,NULL,NULL,NULL,NULL,'2022-11-11',0.00,NULL,NULL,NULL,NULL,NULL,NULL,NULL,NULL,'08107970801','chukwu_000107@gonzagajesuit.org','active',NULL,NULL,NULL,NULL,NULL,'GJC000107',NULL,NULL,NULL,NULL,'mother','A',0),(108,41,42,NULL,'CHUKWUMA','Chimfulunanya','Emerald',NULL,7,NULL,'female',NULL,'2011-11-28','-- Please Select --',NULL,NULL,NULL,NULL,NULL,NULL,NULL,NULL,NULL,NULL,NULL,NULL,'Boarder',NULL,NULL,NULL,NULL,NULL,NULL,NULL,'2022-11-11',0.00,NULL,NULL,NULL,NULL,NULL,NULL,NULL,NULL,'08107970801','chukwuma_000108@gonzagajesuit.org','active',NULL,NULL,NULL,NULL,NULL,'GJC000108',NULL,NULL,NULL,NULL,'mother','A',0),(109,43,0,NULL,'CHUKWUNEKE','Kosisochukwu','Nicole',NULL,8,NULL,'female',NULL,'2010-08-16','-- Please Select --',NULL,NULL,NULL,NULL,NULL,NULL,NULL,NULL,NULL,NULL,NULL,NULL,'Boarder',NULL,NULL,NULL,NULL,NULL,NULL,NULL,'2022-11-11',0.00,NULL,NULL,NULL,NULL,NULL,NULL,NULL,NULL,'08107970801','chukwuneke_000109@gonzagajesuit.org','pending',NULL,NULL,NULL,NULL,NULL,'GJC000109',NULL,NULL,NULL,NULL,'mother','A',0),(110,44,45,NULL,'EGWA','AGNES','ELOYI',NULL,9,NULL,'female',NULL,'2012-01-16','-- Please Select --',NULL,NULL,NULL,NULL,NULL,NULL,NULL,NULL,NULL,NULL,NULL,NULL,'Boarder',NULL,NULL,NULL,NULL,NULL,NULL,NULL,'2022-11-11',0.00,NULL,NULL,NULL,NULL,NULL,NULL,NULL,NULL,'08107970801','egwa_000110@gonzagajesuit.org','active',NULL,NULL,NULL,NULL,NULL,'GJC000110',NULL,NULL,NULL,NULL,'mother','A',0),(111,46,47,NULL,'EJESIEME','Chidera ','Jessica ',NULL,9,NULL,'female',NULL,'2012-05-16','-- Please Select --',NULL,NULL,NULL,NULL,NULL,NULL,NULL,NULL,NULL,NULL,NULL,NULL,'Boarder',NULL,NULL,NULL,NULL,NULL,NULL,NULL,'2022-11-11',0.00,NULL,NULL,NULL,NULL,NULL,NULL,NULL,NULL,'08107970801','ejesieme_000111@gonzagajesuit.org','active',NULL,NULL,NULL,NULL,NULL,'GJC000111',NULL,NULL,NULL,NULL,'mother','A',0),(112,48,49,NULL,'EKECHI','Nnenna','Audrey',NULL,8,NULL,'female',NULL,'2011-07-30','-- Please Select --',NULL,NULL,NULL,NULL,NULL,NULL,NULL,NULL,NULL,NULL,NULL,NULL,'Boarder',NULL,NULL,NULL,NULL,NULL,NULL,NULL,'2022-11-11',0.00,NULL,NULL,NULL,NULL,NULL,NULL,NULL,NULL,'08107970801','ekechi_000112@gonzagajesuit.org','active',NULL,NULL,NULL,NULL,NULL,'GJC000112',NULL,NULL,NULL,NULL,'mother','A',0),(113,50,51,NULL,'EKWUOGO ','Tobenna','Jeffery',NULL,1,NULL,'male',NULL,'2011-11-03','-- Please Select --',NULL,NULL,NULL,NULL,NULL,NULL,NULL,NULL,NULL,NULL,NULL,NULL,'Boarder',NULL,NULL,NULL,NULL,NULL,NULL,NULL,'2022-11-11',0.00,NULL,NULL,NULL,NULL,NULL,NULL,NULL,NULL,'08107970801','ekwuogo_000113@gonzagajesuit.org','active',NULL,NULL,NULL,NULL,NULL,'GJC000113',NULL,NULL,NULL,NULL,'mother','A',0),(114,52,53,NULL,'ELELEGU','Anulika','Frances',NULL,9,NULL,'female',NULL,'2011-02-09','-- Please Select --',NULL,NULL,NULL,NULL,NULL,NULL,NULL,NULL,NULL,NULL,NULL,NULL,'Boarder',NULL,NULL,NULL,NULL,NULL,NULL,NULL,'2022-11-11',0.00,NULL,NULL,NULL,NULL,NULL,NULL,NULL,NULL,'08107970801','elelegu_000114@gonzagajesuit.org','active',NULL,NULL,NULL,NULL,NULL,'GJC000114',NULL,NULL,NULL,NULL,'mother','A',0),(115,54,55,NULL,'EMELISI','Kamsiyochukwu','Bryant',NULL,8,NULL,'male',NULL,'2011-03-31','-- Please Select --',NULL,NULL,NULL,NULL,NULL,NULL,NULL,NULL,NULL,NULL,NULL,NULL,'Boarder',NULL,NULL,NULL,NULL,NULL,NULL,NULL,'2022-11-11',0.00,NULL,NULL,NULL,NULL,NULL,NULL,NULL,NULL,'08107970801','emelisi_000115@gonzagajesuit.org','active',NULL,NULL,NULL,NULL,NULL,'GJC000115',NULL,NULL,NULL,NULL,'mother','A',0),(116,56,57,NULL,'ENEJETA','Ogheneovie','JUSTICE,EMMANUEL',NULL,9,NULL,'male',NULL,'2011-05-12','-- Please Select --',NULL,NULL,NULL,NULL,NULL,NULL,NULL,NULL,NULL,NULL,NULL,NULL,'Boarder',NULL,NULL,NULL,NULL,NULL,NULL,NULL,'2022-11-11',0.00,NULL,NULL,NULL,NULL,NULL,NULL,NULL,NULL,'08107970801','enejeta_000116@gonzagajesuit.org','active',NULL,NULL,NULL,NULL,NULL,'GJC000116',NULL,NULL,NULL,NULL,'mother','A',0),(117,58,59,NULL,'ETELE','Promise','CHIEDOZIE',NULL,8,NULL,'male',NULL,'2011-08-15','-- Please Select --',NULL,NULL,NULL,NULL,NULL,NULL,NULL,NULL,NULL,NULL,NULL,NULL,'Boarder',NULL,NULL,NULL,NULL,NULL,NULL,NULL,'2022-11-11',0.00,NULL,NULL,NULL,NULL,NULL,NULL,NULL,NULL,'08107970801','etele_000117@gonzagajesuit.org','active',NULL,NULL,NULL,NULL,NULL,'GJC000117',NULL,NULL,NULL,NULL,'mother','A',0),(118,60,61,NULL,'EZE','OBINNA','JASON,EMMANUEL',NULL,7,NULL,'male',NULL,'2012-12-03','-- Please Select --',NULL,NULL,NULL,NULL,NULL,NULL,NULL,NULL,NULL,NULL,NULL,NULL,'Boarder',NULL,NULL,NULL,NULL,NULL,NULL,NULL,'2022-11-11',0.00,NULL,NULL,NULL,NULL,NULL,NULL,NULL,NULL,'08107970801','eze_000118@gonzagajesuit.org','active',NULL,NULL,NULL,NULL,NULL,'GJC000118',NULL,NULL,NULL,NULL,'mother','A',0),(119,62,63,NULL,'EZE','Godswill','Chinanu',NULL,9,NULL,'male',NULL,'2012-05-23','-- Please Select --',NULL,NULL,NULL,NULL,NULL,NULL,NULL,NULL,NULL,NULL,NULL,NULL,'Boarder',NULL,NULL,NULL,NULL,NULL,NULL,NULL,'2022-11-11',0.00,NULL,NULL,NULL,NULL,NULL,NULL,NULL,NULL,'08107970801','eze_000119@gonzagajesuit.org','active',NULL,NULL,NULL,NULL,NULL,'GJC000119',NULL,NULL,NULL,NULL,'mother','A',0),(120,64,65,NULL,'EZEIGWE','Kosisochukwu','JOHN',NULL,7,NULL,'male',NULL,'2012-06-20','-- Please Select --',NULL,NULL,NULL,NULL,NULL,NULL,NULL,NULL,NULL,NULL,NULL,NULL,'Boarder',NULL,NULL,NULL,NULL,NULL,NULL,NULL,'2022-11-11',0.00,NULL,NULL,NULL,NULL,NULL,NULL,NULL,NULL,'08107970801','ezeigwe_000120@gonzagajesuit.org','active',NULL,NULL,NULL,NULL,NULL,'GJC000120',NULL,NULL,NULL,NULL,'mother','A',0),(121,66,67,NULL,'EZEPUE','Chimamanda','Sofia',NULL,1,NULL,'female',NULL,'2010-07-28','-- Please Select --',NULL,NULL,NULL,NULL,NULL,NULL,NULL,NULL,NULL,NULL,NULL,NULL,'Boarder',NULL,NULL,NULL,NULL,NULL,NULL,NULL,'2022-11-11',0.00,NULL,NULL,NULL,NULL,NULL,NULL,NULL,NULL,'08107970801','ezepue_000121@gonzagajesuit.org','active',NULL,NULL,NULL,NULL,NULL,'GJC000121',NULL,NULL,NULL,NULL,'mother','A',0),(122,68,69,NULL,'FRANK-UGWU','Franklin','Kamsiyochukwu',NULL,1,NULL,'male',NULL,'2011-10-12','-- Please Select --',NULL,NULL,NULL,NULL,NULL,NULL,NULL,NULL,NULL,NULL,NULL,NULL,'Boarder',NULL,NULL,NULL,NULL,NULL,NULL,NULL,'2022-11-11',0.00,NULL,NULL,NULL,NULL,NULL,NULL,NULL,NULL,'08107970801','frank-ugwu_000122@gonzagajesuit.org','active',NULL,NULL,NULL,NULL,NULL,'GJC000122',NULL,NULL,NULL,NULL,'mother','A',0),(123,70,71,NULL,'GODWIN','Vanessa','Obianuju ',NULL,1,NULL,'female',NULL,'2012-06-24','-- Please Select --',NULL,NULL,NULL,NULL,NULL,NULL,NULL,NULL,NULL,NULL,NULL,NULL,'Boarder',NULL,NULL,NULL,NULL,NULL,NULL,NULL,'2022-11-11',0.00,NULL,NULL,NULL,NULL,NULL,NULL,NULL,NULL,'08107970801','godwin_000123@gonzagajesuit.org','active',NULL,NULL,NULL,NULL,NULL,'GJC000123',NULL,NULL,NULL,NULL,'mother','A',0),(124,72,73,NULL,'GREEN','Chinunam ','Emmanuel ',NULL,1,NULL,'male',NULL,'2011-05-06','-- Please Select --',NULL,NULL,NULL,NULL,NULL,NULL,NULL,NULL,NULL,NULL,NULL,NULL,'Boarder',NULL,NULL,NULL,NULL,NULL,NULL,NULL,'2022-11-11',0.00,NULL,NULL,NULL,NULL,NULL,NULL,NULL,NULL,'08107970801','green_000124@gonzagajesuit.org','active',NULL,NULL,NULL,NULL,NULL,'GJC000124',NULL,NULL,NULL,NULL,'mother','A',0),(125,74,75,NULL,'IBEKU','Chetachi','Ifechukwude',NULL,1,NULL,'male',NULL,'2012-01-07','-- Please Select --',NULL,NULL,NULL,NULL,NULL,NULL,NULL,NULL,NULL,NULL,NULL,NULL,'Boarder',NULL,NULL,NULL,NULL,NULL,NULL,NULL,'2022-11-11',0.00,NULL,NULL,NULL,NULL,NULL,NULL,NULL,NULL,'08107970801','ibeku_000125@gonzagajesuit.org','active',NULL,NULL,NULL,NULL,NULL,'GJC000125',NULL,NULL,NULL,NULL,'mother','A',0),(126,76,77,NULL,'IGBINOVIA','Christel','Osarugue',NULL,1,NULL,'female',NULL,'2012-09-14','-- Please Select --',NULL,NULL,NULL,NULL,NULL,NULL,NULL,NULL,NULL,NULL,NULL,NULL,'Boarder',NULL,NULL,NULL,NULL,NULL,NULL,NULL,'2022-11-11',0.00,NULL,NULL,NULL,NULL,NULL,NULL,NULL,NULL,'08107970801','igbinovia_000126@gonzagajesuit.org','active',NULL,NULL,NULL,NULL,NULL,'GJC000126',NULL,NULL,NULL,NULL,'mother','A',0),(127,78,79,NULL,'IGUE','Ewere','Godswill',NULL,7,NULL,'male',NULL,'2011-03-21','-- Please Select --',NULL,NULL,NULL,NULL,NULL,NULL,NULL,NULL,NULL,NULL,NULL,NULL,'Boarder',NULL,NULL,NULL,NULL,NULL,NULL,NULL,'2022-11-11',0.00,NULL,NULL,NULL,NULL,NULL,NULL,NULL,NULL,'08107970801','igue_000127@gonzagajesuit.org','active',NULL,NULL,NULL,NULL,NULL,'GJC000127',NULL,NULL,NULL,NULL,'mother','A',0),(128,80,81,NULL,'IGWE','Munachimso ','Ivy',NULL,8,NULL,'female',NULL,'2012-06-17','-- Please Select --',NULL,NULL,NULL,NULL,NULL,NULL,NULL,NULL,NULL,NULL,NULL,NULL,'Boarder',NULL,NULL,NULL,NULL,NULL,NULL,NULL,'2022-11-11',0.00,NULL,NULL,NULL,NULL,NULL,NULL,NULL,NULL,'08107970801','igwe_000128@gonzagajesuit.org','active',NULL,NULL,NULL,NULL,NULL,'GJC000128',NULL,NULL,NULL,NULL,'mother','A',0),(129,82,83,NULL,'IGWE','Chris -Manuel ','Chibuikem',NULL,9,NULL,'male',NULL,'2010-12-12','-- Please Select --',NULL,NULL,NULL,NULL,NULL,NULL,NULL,NULL,NULL,NULL,NULL,NULL,'Boarder',NULL,NULL,NULL,NULL,NULL,NULL,NULL,'2022-11-11',0.00,NULL,NULL,NULL,NULL,NULL,NULL,NULL,NULL,'08107970801','igwe_000129@gonzagajesuit.org','active',NULL,NULL,NULL,NULL,NULL,'GJC000129',NULL,NULL,NULL,NULL,'mother','A',0),(130,84,85,NULL,'IJIOMA','Sochikanyima','Joan',NULL,7,NULL,'female',NULL,'2010-10-17','-- Please Select --',NULL,NULL,NULL,NULL,NULL,NULL,NULL,NULL,NULL,NULL,NULL,NULL,'Boarder',NULL,NULL,NULL,NULL,NULL,NULL,NULL,'2022-11-11',0.00,NULL,NULL,NULL,NULL,NULL,NULL,NULL,NULL,'08107970801','ijioma_000130@gonzagajesuit.org','active',NULL,NULL,NULL,NULL,NULL,'GJC000130',NULL,NULL,NULL,NULL,'mother','A',0),(131,84,85,NULL,'IJIOMA','Sogidechi','Jane',NULL,1,NULL,'female',NULL,'2010-10-17','-- Please Select --',NULL,NULL,NULL,NULL,NULL,NULL,NULL,NULL,NULL,NULL,NULL,NULL,'Boarder',NULL,NULL,NULL,NULL,NULL,NULL,NULL,'2022-11-11',0.00,NULL,NULL,NULL,NULL,NULL,NULL,NULL,NULL,'08107970801','ijioma_000131@gonzagajesuit.org','active',NULL,NULL,NULL,NULL,NULL,'GJC000131',NULL,NULL,NULL,NULL,'mother','A',0),(132,86,87,NULL,'IKE','Onyedikachi','David',NULL,8,NULL,'male',NULL,'2011-08-11','-- Please Select --',NULL,NULL,NULL,NULL,NULL,NULL,NULL,NULL,NULL,NULL,NULL,NULL,'Boarder',NULL,NULL,NULL,NULL,NULL,NULL,NULL,'2022-11-11',0.00,NULL,NULL,NULL,NULL,NULL,NULL,NULL,NULL,'08107970801','ike_000132@gonzagajesuit.org','active',NULL,NULL,NULL,NULL,NULL,'GJC000132',NULL,NULL,NULL,NULL,'mother','A',0),(133,88,89,NULL,'IKE ','Daniel','Chukwuemeka',NULL,1,NULL,'male',NULL,'2011-12-09','-- Please Select --',NULL,NULL,NULL,NULL,NULL,NULL,NULL,NULL,NULL,NULL,NULL,NULL,'Boarder',NULL,NULL,NULL,NULL,NULL,NULL,NULL,'2022-11-11',0.00,NULL,NULL,NULL,NULL,NULL,NULL,NULL,NULL,'08107970801','ike_000133@gonzagajesuit.org','active',NULL,NULL,NULL,NULL,NULL,'GJC000133',NULL,NULL,NULL,NULL,'mother','A',0),(134,90,91,NULL,'ILOKA','CHIDERA ','KINGSLEY',NULL,8,NULL,'male',NULL,'2009-09-24','-- Please Select --',NULL,NULL,NULL,NULL,NULL,NULL,NULL,NULL,NULL,NULL,NULL,NULL,'Boarder',NULL,NULL,NULL,NULL,NULL,NULL,NULL,'2022-11-11',0.00,NULL,NULL,NULL,NULL,NULL,NULL,NULL,NULL,'08107970801','iloka_000134@gonzagajesuit.org','active',NULL,NULL,NULL,NULL,NULL,'GJC000134',NULL,NULL,NULL,NULL,'mother','A',0),(135,92,93,NULL,'ITUMA-ODEY ','CHIDIEBERE ','EBE',NULL,8,NULL,'male',NULL,'2011-07-19','-- Please Select --',NULL,NULL,NULL,NULL,NULL,NULL,NULL,NULL,NULL,NULL,NULL,NULL,'Boarder',NULL,NULL,NULL,NULL,NULL,NULL,NULL,'2022-11-11',0.00,NULL,NULL,NULL,NULL,NULL,NULL,NULL,NULL,'08107970801','ituma-odey_000135@gonzagajesuit.org','active',NULL,NULL,NULL,NULL,NULL,'GJC000135',NULL,NULL,NULL,NULL,'mother','A',0),(136,94,95,NULL,'IZUCHUKWU','Chibuikem','Michael ',NULL,7,NULL,'male',NULL,'2011-05-11','-- Please Select --',NULL,NULL,NULL,NULL,NULL,NULL,NULL,NULL,NULL,NULL,NULL,NULL,'Boarder',NULL,NULL,NULL,NULL,NULL,NULL,NULL,'2022-11-11',0.00,NULL,NULL,NULL,NULL,NULL,NULL,NULL,NULL,'08107970801','izuchukwu_000136@gonzagajesuit.org','active',NULL,NULL,NULL,NULL,NULL,'GJC000136',NULL,NULL,NULL,NULL,'mother','A',0),(137,96,97,NULL,'MAMAH','James','Okwuchukwu ',NULL,1,NULL,'male',NULL,'2011-10-02','-- Please Select --',NULL,NULL,NULL,NULL,NULL,NULL,NULL,NULL,NULL,NULL,NULL,NULL,'Boarder',NULL,NULL,NULL,NULL,NULL,NULL,NULL,'2022-11-11',0.00,NULL,NULL,NULL,NULL,NULL,NULL,NULL,NULL,'08107970801','mamah_000137@gonzagajesuit.org','active',NULL,NULL,NULL,NULL,NULL,'GJC000137',NULL,NULL,NULL,NULL,'mother','A',0),(138,98,99,NULL,'MBAGWU','Gabriel','Uchenna',NULL,7,NULL,'male',NULL,'2012-01-24','-- Please Select --',NULL,NULL,NULL,NULL,NULL,NULL,NULL,NULL,NULL,NULL,NULL,NULL,'Boarder',NULL,NULL,NULL,NULL,NULL,NULL,NULL,'2022-11-11',0.00,NULL,NULL,NULL,NULL,NULL,NULL,NULL,NULL,'08107970801','mbagwu_000138@gonzagajesuit.org','active',NULL,NULL,NULL,NULL,NULL,'GJC000138',NULL,NULL,NULL,NULL,'mother','A',0),(139,100,101,NULL,'MICHAEL-AKUKA','Delight','Chiemela',NULL,7,NULL,'female',NULL,'2011-01-23','-- Please Select --',NULL,NULL,NULL,NULL,NULL,NULL,NULL,NULL,NULL,NULL,NULL,NULL,'Boarder',NULL,NULL,NULL,NULL,NULL,NULL,NULL,'2022-11-11',0.00,NULL,NULL,NULL,NULL,NULL,NULL,NULL,NULL,'08107970801','michael-akuka_000139@gonzagajesuit.org','active',NULL,NULL,NULL,NULL,NULL,'GJC000139',NULL,NULL,NULL,NULL,'mother','A',0),(140,102,103,NULL,'NJEZE','Nwabundo','Kamsiyochukwu',NULL,7,NULL,'female',NULL,'2010-10-16','-- Please Select --',NULL,NULL,NULL,NULL,NULL,NULL,NULL,NULL,NULL,NULL,NULL,NULL,'Boarder',NULL,NULL,NULL,NULL,NULL,NULL,NULL,'2022-11-11',0.00,NULL,NULL,NULL,NULL,NULL,NULL,NULL,NULL,'08107970801','njeze_000140@gonzagajesuit.org','active',NULL,NULL,NULL,NULL,NULL,'GJC000140',NULL,NULL,NULL,NULL,'mother','A',0),(141,104,105,NULL,'NJOKU','Ihuoma','Chimdinma, JANE',NULL,7,NULL,'female',NULL,'2011-07-24','-- Please Select --',NULL,NULL,NULL,NULL,NULL,NULL,NULL,NULL,NULL,NULL,NULL,NULL,'Boarder',NULL,NULL,NULL,NULL,NULL,NULL,NULL,'2022-11-11',0.00,NULL,NULL,NULL,NULL,NULL,NULL,NULL,NULL,'08107970801','njoku_000141@gonzagajesuit.org','active',NULL,NULL,NULL,NULL,NULL,'GJC000141',NULL,NULL,NULL,NULL,'mother','A',0),(142,106,107,NULL,'NNAMDI-ASIEGBU','Ugo','MUNACHISO',NULL,1,NULL,'male',NULL,'2011-07-25','-- Please Select --',NULL,NULL,NULL,NULL,NULL,NULL,NULL,NULL,NULL,NULL,NULL,NULL,'Boarder',NULL,NULL,NULL,NULL,NULL,NULL,NULL,'2022-11-11',0.00,NULL,NULL,NULL,NULL,NULL,NULL,NULL,NULL,'08107970801','nnamdi-asiegbu_000142@gonzagajesuit.org','active',NULL,NULL,NULL,NULL,NULL,'GJC000142',NULL,NULL,NULL,NULL,'mother','A',0),(143,108,109,NULL,'NWADIKE','Ogochukwu','Michelle',NULL,9,NULL,'female',NULL,'2011-07-26','-- Please Select --',NULL,NULL,NULL,NULL,NULL,NULL,NULL,NULL,NULL,NULL,NULL,NULL,'Boarder',NULL,NULL,NULL,NULL,NULL,NULL,NULL,'2022-11-11',0.00,NULL,NULL,NULL,NULL,NULL,NULL,NULL,NULL,'08107970801','nwadike_000143@gonzagajesuit.org','active',NULL,NULL,NULL,NULL,NULL,'GJC000143',NULL,NULL,NULL,NULL,'mother','A',0),(144,110,111,NULL,'NWAOBI','SAMUEL','CHIGOZIM',NULL,9,NULL,'male',NULL,'2011-10-23','-- Please Select --',NULL,NULL,NULL,NULL,NULL,NULL,NULL,NULL,NULL,NULL,NULL,NULL,'Boarder',NULL,NULL,NULL,NULL,NULL,NULL,NULL,'2022-11-11',0.00,NULL,NULL,NULL,NULL,NULL,NULL,NULL,NULL,'08107970801','nwaobi_000144@gonzagajesuit.org','active',NULL,NULL,NULL,NULL,NULL,'GJC000144',NULL,NULL,NULL,NULL,'mother','A',0),(145,112,0,NULL,'NWENYI','OSITADIMMA','MARK,DIAMOND',NULL,7,NULL,'male',NULL,'2011-12-18','-- Please Select --',NULL,NULL,NULL,NULL,NULL,NULL,NULL,NULL,NULL,NULL,NULL,NULL,'Boarder',NULL,NULL,NULL,NULL,NULL,NULL,NULL,'2022-11-11',0.00,NULL,NULL,NULL,NULL,NULL,NULL,NULL,NULL,'08107970801','nwenyi_000145@gonzagajesuit.org','active',NULL,NULL,NULL,NULL,NULL,'GJC000145',NULL,NULL,NULL,NULL,'mother','A',0),(146,113,114,NULL,'NWOYE','Chidinma Florence',NULL,NULL,1,NULL,'female',NULL,'2012-05-30','-- Please Select --',NULL,NULL,NULL,NULL,NULL,NULL,NULL,NULL,NULL,NULL,NULL,NULL,'Boarder',NULL,NULL,NULL,NULL,NULL,NULL,NULL,'2022-11-11',0.00,NULL,NULL,NULL,NULL,NULL,NULL,NULL,NULL,'08107970801','nwoye_000146@gonzagajesuit.org','active',NULL,NULL,NULL,NULL,NULL,'GJC000146',NULL,NULL,NULL,NULL,'mother','A',0),(147,115,116,NULL,'NWUJU','Ikenna',' Jefferson',NULL,1,NULL,'male',NULL,'2011-09-01','-- Please Select --',NULL,NULL,NULL,NULL,NULL,NULL,NULL,NULL,NULL,NULL,NULL,NULL,'Boarder',NULL,NULL,NULL,NULL,NULL,NULL,NULL,'2022-11-11',0.00,NULL,NULL,NULL,NULL,NULL,NULL,NULL,NULL,'08107970801','nwuju_147@gonzagajesuit.org','active',NULL,NULL,NULL,NULL,NULL,'GJC000147',NULL,NULL,NULL,NULL,'mother','A',0),(148,117,118,NULL,'OCHI','Divine Grace ','Chinenye',NULL,7,NULL,'female',NULL,'2011-07-09','-- Please Select --',NULL,NULL,NULL,NULL,NULL,NULL,NULL,NULL,NULL,NULL,NULL,NULL,'Boarder',NULL,NULL,NULL,NULL,NULL,NULL,NULL,'2022-11-11',0.00,NULL,NULL,NULL,NULL,NULL,NULL,NULL,NULL,'08107970801','ochi_000148@gonzagajesuit.org','active',NULL,NULL,NULL,NULL,NULL,'GJC000148',NULL,NULL,NULL,NULL,'mother','A',0),(149,119,120,NULL,'ODOFIN','ADEOLUWA','EMMANUEL OSAZE',NULL,1,NULL,'male',NULL,'2012-01-13','-- Please Select --',NULL,NULL,NULL,NULL,NULL,NULL,NULL,NULL,NULL,NULL,NULL,NULL,'Boarder',NULL,NULL,NULL,NULL,NULL,NULL,NULL,'2022-11-11',0.00,NULL,NULL,NULL,NULL,NULL,NULL,NULL,NULL,'08107970801','odofin_000149@gonzagajesuit.org','active',NULL,NULL,NULL,NULL,NULL,'GJC000149',NULL,NULL,NULL,NULL,'mother','A',0),(150,121,122,NULL,'OFFODILE','Chiamanda','Ifeanyichukwu',NULL,9,NULL,'female',NULL,'2012-01-23','-- Please Select --',NULL,NULL,NULL,NULL,NULL,NULL,NULL,NULL,NULL,NULL,NULL,NULL,'Boarder',NULL,NULL,NULL,NULL,NULL,NULL,NULL,'2022-11-11',0.00,NULL,NULL,NULL,NULL,NULL,NULL,NULL,NULL,'08107970801','offodile_000150@gonzagajesuit.org','active',NULL,NULL,NULL,NULL,NULL,'GJC000150',NULL,NULL,NULL,NULL,'mother','A',0),(151,123,124,NULL,'OFILI','Chukwuebuka','McDonald',NULL,1,NULL,'male',NULL,'2010-12-16','-- Please Select --',NULL,NULL,NULL,NULL,NULL,NULL,NULL,NULL,NULL,NULL,NULL,NULL,'Boarder',NULL,NULL,NULL,NULL,NULL,NULL,NULL,'2022-11-11',0.00,NULL,NULL,NULL,NULL,NULL,NULL,NULL,NULL,'08107970801','ofili_000151@gonzagajesuit.org','active',NULL,NULL,NULL,NULL,NULL,'GJC000151',NULL,NULL,NULL,NULL,'mother','A',0),(152,125,126,NULL,'OGBIMI','Marilyn','Eloho',NULL,9,NULL,'female',NULL,'2011-10-16','-- Please Select --',NULL,NULL,NULL,NULL,NULL,NULL,NULL,NULL,NULL,NULL,NULL,NULL,'Boarder',NULL,NULL,NULL,NULL,NULL,NULL,NULL,'2022-11-11',0.00,NULL,NULL,NULL,NULL,NULL,NULL,NULL,NULL,'08107970801','ogbimi_000152@gonzagajesuit.org','active',NULL,NULL,NULL,NULL,NULL,'GJC000152',NULL,NULL,NULL,NULL,'mother','A',0),(153,127,128,NULL,'OHASHIEGBULA','ALESSANDRO','CHUKWUEMEKA',NULL,7,NULL,'male',NULL,'2010-10-08','-- Please Select --',NULL,NULL,NULL,NULL,NULL,NULL,NULL,NULL,NULL,NULL,NULL,NULL,'Boarder',NULL,NULL,NULL,NULL,NULL,NULL,NULL,'2022-11-11',0.00,NULL,NULL,NULL,NULL,NULL,NULL,NULL,NULL,'08107970801','ohashiegbula_000153@gonzagajesuit.org','active',NULL,NULL,NULL,NULL,NULL,'GJC000153',NULL,NULL,NULL,NULL,'mother','A',0),(154,129,130,NULL,'OHEN','Etoma - Obasi','Daniel',NULL,8,NULL,'male',NULL,'2011-07-22','-- Please Select --',NULL,NULL,NULL,NULL,NULL,NULL,NULL,NULL,NULL,NULL,NULL,NULL,'Boarder',NULL,NULL,NULL,NULL,NULL,NULL,NULL,'2022-11-11',0.00,NULL,NULL,NULL,NULL,NULL,NULL,NULL,NULL,'08107970801','ohen_000154@gonzagajesuit.org','active',NULL,NULL,NULL,NULL,NULL,'GJC000154',NULL,NULL,NULL,NULL,'mother','A',0),(155,131,132,NULL,'OJENGWA','Sochikaima','Oluebube',NULL,8,NULL,'male',NULL,'2011-08-29','-- Please Select --',NULL,NULL,NULL,NULL,NULL,NULL,NULL,NULL,NULL,NULL,NULL,NULL,'Boarder',NULL,NULL,NULL,NULL,NULL,NULL,NULL,'2022-11-11',0.00,NULL,NULL,NULL,NULL,NULL,NULL,NULL,NULL,'08107970801','ojengwa_000155@gonzagajesuit.org','active',NULL,NULL,NULL,NULL,NULL,'GJC000155',NULL,NULL,NULL,NULL,'mother','A',0),(156,133,134,NULL,'OKAFOR','Christabel','CHIDINDU',NULL,7,NULL,'female',NULL,'2011-07-04','-- Please Select --',NULL,NULL,NULL,NULL,NULL,NULL,NULL,NULL,NULL,NULL,NULL,NULL,'Boarder',NULL,NULL,NULL,NULL,NULL,NULL,NULL,'2022-11-11',0.00,NULL,NULL,NULL,NULL,NULL,NULL,NULL,NULL,'08107970801','okafor_000156@gonzagajesuit.org','active',NULL,NULL,NULL,NULL,NULL,'GJC000156',NULL,NULL,NULL,NULL,'mother','A',0),(157,135,136,NULL,'OKANYA','Mmelichukwu','Juanito-marie ,Enyinnia',NULL,9,NULL,'male',NULL,'2012-11-02','-- Please Select --',NULL,NULL,NULL,NULL,NULL,NULL,NULL,NULL,NULL,NULL,NULL,NULL,'Boarder',NULL,NULL,NULL,NULL,NULL,NULL,NULL,'2022-11-11',0.00,NULL,NULL,NULL,NULL,NULL,NULL,NULL,NULL,'08107970801','okanya_000157@gonzagajesuit.org','active',NULL,NULL,NULL,NULL,NULL,'GJC000157',NULL,NULL,NULL,NULL,'mother','A',0),(158,137,138,NULL,'OKEKE','Kamsiyochukwu','Daniella',NULL,9,NULL,'female',NULL,'2011-11-01','-- Please Select --',NULL,NULL,NULL,NULL,NULL,NULL,NULL,NULL,NULL,NULL,NULL,NULL,'Boarder',NULL,NULL,NULL,NULL,NULL,NULL,NULL,'2022-11-11',0.00,NULL,NULL,NULL,NULL,NULL,NULL,NULL,NULL,'08107970801','okeke_000158@gonzagajesuit.org','active',NULL,NULL,NULL,NULL,NULL,'GJC000158',NULL,NULL,NULL,NULL,'mother','A',0),(159,0,0,NULL,'OKEKE','Kaosisochukwu','Emmanuella',NULL,7,NULL,'female',NULL,'2011-11-01','-- Please Select --',NULL,NULL,NULL,NULL,NULL,NULL,NULL,NULL,NULL,NULL,NULL,NULL,'Boarder',NULL,NULL,NULL,NULL,NULL,NULL,NULL,'2022-11-11',0.00,NULL,NULL,NULL,NULL,NULL,NULL,NULL,NULL,'08107970801','okeke_000159@gonzagajesuit.org','active',NULL,NULL,NULL,NULL,NULL,'GJC000159',NULL,NULL,NULL,NULL,'mother','A',0),(160,139,140,NULL,'OKEKE','Gold','Chidubem, OGOCHUKWU',NULL,1,NULL,'female',NULL,'2011-12-21','-- Please Select --',NULL,NULL,NULL,NULL,NULL,NULL,NULL,NULL,NULL,NULL,NULL,NULL,'Boarder',NULL,NULL,NULL,NULL,NULL,NULL,NULL,'2022-11-11',0.00,NULL,NULL,NULL,NULL,NULL,NULL,NULL,NULL,'08107970801','okeke_000160@gonzagajesuit.org','active',NULL,NULL,NULL,NULL,NULL,'GJC000160',NULL,NULL,NULL,NULL,'mother','A',0),(161,141,142,NULL,'OKEKE','Somtochukwu','Micheal',NULL,7,NULL,'male',NULL,'2012-11-04','-- Please Select --',NULL,NULL,NULL,NULL,NULL,NULL,NULL,NULL,NULL,NULL,NULL,NULL,'Boarder',NULL,NULL,NULL,NULL,NULL,NULL,NULL,'2022-11-11',0.00,NULL,NULL,NULL,NULL,NULL,NULL,NULL,NULL,'08107970801','okeke_000161@gonzagajesuit.org','active',NULL,NULL,NULL,NULL,NULL,'GJC000161',NULL,NULL,NULL,NULL,'mother','A',0),(162,143,0,NULL,'OKOLIE','Ihuoma ','Anthonate',NULL,7,NULL,'female',NULL,'2010-09-30','-- Please Select --',NULL,NULL,NULL,NULL,NULL,NULL,NULL,NULL,NULL,NULL,NULL,NULL,'Boarder',NULL,NULL,NULL,NULL,NULL,NULL,NULL,'2022-11-11',0.00,NULL,NULL,NULL,NULL,NULL,NULL,NULL,NULL,'08107970801','okolie_000162@gonzagajesuit.org','active',NULL,NULL,NULL,NULL,NULL,'GJC000162',NULL,NULL,NULL,NULL,'mother','A',0),(163,144,145,NULL,'OKONKWO','Chimelumma','OZIOMA',NULL,1,NULL,'female',NULL,'2011-07-25','-- Please Select --',NULL,NULL,NULL,NULL,NULL,NULL,NULL,NULL,NULL,NULL,NULL,NULL,'Boarder',NULL,NULL,NULL,NULL,NULL,NULL,NULL,'2022-11-11',0.00,NULL,NULL,NULL,NULL,NULL,NULL,NULL,NULL,'08107970801','okonkwo_000163@gonzagajesuit.org','active',NULL,NULL,NULL,NULL,NULL,'GJC000163',NULL,NULL,NULL,NULL,'mother','A',0),(164,146,147,NULL,'OKONTA','EBUBE','ZANETTA',NULL,1,NULL,'female',NULL,'2012-04-03','-- Please Select --',NULL,NULL,NULL,NULL,NULL,NULL,NULL,NULL,NULL,NULL,NULL,NULL,'Boarder',NULL,NULL,NULL,NULL,NULL,NULL,NULL,'2022-11-11',0.00,NULL,NULL,NULL,NULL,NULL,NULL,NULL,NULL,'08107970801','okonta_000164@gonzagajesuit.org','active',NULL,NULL,NULL,NULL,NULL,'GJC000164',NULL,NULL,NULL,NULL,'mother','A',0),(165,148,149,NULL,'OKOYE ','Emmanuel Stanislaus','Chukwumdindu',NULL,7,NULL,'male',NULL,'2010-12-17','-- Please Select --',NULL,NULL,NULL,NULL,NULL,NULL,NULL,NULL,NULL,NULL,NULL,NULL,'Boarder',NULL,NULL,NULL,NULL,NULL,NULL,NULL,'2022-11-11',0.00,NULL,NULL,NULL,NULL,NULL,NULL,NULL,NULL,'08107970801','okoye_000165@gonzagajesuit.org','active',NULL,NULL,NULL,NULL,NULL,'GJC000165',NULL,NULL,NULL,NULL,'mother','A',0),(166,150,151,NULL,'OMEJE','Bryan','Nnaemeka',NULL,9,NULL,'male',NULL,'2011-07-20','-- Please Select --',NULL,NULL,NULL,NULL,NULL,NULL,NULL,NULL,NULL,NULL,NULL,NULL,'Boarder',NULL,NULL,NULL,NULL,NULL,NULL,NULL,'2022-11-11',0.00,NULL,NULL,NULL,NULL,NULL,NULL,NULL,NULL,'08107970801','omeje_000166@gonzagajesuit.org','active',NULL,NULL,NULL,NULL,NULL,'GJC000166',NULL,NULL,NULL,NULL,'mother','A',0),(167,152,153,NULL,'ONWUKANJOR','Kosisochukwu','Emmanuella',NULL,1,NULL,'female',NULL,'2011-06-04','-- Please Select --',NULL,NULL,NULL,NULL,NULL,NULL,NULL,NULL,NULL,NULL,NULL,NULL,'Boarder',NULL,NULL,NULL,NULL,NULL,NULL,NULL,'2022-11-11',0.00,NULL,NULL,NULL,NULL,NULL,NULL,NULL,NULL,'08107970801','onwukanjor_000167@gonzagajesuit.org','active',NULL,NULL,NULL,NULL,NULL,'GJC000167',NULL,NULL,NULL,NULL,'mother','A',0),(168,154,155,NULL,'ONWUMERE','Epiphania','Ifunanyachukwu',NULL,9,NULL,'female',NULL,'2012-05-16','-- Please Select --',NULL,NULL,NULL,NULL,NULL,NULL,NULL,NULL,NULL,NULL,NULL,NULL,'Boarder',NULL,NULL,NULL,NULL,NULL,NULL,NULL,'2022-11-11',0.00,NULL,NULL,NULL,NULL,NULL,NULL,NULL,NULL,'08107970801','onwumere_000168@gonzagajesuit.org','active',NULL,NULL,NULL,NULL,NULL,'GJC000168',NULL,NULL,NULL,NULL,'mother','A',0),(169,156,157,NULL,'ONYEMEM','SOCHUKWUKAMSO','FRANCIS',NULL,9,NULL,'male',NULL,'2011-10-04','-- Please Select --',NULL,NULL,NULL,NULL,NULL,NULL,NULL,NULL,NULL,NULL,NULL,NULL,'Boarder',NULL,NULL,NULL,NULL,NULL,NULL,NULL,'2022-11-11',0.00,NULL,NULL,NULL,NULL,NULL,NULL,NULL,NULL,'08107970801','onyemem_000169@gonzagajesuit.org','active',NULL,NULL,NULL,NULL,NULL,'GJC000169',NULL,NULL,NULL,NULL,'mother','A',0),(170,158,159,NULL,'ORANYE','David','Ugochukwu',NULL,8,NULL,'male',NULL,'2010-06-01','-- Please Select --',NULL,NULL,NULL,NULL,NULL,NULL,NULL,NULL,NULL,NULL,NULL,NULL,'Boarder',NULL,NULL,NULL,NULL,NULL,NULL,NULL,'2022-11-11',0.00,NULL,NULL,NULL,NULL,NULL,NULL,NULL,NULL,'08107970801','oranye_000170@gonzagajesuit.org','active',NULL,NULL,NULL,NULL,NULL,'GJC000170',NULL,NULL,NULL,NULL,'mother','A',0),(171,160,161,NULL,'PASCHAL-OKOYE ','Golibechukwu','Clare',NULL,7,NULL,'female',NULL,'2011-01-01','-- Please Select --',NULL,NULL,NULL,NULL,NULL,NULL,NULL,NULL,NULL,NULL,NULL,NULL,'Boarder',NULL,NULL,NULL,NULL,NULL,NULL,NULL,'2022-11-11',0.00,NULL,NULL,NULL,NULL,NULL,NULL,NULL,NULL,'08107970801','paschal-okoye_000171@gonzagajesuit.org','active',NULL,NULL,NULL,NULL,NULL,'GJC000171',NULL,NULL,NULL,NULL,'mother','A',0),(172,0,0,NULL,'PASCHAL-OKOYE ','Jabachukwu','THEKLA',NULL,9,NULL,'female',NULL,'2012-04-24','-- Please Select --',NULL,NULL,NULL,NULL,NULL,NULL,NULL,NULL,NULL,NULL,NULL,NULL,'Boarder',NULL,NULL,NULL,NULL,NULL,NULL,NULL,'2022-11-11',0.00,NULL,NULL,NULL,NULL,NULL,NULL,NULL,NULL,'08107970801','paschal-okoye_000172@gonzagajesuit.org','active',NULL,NULL,NULL,NULL,NULL,'GJC000172',NULL,NULL,NULL,NULL,'mother','A',0),(173,162,163,NULL,'UBOZOR','Natalie','Chiamaka',NULL,8,NULL,'female',NULL,'2010-01-07','-- Please Select --',NULL,NULL,NULL,NULL,NULL,NULL,NULL,NULL,NULL,NULL,NULL,NULL,'Boarder',NULL,NULL,NULL,NULL,NULL,NULL,NULL,'2022-11-11',0.00,NULL,NULL,NULL,NULL,NULL,NULL,NULL,NULL,'08107970801','ubozor_000173@gonzagajesuit.org','active',NULL,NULL,NULL,NULL,NULL,'GJC000173',NULL,NULL,NULL,NULL,'mother','A',0),(174,164,165,NULL,'UBUNAMA','David','Tobechukwu',NULL,9,NULL,'male',NULL,'2011-10-05','-- Please Select --',NULL,NULL,NULL,NULL,NULL,NULL,NULL,NULL,NULL,NULL,NULL,NULL,'Boarder',NULL,NULL,NULL,NULL,NULL,NULL,NULL,'2022-11-11',0.00,NULL,NULL,NULL,NULL,NULL,NULL,NULL,NULL,'08107970801','ubunama_000174@gonzagajesuit.org','active',NULL,NULL,NULL,NULL,NULL,'GJC000174',NULL,NULL,NULL,NULL,'mother','A',0),(175,166,167,NULL,'UCHA','Chidubem ','Brian',NULL,9,NULL,'male',NULL,'2012-06-11','-- Please Select --',NULL,NULL,NULL,NULL,NULL,NULL,NULL,NULL,NULL,NULL,NULL,NULL,'Boarder',NULL,NULL,NULL,NULL,NULL,NULL,NULL,'2022-11-11',0.00,NULL,NULL,NULL,NULL,NULL,NULL,NULL,NULL,'08107970801','ucha_000175@gonzagajesuit.org','active',NULL,NULL,NULL,NULL,NULL,'GJC000175',NULL,NULL,NULL,NULL,'mother','A',0),(176,168,169,NULL,'UCHEJIGBO ','Emmanuella','Mmesomachukwu',NULL,9,NULL,'female',NULL,'2011-12-23','-- Please Select --',NULL,NULL,NULL,NULL,NULL,NULL,NULL,NULL,NULL,NULL,NULL,NULL,'Boarder',NULL,NULL,NULL,NULL,NULL,NULL,NULL,'2022-11-11',0.00,NULL,NULL,NULL,NULL,NULL,NULL,NULL,NULL,'08107970801','uchejigbo_000176@gonzagajesuit.org','active',NULL,NULL,NULL,NULL,NULL,'GJC000176',NULL,NULL,NULL,NULL,'mother','A',0),(177,170,171,NULL,'UDECHUKWU','Adimchukwunobi','Albert',NULL,1,NULL,'male',NULL,'2011-06-20','-- Please Select --',NULL,NULL,NULL,NULL,NULL,NULL,NULL,NULL,NULL,NULL,NULL,NULL,'Boarder',NULL,NULL,NULL,NULL,NULL,NULL,NULL,'2022-11-11',0.00,NULL,NULL,NULL,NULL,NULL,NULL,NULL,NULL,'08107970801','udechukwu_000177@gonzagajesuit.org','active',NULL,NULL,NULL,NULL,NULL,'GJC000177',NULL,NULL,NULL,NULL,'mother','A',0),(178,172,173,NULL,'UFOEZE ','Ikechukwu ','Michael ',NULL,7,NULL,'male',NULL,'2011-06-21','-- Please Select --',NULL,NULL,NULL,NULL,NULL,NULL,NULL,NULL,NULL,NULL,NULL,NULL,'Boarder',NULL,NULL,NULL,NULL,NULL,NULL,NULL,'2022-11-11',0.00,NULL,NULL,NULL,NULL,NULL,NULL,NULL,NULL,'08107970801','ufoeze_000178@gonzagajesuit.org','active',NULL,NULL,NULL,NULL,NULL,'GJC000178',NULL,NULL,NULL,NULL,'mother','A',0),(179,174,175,NULL,'UGORJI','Chinedu ','STEPHEN',NULL,7,NULL,'male',NULL,'2011-11-25','-- Please Select --',NULL,NULL,NULL,NULL,NULL,NULL,NULL,NULL,NULL,NULL,NULL,NULL,'Boarder',NULL,NULL,NULL,NULL,NULL,NULL,NULL,'2022-11-11',0.00,NULL,NULL,NULL,NULL,NULL,NULL,NULL,NULL,'08107970801','ugorji_000179@gonzagajesuit.org','active',NULL,NULL,NULL,NULL,NULL,'GJC000179',NULL,NULL,NULL,NULL,'mother','A',0),(180,176,177,NULL,'UGWU','Chidiogo','Joy',NULL,8,NULL,'female',NULL,'2012-10-01','-- Please Select --',NULL,NULL,NULL,NULL,NULL,NULL,NULL,NULL,NULL,NULL,NULL,NULL,'Boarder',NULL,NULL,NULL,NULL,NULL,NULL,NULL,'2022-11-11',0.00,NULL,NULL,NULL,NULL,NULL,NULL,NULL,NULL,'08107970801','ugwu_000180@gonzagajesuit.org','active',NULL,NULL,NULL,NULL,NULL,'GJC000180',NULL,NULL,NULL,NULL,'mother','A',0),(181,178,179,NULL,'UGWUMBA ','Chinwendu','Gabriella',NULL,8,NULL,'female',NULL,'2011-10-16','-- Please Select --',NULL,NULL,NULL,NULL,NULL,NULL,NULL,NULL,NULL,NULL,NULL,NULL,'Boarder',NULL,NULL,NULL,NULL,NULL,NULL,NULL,'2022-11-11',0.00,NULL,NULL,NULL,NULL,NULL,NULL,NULL,NULL,'08107970801','ugwumba_000181@gonzagajesuit.org','active',NULL,NULL,NULL,NULL,NULL,'GJC000181',NULL,NULL,NULL,NULL,'mother','A',0),(182,180,181,NULL,'UWEMEDIMO','Ivanna','Edino',NULL,9,NULL,'female',NULL,'2011-08-16','-- Please Select --',NULL,NULL,NULL,NULL,NULL,NULL,NULL,NULL,NULL,NULL,NULL,NULL,'Boarder',NULL,NULL,NULL,NULL,NULL,NULL,NULL,'2022-11-11',0.00,NULL,NULL,NULL,NULL,NULL,NULL,NULL,NULL,'08107970801','uwemedimo_000182@gonzagajesuit.org','active',NULL,NULL,NULL,NULL,NULL,'GJC000182',NULL,NULL,NULL,NULL,'mother','A',0),(183,182,183,NULL,'VICTOR-UKPONG','Jasmine ','Emediong ',NULL,8,NULL,'female',NULL,'2012-05-24',NULL,NULL,NULL,NULL,NULL,NULL,NULL,NULL,NULL,NULL,NULL,NULL,NULL,'Boarder',NULL,NULL,NULL,NULL,NULL,NULL,NULL,'2022-11-11',0.00,NULL,NULL,NULL,NULL,NULL,NULL,NULL,NULL,'08107970801','victor-ukpong_000183@gonzagajesuit.org','active',NULL,NULL,NULL,NULL,NULL,'GJC000183',NULL,NULL,NULL,NULL,'mother','A',0),(184,0,0,NULL,'VICTOR-UKPONG','Jasmine','Emediong',NULL,8,NULL,'female',NULL,'2012-05-24','-- Please Select --',NULL,NULL,NULL,NULL,NULL,NULL,NULL,NULL,NULL,NULL,NULL,NULL,'Boarder',NULL,NULL,NULL,NULL,NULL,NULL,NULL,'2022-12-01',0.00,NULL,NULL,NULL,NULL,NULL,NULL,NULL,NULL,'08064413161','victor-ukpong_000183@gonzagajesuit.org','active',NULL,NULL,NULL,NULL,NULL,'GJC000183',NULL,NULL,NULL,NULL,'mother','A',0);

--
-- Table structure for table `students_dedicated_subjects`
--

CREATE TABLE `students_dedicated_subjects` (
  `id` int(11) unsigned NOT NULL AUTO_INCREMENT,
  `student_id` int(6) NOT NULL,
  `subject_id` int(11) NOT NULL,
  PRIMARY KEY (`id`),
  KEY `Unique Entries` (`student_id`,`subject_id`)
) ENGINE=MyISAM DEFAULT CHARSET=latin1 ROW_FORMAT=FIXED;

--
-- Dumping data for table `students_dedicated_subjects`
--


--
-- Table structure for table `students_electives`
--

CREATE TABLE `students_electives` (
  `id` int(11) unsigned NOT NULL AUTO_INCREMENT,
  `student_id` int(11) unsigned NOT NULL,
  `session_id` tinyint(2) unsigned NOT NULL,
  `class_id` tinyint(2) unsigned NOT NULL,
  `subject_id` tinyint(2) unsigned NOT NULL,
  `group_id` tinyint(2) unsigned DEFAULT NULL,
  `parent_approval` enum('approved','pending') NOT NULL DEFAULT 'approved',
  `vp_approval` enum('approved','pending') NOT NULL DEFAULT 'pending',
  PRIMARY KEY (`id`),
  UNIQUE KEY `Unique Electives` (`student_id`,`session_id`,`subject_id`)
) ENGINE=InnoDB DEFAULT CHARSET=latin1 ROW_FORMAT=COMPACT;

--
-- Dumping data for table `students_electives`
--


--
-- Table structure for table `subject_attendance`
--

CREATE TABLE `subject_attendance` (
  `id` smallint(5) unsigned NOT NULL AUTO_INCREMENT,
  `status` varchar(10) NOT NULL,
  `term_id` tinyint(1) unsigned NOT NULL DEFAULT '0',
  `date` date NOT NULL,
  `class_id` smallint(5) unsigned NOT NULL DEFAULT '0',
  `subject_id` int(11) NOT NULL,
  `students_id` smallint(5) unsigned NOT NULL DEFAULT '0',
  `teacher_id` bigint(20) DEFAULT NULL,
  `registrar` varchar(40) DEFAULT 'Annonymous',
  PRIMARY KEY (`id`),
  UNIQUE KEY `status` (`status`,`term_id`,`date`,`class_id`,`students_id`,`subject_id`),
  UNIQUE KEY `Student date` (`date`,`students_id`,`subject_id`)
) ENGINE=InnoDB DEFAULT CHARSET=latin1 ROW_FORMAT=COMPACT;

--
-- Dumping data for table `subject_attendance`
--


--
-- Table structure for table `subject_groups`
--

CREATE TABLE `subject_groups` (
  `id` int(2) unsigned NOT NULL AUTO_INCREMENT,
  `group_id` int(2) DEFAULT NULL,
  `title` varchar(30) DEFAULT NULL,
  PRIMARY KEY (`id`)
) ENGINE=InnoDB DEFAULT CHARSET=latin1 ROW_FORMAT=COMPACT;

--
-- Dumping data for table `subject_groups`
--


--
-- Table structure for table `subjects`
--

CREATE TABLE `subjects` (
  `id` int(4) unsigned NOT NULL AUTO_INCREMENT,
  `title` varchar(80) NOT NULL DEFAULT '',
  `status` enum('enabled','disabled') NOT NULL DEFAULT 'enabled',
  `abbreviations` varchar(10) DEFAULT NULL,
  `type` enum('elective','compulsory') DEFAULT 'elective',
  `department_id` tinyint(4) DEFAULT NULL,
  `is_minor` tinyint(1) DEFAULT '1',
  `group` tinyint(1) DEFAULT NULL,
  PRIMARY KEY (`id`),
  UNIQUE KEY `id` (`title`),
  UNIQUE KEY `title` (`title`)
) ENGINE=InnoDB AUTO_INCREMENT=76 DEFAULT CHARSET=latin1 ROW_FORMAT=COMPACT;

--
-- Dumping data for table `subjects`
--

INSERT INTO `subjects` VALUES (1,'Fine Art (CCA)','enabled','CCA','compulsory',NULL,1,NULL),(3,'Biology','enabled','Bio','elective',25,1,NULL),(4,'Business Studies ','enabled','Bus Std.','elective',NULL,1,NULL),(5,'Chemistry','enabled','Chem','elective',26,1,NULL),(7,'Economics','enabled','Econs','elective',27,1,NULL),(8,'English Language','enabled','Eng','elective',19,1,NULL),(10,'Literature in English','enabled','Lit Eng.','elective',19,1,NULL),(11,'Mathematics','enabled','Maths','elective',16,1,NULL),(12,'Physics','enabled','Phy','elective',26,1,NULL),(21,'Computer Studies  (BST)','enabled','Comp. St.','elective',17,1,NULL),(22,'Cultural and Creative Arts','enabled','CCA','elective',24,1,NULL),(24,'Basic Science (BST)','enabled','BST(1)','elective',25,1,NULL),(25,'Basic Technology (BST)','enabled','B. Tech','elective',23,1,NULL),(26,'Music (CCA)','enabled','CCA','compulsory',NULL,1,NULL),(27,'Physical Health Education (BST)','enabled','BST(4)','elective',25,1,NULL),(28,'Home Economics (PVS)','enabled','H. Econs','elective',22,1,NULL),(29,'Social Studies (NVE)','enabled','NVE(2)','elective',28,1,NULL),(31,'French Language','enabled','French','elective',20,1,NULL),(32,'Practical Agricultural Science','enabled','Pract. Agr','elective',21,1,NULL),(33,'Civic and Security Education (NVE)','enabled','NVE(1)','elective',28,1,NULL),(34,'Nigerian Language','enabled','Nig. Lang.','elective',20,1,NULL),(35,'Technical Drawing','enabled','Tech. Drw.','elective',23,1,NULL),(36,'Geography','enabled','Geo.','elective',27,1,NULL),(37,'Agricultural Science (PVS)','enabled','PVS(1)','elective',21,1,NULL),(38,'Government','enabled','Gov.','elective',28,1,NULL),(39,'Foods and Nutrition','enabled','Food&Nut','elective',22,1,NULL),(40,'Theatre Arts (GEI)','enabled','GEI','elective',24,1,NULL),(41,'Commerce','enabled','Comm.','elective',NULL,1,NULL),(42,'Christian Religious Studies and Catholic Social Teaching (CRS-CST)','enabled','CRS-CST','elective',29,1,NULL),(44,'Further Mathematics','enabled','F. Maths','elective',16,1,NULL),(45,'Catering Craft Practice','enabled','Catering','elective',22,1,NULL),(46,'Physics Technology','enabled','Phy Tech','elective',26,1,NULL),(47,'Data Processing','enabled','Data Proc.','elective',17,1,NULL),(48,'Hausa Language','enabled','Hausa','elective',20,1,NULL),(49,'Fisheries and Animal Husbandry','enabled','Fisheries','elective',21,1,NULL),(50,'History','enabled','History','elective',29,1,NULL),(51,'Guidance','enabled','Guidiance','elective',NULL,1,NULL),(52,'Number work','enabled','Num. Wrk.','compulsory',NULL,0,NULL),(53,'Letter work','enabled','Let. Wrk','compulsory',NULL,0,NULL),(54,'Health habit','enabled','Hlth. Hab.','compulsory',NULL,0,NULL),(55,'Reading Readiness','enabled','Read R.','compulsory',NULL,0,NULL),(56,'Elementary Science','enabled','Elem. Sc.','compulsory',NULL,0,NULL),(57,'Social Habits','enabled','Soc. Hab.','compulsory',0,0,NULL),(58,'Rhymes','enabled','Rhym','compulsory',0,0,NULL),(59,'Religious Knowledge','enabled','RK','compulsory',0,0,NULL),(60,'Handwriting','enabled','Writing','compulsory',0,0,NULL),(61,'Verbal Reasoning','enabled','V. Reas.','compulsory',NULL,0,NULL),(62,'Quantitative Reasoning','enabled','Q. Reas.','compulsory',NULL,0,NULL),(63,'Vocational Aptitude','enabled','Voc. Apt.','compulsory',NULL,0,NULL),(64,'Phonics','enabled','Phonics','compulsory',NULL,0,NULL),(65,'Yoruba Language','enabled','Yor.','compulsory',NULL,0,NULL),(66,'Mental Maths','enabled','M. Maths.','compulsory',NULL,0,NULL),(67,'Mind Builder','enabled','Mind B','compulsory',NULL,0,NULL),(68,'General Knowledge','enabled','G. K.','compulsory',NULL,0,NULL),(69,'Igbo Language','enabled','Igbo','elective',20,1,NULL),(70,'Christian Religious Knowledge ','enabled','CRK','elective',29,1,NULL),(71,'Basic Science & Technology','enabled','BST.','elective',25,1,NULL),(72,'Vocational Studies','enabled','Voc. St.','compulsory',NULL,0,NULL),(73,'Thinking and Reasoning Skills (GEI)','enabled','TRS','compulsory',NULL,0,NULL),(74,'National Values Education','enabled','NVE.','elective',20,1,NULL),(75,'Financial Accounting','enabled','F. Acc.','elective',NULL,1,NULL);

--
-- Table structure for table `subjects_high_low`
--

CREATE TABLE `subjects_high_low` (
  `id` int(11) unsigned NOT NULL AUTO_INCREMENT,
  `subject_id` tinyint(3) DEFAULT NULL,
  `term_id` tinyint(3) DEFAULT NULL,
  `high` float(5,2) DEFAULT NULL,
  `low` float(5,2) DEFAULT NULL,
  `class_level_id` tinyint(3) DEFAULT NULL,
  `ca1_high` float(5,2) DEFAULT NULL,
  `ca2_high` float(5,2) DEFAULT NULL,
  `ca1_low` float(5,2) DEFAULT NULL,
  `ca2_low` float(5,2) DEFAULT NULL,
  `ca3_high` float(5,2) DEFAULT NULL,
  `ca3_low` float(5,2) DEFAULT NULL,
  PRIMARY KEY (`id`),
  UNIQUE KEY `Unique high low` (`subject_id`,`term_id`,`class_level_id`)
) ENGINE=InnoDB AUTO_INCREMENT=1283 DEFAULT CHARSET=latin1 ROW_FORMAT=COMPACT;

--
-- Dumping data for table `subjects_high_low`
--

INSERT INTO `subjects_high_low` VALUES (1,1,26,0.00,0.00,1,99.00,96.60,62.00,63.90,0.00,0.00),(2,8,26,0.00,0.00,1,96.40,96.20,29.00,48.96,0.00,0.00),(3,11,26,0.00,0.00,1,98.15,99.64,22.60,37.60,0.00,0.00),(4,21,26,0.00,0.00,1,97.80,95.32,38.90,45.76,0.00,0.00),(5,24,26,0.00,0.00,1,98.40,99.30,43.80,51.22,0.00,0.00),(6,25,26,0.00,0.00,1,98.80,99.30,52.40,62.00,0.00,0.00),(7,26,26,0.00,0.00,1,94.00,96.20,38.00,41.90,0.00,0.00),(8,27,26,0.00,0.00,1,94.57,90.84,32.00,45.20,0.00,0.00),(9,28,26,0.00,0.00,1,97.00,98.30,36.30,53.10,0.00,0.00),(10,33,26,0.00,0.00,1,96.40,98.90,57.20,52.80,0.00,0.00),(11,37,26,0.00,0.00,1,94.70,97.84,41.00,49.44,0.00,0.00),(12,69,26,0.00,0.00,1,100.00,97.20,29.00,28.90,0.00,0.00),(13,70,26,68.00,0.00,1,68.00,NULL,NULL,NULL,NULL,NULL),(18,22,26,51.25,0.00,1,51.25,NULL,NULL,NULL,NULL,NULL),(28,71,26,57.75,0.00,1,57.75,NULL,NULL,NULL,NULL,NULL),(29,73,26,0.00,0.00,1,112.00,97.20,3.00,48.40,0.00,0.00),(30,74,26,17.50,0.00,1,17.50,NULL,NULL,NULL,NULL,NULL),(40,29,26,0.00,0.00,1,98.50,98.20,50.70,44.30,0.00,0.00),(41,31,26,0.00,0.00,1,100.00,98.90,51.60,36.70,0.00,0.00),(44,40,26,0.00,0.00,1,95.80,98.70,31.00,60.70,0.00,0.00),(45,42,26,0.00,0.00,1,100.00,99.50,57.20,57.50,0.00,0.00),(46,50,26,0.00,0.00,1,94.00,95.60,45.20,39.00,0.00,0.00),(212,0,26,NULL,NULL,1,0.00,0.00,0.00,0.00,0.00,0.00),(784,1,27,0.00,0.00,1,99.00,98.60,59.30,55.50,0.00,0.00),(785,0,27,NULL,NULL,1,0.00,0.00,0.00,0.00,0.00,0.00),(788,4,27,0.00,0.00,1,0.00,98.92,0.00,55.20,0.00,0.00),(792,8,27,0.00,0.00,1,98.80,98.06,57.00,62.28,0.00,0.00),(796,11,27,0.00,0.00,1,100.00,98.92,40.10,39.60,0.00,0.00),(800,21,27,0.00,0.00,1,97.30,96.84,59.90,46.04,0.00,0.00),(804,24,27,0.00,0.00,1,100.00,98.70,49.50,51.60,0.00,0.00),(808,25,27,0.00,0.00,1,97.00,95.30,44.20,42.30,0.00,0.00),(812,26,27,0.00,0.00,1,99.00,100.00,56.30,30.96,0.00,0.00),(816,27,27,0.00,0.00,1,99.40,98.20,61.60,60.94,0.00,0.00),(820,28,27,0.00,0.00,1,100.00,98.90,57.20,62.80,0.00,0.00),(824,29,27,0.00,0.00,1,98.80,99.20,45.20,40.40,0.00,0.00),(828,33,27,0.00,0.00,1,100.00,98.92,65.80,71.56,0.00,0.00),(832,37,27,0.00,0.00,1,100.00,98.48,51.80,52.88,0.00,0.00),(836,40,27,0.00,0.00,1,100.00,99.60,63.00,74.20,0.00,0.00),(840,42,27,0.00,0.00,1,99.50,95.68,72.40,49.32,0.00,0.00),(844,50,27,0.00,0.00,1,100.00,97.80,53.60,29.60,0.00,0.00),(848,69,27,0.00,0.00,1,99.00,98.90,40.20,23.50,0.00,0.00),(852,73,27,0.00,0.00,1,97.60,99.28,41.20,59.12,0.00,0.00),(997,1,28,98.40,69.12,1,87.91,NULL,NULL,NULL,NULL,NULL),(998,0,28,NULL,NULL,1,0.00,0.00,0.00,0.00,0.00,0.00),(1001,4,28,100.00,60.32,1,85.93,NULL,NULL,NULL,NULL,NULL),(1005,8,28,99.15,66.38,1,86.34,NULL,NULL,NULL,NULL,NULL),(1009,11,28,97.38,47.04,1,73.40,NULL,NULL,NULL,NULL,NULL),(1013,21,28,96.74,47.49,1,78.61,NULL,NULL,NULL,NULL,NULL),(1017,24,28,98.72,55.20,1,81.14,NULL,NULL,NULL,NULL,NULL),(1021,25,28,97.92,45.46,1,76.38,NULL,NULL,NULL,NULL,NULL),(1025,26,28,97.15,47.25,1,72.47,NULL,NULL,NULL,NULL,NULL),(1029,27,28,100.00,63.24,1,88.04,NULL,NULL,NULL,NULL,NULL),(1033,28,28,97.10,61.56,1,82.18,NULL,NULL,NULL,NULL,NULL),(1037,29,28,97.15,65.88,1,87.94,NULL,NULL,NULL,NULL,NULL),(1041,31,28,100.00,52.37,1,81.03,NULL,NULL,NULL,NULL,NULL),(1045,33,28,99.35,65.02,1,88.11,NULL,NULL,NULL,NULL,NULL),(1049,37,28,97.01,56.16,1,81.67,NULL,NULL,NULL,NULL,NULL),(1053,40,28,99.04,72.28,1,90.91,NULL,NULL,NULL,NULL,NULL),(1057,42,28,98.68,77.52,1,89.82,NULL,NULL,NULL,NULL,NULL),(1061,50,28,97.78,55.10,1,80.01,NULL,NULL,NULL,NULL,NULL),(1065,69,28,97.40,42.18,1,77.48,NULL,NULL,NULL,NULL,NULL),(1138,1,29,0.00,0.00,1,100.00,98.00,35.90,50.30,0.00,0.00),(1142,4,29,0.00,0.00,1,100.00,100.00,62.10,52.38,0.00,0.00),(1146,8,29,0.00,0.00,1,96.40,95.34,72.20,64.56,0.00,0.00),(1150,11,29,0.00,0.00,1,98.20,97.48,50.20,42.30,0.00,0.00),(1154,21,29,0.00,0.00,1,100.00,96.34,58.35,50.12,0.00,0.00),(1158,24,29,0.00,0.00,1,100.00,98.20,51.10,47.50,0.00,0.00),(1162,25,29,0.00,0.00,1,100.00,98.20,47.80,51.40,0.00,0.00),(1166,26,29,0.00,0.00,1,98.80,98.56,42.90,28.46,0.00,0.00),(1170,27,29,0.00,0.00,1,99.40,97.71,52.20,66.42,0.00,0.00),(1174,28,29,0.00,0.00,1,95.80,98.90,51.10,47.00,0.00,0.00),(1178,29,29,0.00,0.00,1,95.80,96.80,55.80,48.30,0.00,0.00),(1182,31,29,0.00,0.00,1,100.00,100.00,58.40,64.58,0.00,0.00),(1186,33,29,0.00,0.00,1,98.80,98.92,65.00,60.60,0.00,0.00),(1190,37,29,0.00,0.00,1,96.40,98.04,36.40,39.80,0.00,0.00),(1194,40,29,0.00,0.00,1,99.50,98.90,63.70,61.90,0.00,0.00),(1198,50,29,0.00,0.00,1,94.20,93.50,43.40,34.20,0.00,0.00),(1202,69,29,0.00,0.00,1,100.00,92.20,38.40,25.10,0.00,0.00),(1206,70,29,0.00,0.00,1,100.00,99.88,69.20,64.12,0.00,0.00),(1210,1,29,0.00,0.00,2,96.80,97.90,58.60,64.00,0.00,0.00),(1214,4,29,0.00,0.00,2,100.00,100.00,70.60,64.08,0.00,0.00),(1218,11,29,0.00,0.00,2,98.80,98.92,32.40,37.28,0.00,0.00),(1222,21,29,0.00,0.00,2,97.90,95.04,49.74,44.76,0.00,0.00),(1226,24,29,0.00,0.00,2,100.00,97.48,58.40,42.74,0.00,0.00),(1230,25,29,0.00,0.00,2,98.80,98.20,55.00,38.60,0.00,0.00),(1234,26,29,0.00,0.00,2,98.30,97.84,32.90,26.16,0.00,0.00),(1238,27,29,0.00,0.00,2,100.00,99.14,66.30,68.71,0.00,0.00),(1242,28,29,0.00,0.00,2,100.00,98.20,52.20,45.20,0.00,0.00),(1246,31,29,0.00,0.00,2,100.00,100.00,39.40,51.84,0.00,0.00),(1250,33,29,0.00,0.00,2,100.00,99.64,55.10,53.16,0.00,0.00),(1254,37,29,0.00,0.00,2,100.00,98.75,41.50,48.58,0.00,0.00),(1258,40,29,0.00,0.00,2,100.00,99.20,52.30,67.40,0.00,0.00),(1262,46,29,0.00,0.00,2,100.00,97.84,46.60,47.10,0.00,0.00),(1266,50,29,0.00,0.00,2,97.60,94.90,46.80,41.40,0.00,0.00),(1270,69,29,0.00,0.00,2,98.20,98.20,18.90,32.70,0.00,0.00),(1274,70,29,0.00,0.00,2,100.00,99.64,61.80,58.32,0.00,0.00),(1278,29,29,0.00,0.00,2,100.00,99.28,68.30,52.40,0.00,0.00),(1282,8,29,0.00,0.00,2,97.20,96.76,62.60,59.08,0.00,0.00);

--
-- Table structure for table `superadmin`
--

CREATE TABLE `superadmin` (
  `id` tinyint(3) unsigned NOT NULL AUTO_INCREMENT,
  `username` varchar(50) NOT NULL DEFAULT '',
  `password` varchar(60) NOT NULL DEFAULT '',
  `name` varchar(50) NOT NULL,
  `email` varchar(50) DEFAULT NULL,
  `mobile` varchar(15) DEFAULT NULL,
  `token` varchar(50) DEFAULT NULL,
  PRIMARY KEY (`id`),
  UNIQUE KEY `Unique Username` (`username`),
  UNIQUE KEY `token` (`token`)
) ENGINE=InnoDB AUTO_INCREMENT=11 DEFAULT CHARSET=latin1 ROW_FORMAT=COMPACT;

--
-- Dumping data for table `superadmin`
--

INSERT INTO `superadmin` VALUES (1,'revocubesupport','revocubeadmin2015@','Revocube Support','support@revocube.com','07053944594','dgd3wpu0xbvy52q7enakebju6zw4jz3g5z4jr365b27s9ww9a0'),(5,'revocube','ocube007','Eng. Ogunkunle Olanrewaju','lanre@revocube.com','08083808940',''),(6,'principal@gonzagajesuit.org','1NANQ5VN','gjc823admin','principal@gonzagajesuit.org','08107970801',NULL),(7,'ict@gonzagajesuit.org','gjc8232021','GJC admin','ict@gonzagajesuit.org','08107970801',NULL),(8,'vpacadamics@gonzagajesuit.org','08033343218!?','Sr. Justina Obiajunwa, HHCJ','vpacademics@gonzagajesuit.org','08033343218',NULL),(9,'vpacademics@gonzagajesuit.org','08033343218!?','Sr. Justina Obiajunwa, HHCJ','vpacademics@gonzagajesuit.org','08033343218',NULL),(10,'ictadmin@gonzagajesuit.org','G0nz@g@#E@gl3','Innocent Onyenezi Ezeme','ictadmin@gonzagajesuit.org','07032265007',NULL);

--
-- Table structure for table `teachers_comments`
--

CREATE TABLE `teachers_comments` (
  `id` int(10) unsigned NOT NULL,
  `teacher_id` int(11) NOT NULL,
  `student_id` int(11) NOT NULL,
  `term_id` int(11) NOT NULL,
  `comment` varchar(150) NOT NULL,
  PRIMARY KEY (`id`) USING BTREE,
  UNIQUE KEY `UniqueComment` (`student_id`,`term_id`) USING BTREE
) ENGINE=InnoDB DEFAULT CHARSET=latin1;

--
-- Dumping data for table `teachers_comments`
--


--
-- Table structure for table `teachers_subjects`
--

CREATE TABLE `teachers_subjects` (
  `id` int(3) unsigned NOT NULL AUTO_INCREMENT,
  `teacher_id` int(8) NOT NULL COMMENT 'employeeID',
  `subject_id` int(3) unsigned NOT NULL DEFAULT '0',
  `class_id` int(3) unsigned NOT NULL DEFAULT '0',
  `session_id` tinyint(4) NOT NULL DEFAULT '4',
  `status` enum('enabled','disabled') NOT NULL DEFAULT 'enabled',
  `units` int(1) DEFAULT '1',
  PRIMARY KEY (`id`),
  KEY `teacher_id` (`teacher_id`,`subject_id`,`class_id`,`session_id`)
) ENGINE=InnoDB AUTO_INCREMENT=267 DEFAULT CHARSET=latin1 ROW_FORMAT=COMPACT;

--
-- Dumping data for table `teachers_subjects`
--

INSERT INTO `teachers_subjects` VALUES (1,12,73,1,9,'enabled',1),(2,12,73,7,9,'enabled',1),(3,12,73,8,9,'enabled',1),(4,12,73,9,9,'enabled',1),(5,19,69,1,9,'enabled',1),(6,19,69,7,9,'enabled',1),(7,19,69,8,9,'enabled',1),(8,19,69,9,9,'enabled',1),(9,25,21,1,9,'enabled',1),(10,25,21,8,9,'enabled',1),(11,9,21,7,9,'enabled',1),(12,24,21,9,9,'enabled',1),(13,15,25,1,9,'enabled',1),(14,15,25,7,9,'enabled',1),(15,15,25,8,9,'enabled',1),(16,15,25,9,9,'enabled',1),(17,16,24,1,9,'enabled',1),(18,16,24,8,9,'enabled',1),(19,14,24,7,9,'disabled',1),(20,17,24,9,9,'disabled',1),(21,5,42,1,9,'enabled',1),(22,5,42,8,9,'enabled',1),(23,4,33,1,9,'enabled',1),(24,4,33,7,9,'enabled',1),(25,4,33,8,9,'enabled',1),(26,4,33,9,9,'enabled',1),(27,4,29,1,9,'enabled',1),(28,4,29,8,9,'enabled',1),(29,3,29,7,9,'enabled',1),(30,3,29,9,9,'enabled',1),(31,3,50,1,9,'enabled',1),(32,3,50,7,9,'enabled',1),(33,3,50,8,9,'enabled',1),(34,3,50,9,9,'enabled',1),(35,18,1,1,9,'enabled',1),(36,18,1,7,9,'enabled',1),(37,18,1,8,9,'enabled',1),(38,18,1,9,9,'enabled',1),(39,7,27,1,9,'enabled',1),(40,7,27,7,9,'enabled',1),(41,7,27,8,9,'enabled',1),(42,7,27,9,9,'enabled',1),(43,20,31,7,9,'enabled',1),(44,20,31,9,9,'enabled',1),(45,21,40,1,9,'enabled',1),(46,21,40,7,9,'enabled',1),(47,21,40,8,9,'enabled',1),(48,21,40,9,9,'enabled',1),(49,10,8,1,9,'enabled',1),(50,10,8,8,9,'enabled',1),(51,8,8,7,9,'enabled',1),(52,6,8,9,9,'enabled',1),(53,13,28,1,9,'enabled',1),(54,13,28,7,9,'enabled',1),(55,13,28,8,9,'enabled',1),(56,13,28,9,9,'enabled',1),(57,28,26,1,9,'enabled',1),(58,28,26,7,9,'enabled',1),(59,28,26,8,9,'enabled',1),(60,28,26,9,9,'enabled',1),(61,27,11,1,9,'enabled',1),(62,27,11,8,9,'enabled',1),(63,85,42,7,9,'enabled',1),(64,85,42,9,9,'enabled',1),(65,87,37,1,9,'enabled',1),(66,87,37,7,9,'enabled',1),(67,87,37,8,9,'enabled',1),(68,87,37,9,9,'enabled',1),(69,86,11,7,9,'enabled',1),(70,86,11,9,9,'enabled',1),(71,84,4,1,9,'enabled',1),(72,84,4,7,9,'enabled',1),(73,84,4,8,9,'enabled',1),(74,84,4,9,9,'enabled',1),(75,14,24,9,9,'enabled',1),(76,17,24,7,9,'enabled',1),(77,89,11,1,9,'enabled',1),(78,93,31,1,9,'enabled',1),(79,93,31,7,9,'enabled',1),(80,93,31,8,9,'enabled',1),(81,93,31,9,9,'enabled',1),(82,24,21,9,10,'enabled',1),(83,24,21,10,10,'enabled',1),(84,19,69,1,10,'enabled',1),(85,19,69,7,10,'enabled',1),(86,19,69,1,10,'enabled',1),(87,19,69,7,10,'enabled',1),(88,19,69,8,10,'enabled',1),(89,19,69,9,10,'enabled',1),(90,19,69,2,10,'enabled',1),(91,19,69,10,10,'enabled',1),(92,19,69,11,10,'enabled',1),(93,19,69,13,10,'enabled',1),(94,25,21,1,10,'enabled',1),(95,25,21,8,10,'enabled',1),(96,25,21,13,10,'enabled',1),(97,9,21,7,10,'enabled',1),(98,9,21,2,10,'enabled',1),(99,9,21,11,10,'enabled',1),(100,24,21,9,10,'enabled',1),(101,24,21,10,10,'enabled',1),(102,15,25,1,10,'enabled',1),(103,15,25,7,10,'enabled',1),(104,15,25,8,10,'enabled',1),(105,15,25,9,10,'enabled',1),(106,15,25,2,10,'enabled',1),(107,15,25,10,10,'enabled',1),(108,15,25,11,10,'enabled',1),(109,15,25,13,10,'enabled',1),(110,15,46,10,10,'enabled',1),(111,15,46,13,10,'enabled',1),(112,16,24,1,10,'enabled',1),(113,16,24,8,10,'disabled',1),(114,16,24,10,10,'enabled',1),(115,16,24,13,10,'enabled',1),(116,14,24,7,10,'enabled',1),(117,14,24,2,10,'enabled',1),(118,14,24,11,10,'enabled',1),(119,14,46,2,10,'enabled',1),(120,14,46,11,10,'enabled',1),(121,17,24,9,10,'disabled',1),(122,17,24,9,10,'disabled',1),(123,5,70,1,10,'enabled',1),(124,5,70,8,10,'enabled',1),(125,5,70,10,10,'enabled',1),(126,5,70,13,10,'enabled',1),(127,85,70,7,10,'enabled',1),(128,85,70,9,10,'enabled',1),(129,85,70,2,10,'enabled',1),(130,85,70,11,10,'enabled',1),(131,4,33,1,10,'enabled',1),(132,4,33,7,10,'enabled',1),(133,4,33,8,10,'enabled',1),(134,4,33,9,10,'enabled',1),(135,4,33,2,10,'enabled',1),(136,4,33,10,10,'enabled',1),(137,4,33,11,10,'enabled',1),(138,4,33,13,10,'enabled',1),(139,4,29,1,10,'enabled',1),(140,4,29,8,10,'enabled',1),(141,4,29,10,10,'enabled',1),(142,4,29,13,10,'enabled',1),(143,3,29,7,10,'enabled',1),(144,3,29,9,10,'enabled',1),(145,3,29,2,10,'enabled',1),(146,3,29,11,10,'enabled',1),(147,3,50,1,10,'enabled',1),(148,3,50,7,10,'enabled',1),(149,3,50,8,10,'enabled',1),(150,3,50,9,10,'enabled',1),(151,3,50,2,10,'enabled',1),(152,3,50,10,10,'enabled',1),(153,3,50,11,10,'enabled',1),(154,3,50,13,10,'enabled',1),(155,18,1,1,10,'enabled',1),(156,18,1,7,10,'enabled',1),(157,18,1,8,10,'enabled',1),(158,18,1,9,10,'enabled',1),(159,18,1,2,10,'enabled',1),(160,18,1,10,10,'enabled',1),(161,18,1,11,10,'enabled',1),(162,18,1,13,10,'enabled',1),(163,7,27,1,10,'enabled',1),(164,7,27,7,10,'enabled',1),(165,7,27,8,10,'enabled',1),(166,7,27,9,10,'enabled',1),(167,7,27,2,10,'enabled',1),(168,7,27,10,10,'enabled',1),(169,7,27,11,10,'enabled',1),(170,7,27,13,10,'enabled',1),(171,87,37,1,10,'enabled',1),(172,87,37,7,10,'enabled',1),(173,87,37,8,10,'enabled',1),(174,87,37,9,10,'enabled',1),(175,87,37,2,10,'enabled',1),(176,87,37,10,10,'enabled',1),(177,87,37,11,10,'enabled',1),(178,87,37,13,10,'enabled',1),(179,93,31,1,10,'enabled',1),(180,93,31,7,10,'enabled',1),(181,93,31,8,10,'enabled',1),(182,93,31,9,10,'enabled',1),(183,93,31,2,10,'enabled',1),(184,93,31,10,10,'enabled',1),(185,93,31,11,10,'enabled',1),(186,93,31,13,10,'enabled',1),(187,21,40,1,10,'enabled',1),(188,21,40,7,10,'enabled',1),(189,21,40,8,10,'enabled',1),(190,21,40,9,10,'enabled',1),(191,21,40,2,10,'enabled',1),(192,21,40,10,10,'enabled',1),(193,21,40,11,10,'enabled',1),(194,21,40,13,10,'enabled',1),(195,10,8,8,10,'enabled',1),(196,10,8,10,10,'enabled',1),(197,10,8,13,10,'disabled',1),(198,8,8,1,10,'disabled',1),(199,8,8,7,10,'enabled',1),(200,8,8,2,10,'enabled',1),(201,6,8,9,10,'enabled',1),(202,6,8,11,10,'enabled',1),(203,13,28,1,10,'enabled',1),(204,13,28,7,10,'enabled',1),(205,13,28,8,10,'enabled',1),(206,13,28,9,10,'enabled',1),(207,13,28,2,10,'enabled',1),(208,13,28,10,10,'enabled',1),(209,13,28,11,10,'enabled',1),(210,13,28,13,10,'enabled',1),(211,36,51,1,10,'disabled',1),(212,36,51,7,10,'disabled',1),(213,36,51,8,10,'disabled',1),(214,36,51,9,10,'disabled',1),(215,36,51,2,10,'disabled',1),(216,36,51,10,10,'disabled',1),(217,36,51,11,10,'disabled',1),(218,36,51,13,10,'disabled',1),(219,27,11,8,10,'enabled',1),(220,27,11,10,10,'enabled',1),(221,86,11,7,10,'enabled',1),(222,86,11,9,10,'enabled',1),(223,86,11,2,10,'enabled',1),(224,89,11,1,10,'enabled',1),(225,89,11,11,10,'enabled',1),(226,89,11,13,10,'enabled',1),(227,84,4,1,10,'enabled',1),(228,84,4,7,10,'enabled',1),(229,84,4,8,10,'enabled',1),(230,84,4,9,10,'enabled',1),(231,84,4,2,10,'enabled',1),(232,84,4,10,10,'enabled',1),(233,84,4,11,10,'enabled',1),(234,84,4,13,10,'enabled',1),(235,96,26,1,10,'enabled',1),(236,96,26,7,10,'enabled',1),(237,96,26,8,10,'enabled',1),(238,96,26,9,10,'enabled',1),(239,96,26,2,10,'enabled',1),(240,96,26,10,10,'enabled',1),(241,96,26,11,10,'enabled',1),(242,96,26,13,10,'enabled',1),(243,97,73,1,10,'enabled',1),(244,97,73,7,10,'enabled',1),(245,97,73,8,10,'enabled',1),(246,97,73,9,10,'enabled',1),(247,97,73,2,10,'enabled',1),(248,97,73,10,10,'enabled',1),(249,97,73,11,10,'enabled',1),(250,97,73,13,10,'enabled',1),(251,8,8,7,10,'enabled',1),(252,8,8,2,10,'enabled',1),(253,8,8,13,10,'enabled',1),(254,6,8,9,10,'enabled',1),(255,6,8,11,10,'enabled',1),(256,10,8,1,10,'enabled',1),(257,10,8,8,10,'enabled',1),(258,10,8,10,10,'enabled',1),(259,10,8,1,10,'enabled',1),(260,10,8,8,10,'enabled',1),(261,10,8,10,10,'enabled',1),(262,16,24,1,10,'enabled',1),(263,16,24,9,10,'enabled',1),(264,16,24,10,10,'enabled',1),(265,16,24,13,10,'enabled',1),(266,17,24,8,10,'enabled',1);

--
-- Table structure for table `term_performance_averages`
--

CREATE TABLE `term_performance_averages` (
  `id` int(11) unsigned NOT NULL AUTO_INCREMENT,
  `student_id` int(11) DEFAULT NULL,
  `term_id` tinyint(11) DEFAULT NULL,
  `tavg` double(5,2) DEFAULT NULL,
  `class_id` tinyint(4) DEFAULT NULL,
  `avg1` double(5,2) DEFAULT NULL,
  `avg2` double(5,2) DEFAULT NULL,
  `rank` int(3) DEFAULT NULL,
  `avg3` double(5,2) DEFAULT NULL,
  `ca1_rank` int(20) DEFAULT NULL,
  `ca2_rank` int(8) DEFAULT NULL,
  PRIMARY KEY (`id`),
  UNIQUE KEY `student_id` (`student_id`,`term_id`)
) ENGINE=InnoDB AUTO_INCREMENT=23052 DEFAULT CHARSET=latin1 ROW_FORMAT=COMPACT;

--
-- Dumping data for table `term_performance_averages`
--

INSERT INTO `term_performance_averages` VALUES (1,1,26,80.58,1,78.12,82.22,NULL,0.00,43,25),(2,4,26,80.67,1,79.97,81.14,NULL,0.00,31,32),(3,14,26,80.43,1,81.12,79.97,NULL,0.00,23,37),(4,15,26,82.43,1,82.55,82.35,NULL,0.00,19,24),(5,23,26,80.25,8,77.44,82.13,NULL,0.00,48,26),(6,25,26,87.97,9,85.46,89.64,NULL,0.00,13,9),(7,28,26,78.74,8,73.99,81.91,NULL,0.00,62,28),(8,30,26,68.04,9,68.92,67.45,NULL,0.00,72,74),(9,33,26,73.64,8,73.30,73.86,NULL,0.00,63,64),(10,36,26,77.13,7,76.45,77.58,NULL,0.00,56,52),(11,40,26,81.79,9,82.39,81.39,NULL,0.00,20,31),(12,41,26,74.18,1,76.53,72.61,NULL,0.00,54,68),(13,42,26,68.16,1,0.00,68.16,NULL,0.00,NULL,72),(14,46,26,82.77,7,81.92,83.34,NULL,0.00,21,20),(15,64,26,71.91,9,71.60,72.13,NULL,0.00,68,70),(16,65,26,79.85,1,80.65,79.31,NULL,0.00,26,43),(17,77,26,80.88,7,79.18,82.01,NULL,0.00,36,27),(18,78,26,62.34,1,63.18,61.78,NULL,0.00,76,84),(19,79,26,77.44,1,77.00,77.73,NULL,0.00,51,51),(20,83,26,80.33,9,80.86,79.97,NULL,0.00,25,37),(21,84,26,58.52,1,61.94,56.23,NULL,0.00,78,87),(22,87,26,87.06,9,86.57,87.39,NULL,0.00,10,12),(23,3,26,75.82,7,78.05,74.33,NULL,0.00,44,62),(24,8,26,82.72,7,81.00,83.86,NULL,0.00,24,19),(25,9,26,85.17,7,86.01,84.61,NULL,0.00,12,18),(26,10,26,77.74,7,78.46,77.25,NULL,0.00,42,54),(27,13,26,74.69,7,72.18,76.36,NULL,0.00,64,57),(28,16,26,NULL,7,NULL,NULL,NULL,0.00,NULL,NULL),(29,19,26,62.07,8,58.98,64.13,NULL,0.00,80,81),(30,34,26,69.71,1,67.51,71.18,NULL,0.00,73,71),(31,35,26,80.05,7,80.32,79.87,NULL,0.00,27,39),(32,45,26,70.35,8,66.98,72.59,NULL,0.00,74,69),(33,48,26,63.06,9,60.26,64.92,NULL,0.00,79,79),(34,54,26,79.98,9,79.13,80.54,NULL,0.00,37,35),(35,55,26,86.37,7,87.20,85.81,NULL,0.00,9,15),(36,56,26,75.72,7,77.06,74.83,NULL,0.00,50,61),(37,57,26,79.64,7,78.99,80.08,NULL,0.00,39,36),(38,59,26,60.06,9,56.28,62.58,NULL,0.00,84,83),(39,71,26,80.03,9,81.14,79.29,NULL,0.00,22,44),(40,76,26,87.46,8,84.87,89.19,NULL,0.00,14,10),(41,80,26,78.80,1,77.38,79.75,NULL,0.00,49,40),(42,81,26,75.86,7,78.76,73.93,NULL,0.00,40,63),(43,85,26,94.74,1,94.25,95.07,NULL,0.00,1,1),(44,5,26,63.26,8,58.01,66.77,NULL,0.00,82,75),(45,11,26,90.96,8,89.22,92.12,NULL,0.00,7,7),(46,18,26,75.89,9,75.53,76.13,NULL,0.00,58,58),(47,20,26,84.55,8,83.67,85.13,NULL,0.00,16,16),(48,21,26,77.16,8,77.91,76.66,NULL,0.00,45,56),(49,22,26,84.93,8,82.93,86.26,NULL,0.00,18,13),(50,26,26,78.53,1,78.68,78.43,NULL,0.00,41,47),(51,27,26,73.59,8,74.49,72.99,NULL,0.00,60,67),(52,31,26,81.65,1,79.86,82.84,NULL,0.00,33,21),(53,32,26,72.18,8,69.77,73.79,NULL,0.00,70,65),(54,38,26,74.72,9,74.03,75.18,NULL,0.00,61,60),(55,44,26,61.42,9,57.07,64.32,NULL,0.00,83,80),(56,49,26,92.52,7,91.95,92.90,NULL,0.00,4,6),(57,51,26,77.84,9,76.87,78.48,NULL,0.00,53,46),(58,52,26,79.73,8,80.26,79.38,NULL,0.00,28,42),(59,60,26,65.64,7,64.54,66.37,NULL,0.00,75,77),(60,61,26,71.59,8,68.94,73.35,NULL,0.00,71,66),(61,62,26,93.41,8,91.03,95.00,NULL,0.00,6,2),(62,68,26,93.50,9,93.40,93.56,NULL,0.00,3,5),(63,72,26,79.39,7,76.88,81.06,NULL,0.00,52,33),(64,74,26,68.80,9,72.17,66.54,NULL,0.00,65,76),(65,75,26,53.57,8,47.32,57.74,NULL,0.00,85,86),(66,2,26,80.97,9,80.07,81.57,NULL,0.00,30,29),(67,6,26,85.00,9,83.60,85.93,NULL,0.00,17,14),(68,7,26,77.97,9,79.87,76.71,NULL,0.00,32,55),(69,12,26,69.55,9,71.98,67.92,NULL,0.00,66,73),(70,17,26,76.65,7,75.27,77.58,NULL,0.00,59,52),(71,24,26,77.83,1,77.57,78.01,NULL,0.00,47,49),(72,29,26,73.76,1,71.41,75.33,NULL,0.00,69,59),(73,37,26,81.34,1,79.29,82.70,NULL,0.00,35,23),(74,39,26,94.30,8,93.84,94.61,NULL,0.00,2,4),(75,43,26,81.40,1,79.43,82.71,NULL,0.00,34,22),(76,47,26,80.57,1,80.13,80.86,NULL,0.00,29,34),(77,50,26,93.59,8,91.95,94.69,NULL,0.00,4,3),(78,53,26,75.43,8,71.76,77.88,NULL,0.00,67,50),(79,58,26,86.95,7,86.02,87.58,NULL,0.00,11,11),(80,63,26,84.79,8,84.46,85.01,NULL,0.00,15,17),(81,66,26,58.91,1,58.81,58.98,NULL,0.00,81,85),(82,67,26,64.63,9,62.64,65.95,NULL,0.00,77,78),(83,69,26,78.07,8,76.51,79.11,NULL,0.00,55,45),(84,70,26,62.17,9,3.00,63.23,NULL,0.00,86,82),(85,73,26,89.66,8,87.26,91.25,NULL,0.00,8,8),(86,82,26,80.00,7,77.66,81.56,NULL,0.00,46,30),(87,86,26,79.43,7,79.03,79.70,NULL,0.00,38,41),(539,88,26,77.29,1,75.70,78.35,NULL,0.00,57,48),(11642,1,27,90.55,1,83.84,91.56,12,0.00,21,12),(11660,4,27,83.54,1,80.21,82.35,47,0.00,38,53),(11678,14,27,87.68,1,82.23,87.74,20,0.00,30,21),(11696,15,27,87.77,1,82.74,87.58,19,0.00,26,22),(11714,24,27,80.17,1,73.08,81.56,58,0.00,73,57),(11732,26,27,80.89,1,77.31,80.25,57,0.00,59,59),(11750,29,27,74.25,1,70.20,73.93,72,0.00,79,73),(11768,31,27,84.91,1,78.99,85.52,35,0.00,48,32),(11786,34,27,78.71,1,74.17,78.43,61,0.00,67,65),(11804,37,27,86.11,1,82.58,84.90,27,0.00,28,35),(11822,41,27,82.40,1,78.11,81.92,53,0.00,53,55),(11840,42,27,77.89,1,72.65,78.35,65,0.00,75,67),(11858,43,27,85.19,1,78.62,86.31,32,0.00,50,30),(11876,47,27,87.25,1,81.53,87.56,21,0.00,33,23),(11894,65,27,84.85,1,80.11,84.59,36,0.00,41,37),(11912,66,27,62.79,1,0.00,62.79,86,0.00,5,85),(11930,78,27,66.41,1,62.63,66.85,80,0.00,83,82),(11948,79,27,84.46,1,76.94,86.09,40,0.00,60,31),(11966,80,27,82.70,1,77.83,82.65,51,0.00,56,48),(11984,84,27,66.04,1,59.81,67.66,83,0.00,85,80),(12002,85,27,97.32,1,91.69,97.44,1,0.00,4,1),(12020,88,27,82.87,1,78.50,82.37,49,0.00,51,52),(12038,3,27,81.01,7,73.61,82.42,56,0.00,70,51),(12056,8,27,89.13,7,83.51,89.36,15,0.00,23,16),(12074,9,27,88.06,7,82.36,88.54,18,0.00,29,17),(12092,10,27,78.50,7,74.02,78.44,63,0.00,69,64),(12110,13,27,84.56,7,82.14,82.71,38,0.00,31,47),(12128,17,27,84.32,7,77.88,85.04,41,0.00,55,33),(12146,20,27,87.13,7,80.00,88.32,22,0.00,43,19),(12164,35,27,83.75,7,78.21,84.04,46,0.00,52,41),(12182,36,27,82.38,7,77.83,82.16,54,0.00,56,54),(12200,46,27,86.91,7,81.57,87.13,23,0.00,32,26),(12218,49,27,95.61,7,90.32,95.54,3,0.00,6,5),(12236,55,27,85.10,7,81.30,84.21,33,0.00,35,39),(12254,56,27,0.00,7,0.00,0.00,NULL,0.00,0,0),(12272,57,27,84.68,7,81.32,83.66,37,0.00,34,43),(12290,58,27,88.58,7,83.61,88.42,16,0.00,22,18),(12308,60,27,75.57,7,68.11,77.70,70,0.00,81,69),(12326,72,27,85.54,7,83.08,83.98,31,0.00,25,42),(12344,77,27,84.98,7,80.02,84.96,34,0.00,42,34),(12362,81,27,84.29,7,79.12,84.38,42,0.00,46,38),(12380,82,27,88.24,7,84.10,87.54,17,0.00,20,24),(12398,86,27,86.28,7,83.26,84.78,26,0.00,24,36),(12416,5,27,76.87,8,70.82,77.87,68,0.00,78,68),(12434,11,27,93.49,8,88.42,93.24,6,0.00,13,9),(12452,19,27,69.25,8,63.60,70.18,78,0.00,82,77),(12470,21,27,82.73,8,76.39,83.48,50,0.00,61,45),(12488,22,27,89.53,8,84.23,89.56,14,0.00,19,15),(12506,23,27,81.98,8,77.94,81.38,55,0.00,54,58),(12524,27,27,82.53,8,77.52,82.54,52,0.00,58,49),(12542,28,27,84.50,8,80.12,84.14,39,0.00,40,40),(12560,32,27,78.66,8,74.21,78.41,62,0.00,66,66),(12578,33,27,73.27,8,71.33,71.80,73,0.00,77,76),(12596,39,27,96.30,8,91.02,96.17,2,0.00,5,3),(12614,45,27,83.97,8,79.39,83.65,44,0.00,45,44),(12632,50,27,95.56,8,89.99,95.65,4,0.00,9,4),(12650,52,27,84.09,8,80.40,82.97,43,0.00,37,46),(12668,53,27,80.07,8,75.83,79.73,59,0.00,64,60),(12686,61,27,77.07,8,73.19,76.81,67,0.00,72,70),(12704,62,27,95.01,8,89.27,95.19,5,0.00,11,6),(12722,63,27,89.78,8,84.79,89.63,13,0.00,18,14),(12740,69,27,83.23,8,79.76,82.45,48,0.00,44,50),(12758,73,27,92.43,8,86.43,93.00,9,0.00,16,11),(12776,75,27,66.03,8,61.66,66.52,84,0.00,84,83),(12794,76,27,93.36,8,88.38,93.08,7,0.00,14,10),(12812,2,27,87.85,9,89.51,86.80,NULL,0.00,10,28),(12830,6,27,87.97,9,88.95,87.20,NULL,0.00,12,25),(12848,7,27,79.30,9,79.08,78.85,NULL,0.00,47,63),(12866,12,27,76.40,9,78.75,74.86,NULL,0.00,49,71),(12884,18,27,82.00,9,82.62,81.72,NULL,0.00,27,56),(12902,25,27,94.42,9,94.91,94.06,NULL,0.00,2,7),(12920,30,27,74.65,9,74.43,74.79,NULL,0.00,65,72),(12938,38,27,80.25,9,80.83,79.65,NULL,0.00,36,61),(12956,40,27,88.83,9,90.05,88.02,NULL,0.00,8,20),(12974,44,27,67.68,9,68.39,66.88,NULL,0.00,80,81),(12992,48,27,73.34,9,74.11,72.53,NULL,0.00,68,75),(13010,51,27,89.81,9,87.73,90.92,NULL,0.00,15,13),(13028,54,27,86.53,9,85.37,87.10,NULL,0.00,17,27),(13046,59,27,70.14,9,72.87,68.98,NULL,0.00,74,79),(13064,64,27,74.75,9,76.25,73.51,NULL,0.00,63,74),(13082,67,27,71.09,9,73.21,69.87,NULL,0.00,71,78),(13100,68,27,96.50,9,96.48,96.46,NULL,0.00,1,2),(13118,70,27,67.32,9,71.67,64.94,NULL,0.00,76,84),(13136,71,27,79.94,9,80.20,79.24,NULL,0.00,39,62),(13154,74,27,66.79,9,76.28,60.33,NULL,0.00,62,86),(13172,83,27,88.21,9,90.24,86.71,NULL,0.00,7,29),(13190,87,27,93.61,9,93.11,93.75,NULL,0.00,3,8),(16323,1,28,91.70,1,90.94,92.20,11,0.00,1,1651),(16341,4,28,81.24,1,80.59,81.68,52,0.00,3,1462),(16359,14,28,87.94,1,87.38,88.32,24,0.00,2,1583),(16377,15,28,88.67,1,86.95,89.81,20,0.00,2,1596),(16395,24,28,84.95,1,86.24,84.09,36,0.00,2,1529),(16413,26,28,78.73,1,76.04,80.52,59,0.00,3,1417),(16431,29,28,76.39,1,75.70,76.85,65,0.00,3,1375),(16449,31,28,86.50,1,85.36,87.26,27,0.00,2,1557),(16467,34,28,78.53,1,78.25,78.72,60,0.00,3,1414),(16485,37,28,86.91,1,87.13,86.76,26,0.00,2,1564),(16503,41,28,78.49,1,81.56,76.44,61,0.00,3,1413),(16521,42,28,79.47,1,79.47,79.48,56,0.00,3,1431),(16539,43,28,85.12,1,85.15,85.10,34,0.00,2,1532),(16557,47,28,89.52,1,89.66,89.42,17,0.00,2,1611),(16575,65,28,85.85,1,86.67,85.31,29,0.00,2,1545),(16593,66,28,67.96,1,67.88,68.01,79,0.00,4,1223),(16611,78,28,68.73,1,68.51,68.88,78,0.00,4,1237),(16629,79,28,85.07,1,82.79,86.59,35,0.00,2,1531),(16647,80,28,83.84,1,85.19,82.93,43,0.00,3,1509),(16665,84,28,71.11,1,74.51,68.85,74,0.00,4,1280),(16683,85,28,97.23,1,97.36,97.15,1,0.00,1,1750),(16701,88,28,84.22,1,79.87,87.13,40,0.00,2,1516),(16719,3,28,79.80,7,81.06,78.54,55,0.00,3,1436),(16737,8,28,88.16,7,87.33,88.98,23,0.00,2,1587),(16755,9,28,90.75,7,91.73,89.78,15,0.00,1,1634),(16773,10,28,76.23,7,77.42,75.05,67,0.00,3,1372),(16791,13,28,75.67,7,76.26,75.07,68,0.00,3,1362),(16809,17,28,0.00,7,0.00,0.00,NULL,0.00,0,0),(16827,20,28,89.13,7,90.21,88.05,19,0.00,2,1604),(16845,35,28,84.41,7,86.82,81.99,39,0.00,2,1519),(16863,36,28,82.79,7,83.15,82.43,48,0.00,2,1490),(16881,46,28,87.82,7,87.64,87.99,25,0.00,2,1581),(16899,49,28,94.27,7,94.77,93.77,7,0.00,1,1697),(16917,55,28,85.83,7,86.48,85.17,30,0.00,2,1545),(16935,56,28,0.00,7,0.00,0.00,NULL,0.00,0,0),(16953,57,28,82.82,7,83.47,82.17,46,0.00,3,1491),(16971,58,28,89.44,7,89.92,88.97,18,0.00,2,1610),(16989,60,28,75.27,7,75.65,74.88,69,0.00,3,1355),(17007,72,28,0.00,7,0.00,0.00,NULL,0.00,0,0),(17025,77,28,81.61,7,81.09,82.14,51,0.00,3,1469),(17043,81,28,85.29,7,85.68,84.89,33,0.00,2,1535),(17061,82,28,88.48,7,88.80,88.16,22,0.00,2,1593),(17079,86,28,84.84,7,84.65,85.02,37,0.00,2,1527),(17097,5,28,78.18,8,75.64,79.87,62,0.00,3,1407),(17115,11,28,92.14,8,91.94,92.27,10,0.00,1,1659),(17133,19,28,69.42,8,70.12,68.96,77,0.00,4,1250),(17151,21,28,83.57,8,83.04,83.93,44,0.00,3,1504),(17169,22,28,91.14,8,90.46,91.60,12,0.00,1,1641),(17187,23,28,79.41,8,78.18,80.22,57,0.00,3,1429),(17205,27,28,82.24,8,82.58,82.02,49,0.00,2,1480),(17223,28,28,82.06,8,82.96,81.45,50,0.00,3,1477),(17241,32,28,85.40,8,84.74,85.84,31,0.00,2,1537),(17259,33,28,76.38,8,77.39,75.71,66,0.00,3,1375),(17277,39,28,96.51,8,96.48,96.52,2,0.00,1,1737),(17295,45,28,82.79,8,82.97,82.67,47,0.00,3,1490),(17313,50,28,93.45,8,94.50,92.75,9,0.00,1,1682),(17331,52,28,85.35,8,85.67,85.15,32,0.00,2,1536),(17349,53,28,80.66,8,81.84,79.87,53,0.00,3,1452),(17367,61,28,77.11,8,77.11,77.10,63,0.00,3,1388),(17385,62,28,95.59,8,95.13,95.89,4,0.00,1,1721),(17403,63,28,86.23,8,84.71,87.24,28,0.00,2,1552),(17421,69,28,80.62,8,80.54,80.68,54,0.00,3,1451),(17439,73,28,90.98,8,91.50,90.63,13,0.00,2,1638),(17457,75,28,65.49,8,67.21,64.34,82,0.00,4,1179),(17475,76,28,93.94,8,93.86,94.00,8,0.00,1,1691),(17493,2,28,83.54,9,84.95,82.60,45,0.00,2,1504),(17511,6,28,89.65,9,91.22,88.60,16,0.00,2,1614),(17529,7,28,76.78,9,79.61,74.89,64,0.00,3,1382),(17547,12,28,74.84,9,77.78,72.88,70,0.00,4,1347),(17565,18,28,0.00,9,0.00,0.00,NULL,0.00,0,0),(17583,25,28,95.46,9,95.50,95.44,5,0.00,1,1718),(17601,30,28,72.49,9,72.73,72.33,72,0.00,4,1305),(17619,38,28,79.31,9,78.97,79.54,58,0.00,3,1428),(17637,40,28,84.68,9,88.00,82.47,38,0.00,2,1524),(17655,44,28,64.66,9,65.13,64.34,83,0.00,4,1164),(17673,48,28,69.80,9,71.39,68.74,76,0.00,4,1256),(17691,51,28,90.85,9,91.20,90.62,14,0.00,2,1635),(17709,54,28,84.00,9,83.06,84.62,41,0.00,2,1512),(17727,59,28,67.08,9,72.14,63.71,81,0.00,4,1208),(17745,64,28,72.28,9,75.37,70.23,73,0.00,4,1301),(17763,67,28,69.86,9,69.70,69.96,75,0.00,4,1257),(17781,68,28,95.74,9,96.03,95.54,3,0.00,1,1723),(17799,70,28,72.83,9,73.50,72.39,71,0.00,4,1311),(17817,71,28,83.91,9,85.18,83.07,42,0.00,2,1510),(17835,74,28,67.59,9,71.23,65.17,80,0.00,4,1217),(17853,83,28,88.57,9,88.76,88.44,21,0.00,2,1594),(17871,87,28,94.34,9,94.61,94.17,6,0.00,1,1698),(19438,89,29,86.72,1,86.14,87.11,NULL,0.00,25,23),(19456,90,29,89.86,1,0.00,89.86,NULL,0.00,NULL,13),(19474,103,29,73.67,1,72.36,74.54,NULL,0.00,82,67),(19492,107,29,82.83,1,82.64,82.96,NULL,0.00,40,41),(19510,113,29,86.50,1,86.46,86.53,NULL,0.00,23,28),(19528,121,29,76.52,1,75.41,77.26,NULL,0.00,69,58),(19546,122,29,80.83,1,81.92,80.11,NULL,0.00,43,51),(19564,123,29,93.46,1,92.24,94.27,NULL,0.00,4,4),(19582,124,29,80.58,1,81.42,80.01,NULL,0.00,46,52),(19600,125,29,80.45,1,81.40,79.81,NULL,0.00,47,53),(19618,126,29,73.75,1,77.44,71.29,NULL,0.00,59,79),(19636,131,29,78.38,1,82.67,75.52,NULL,0.00,39,64),(19654,133,29,75.46,1,75.36,75.53,NULL,0.00,70,63),(19672,137,29,70.42,1,72.48,69.04,NULL,0.00,80,86),(19690,142,29,87.32,1,87.29,87.34,NULL,0.00,20,22),(19708,146,29,65.02,1,66.23,64.22,NULL,0.00,90,91),(19726,147,29,69.62,1,68.67,70.25,NULL,0.00,87,83),(19744,149,29,87.71,1,86.63,88.43,NULL,0.00,22,19),(19762,151,29,81.35,1,82.42,80.64,NULL,0.00,42,49),(19780,160,29,83.17,1,82.98,83.30,NULL,0.00,38,40),(19798,163,29,81.75,1,80.82,82.36,NULL,0.00,50,45),(19816,164,29,75.82,1,77.02,75.01,NULL,0.00,62,66),(19834,167,29,83.49,1,81.83,84.60,NULL,0.00,44,33),(19852,177,29,87.53,1,88.25,87.05,NULL,0.00,18,24),(20302,94,29,77.65,7,76.53,78.40,NULL,0.00,64,56),(20320,97,29,96.25,7,97.06,95.72,NULL,0.00,1,1),(20338,106,29,93.34,7,91.49,94.57,NULL,0.00,7,3),(20356,108,29,77.41,7,78.38,76.75,NULL,0.00,55,60),(20374,118,29,73.48,7,76.24,71.64,NULL,0.00,66,78),(20392,120,29,80.99,7,79.77,81.80,NULL,0.00,53,46),(20410,127,29,89.04,7,89.11,88.99,NULL,0.00,12,17),(20428,130,29,78.74,7,81.19,77.10,NULL,0.00,48,59),(20446,136,29,80.70,7,79.79,81.30,NULL,0.00,52,47),(20464,138,29,71.18,7,73.02,69.96,NULL,0.00,79,84),(20482,139,29,86.83,7,84.22,88.57,NULL,0.00,34,18),(20500,140,29,91.47,7,88.61,93.38,NULL,0.00,16,6),(20518,141,29,73.91,7,75.66,72.74,NULL,0.00,67,76),(20536,145,29,78.42,7,77.88,78.77,NULL,0.00,56,54),(20554,148,29,92.50,7,92.08,92.78,NULL,0.00,6,7),(20572,153,29,72.63,7,71.10,73.65,NULL,0.00,84,69),(20590,156,29,73.03,7,72.30,73.51,NULL,0.00,83,72),(20608,159,29,90.32,7,89.09,91.14,NULL,0.00,13,11),(20626,161,29,82.76,7,82.57,82.89,NULL,0.00,41,42),(20644,162,29,93.97,7,92.89,94.69,NULL,0.00,3,2),(20662,165,29,91.21,7,90.78,91.51,NULL,0.00,8,9),(20680,171,29,82.17,7,83.78,81.09,NULL,0.00,35,48),(20698,178,29,73.22,7,77.39,70.43,NULL,0.00,60,81),(20716,179,29,73.48,7,73.38,73.55,NULL,0.00,77,71),(20734,91,29,80.15,8,79.77,80.40,NULL,0.00,53,50),(20752,93,29,87.58,8,88.81,86.76,NULL,0.00,15,26),(20770,95,29,73.05,8,72.39,73.49,NULL,0.00,81,73),(20788,99,29,85.77,8,85.18,86.16,NULL,0.00,30,30),(20806,100,29,71.75,8,73.82,70.38,NULL,0.00,75,82),(20824,102,29,83.19,8,81.47,84.33,NULL,0.00,45,35),(20842,104,29,86.20,8,85.72,86.53,NULL,0.00,27,28),(20860,105,29,75.05,8,74.11,75.68,NULL,0.00,73,62),(20878,109,29,0.00,8,0.00,0.00,NULL,0.00,NULL,NULL),(20896,112,29,83.43,8,84.41,82.78,NULL,0.00,33,43),(20914,115,29,74.29,8,75.14,73.72,NULL,0.00,71,68),(20932,117,29,71.80,8,73.53,70.65,NULL,0.00,76,80),(20950,128,29,89.53,8,89.39,89.62,NULL,0.00,11,15),(20968,132,29,84.47,8,85.54,83.76,NULL,0.00,29,39),(20986,134,29,81.71,8,80.26,82.68,NULL,0.00,51,44),(21004,135,29,73.97,8,70.34,76.39,NULL,0.00,85,61),(21022,154,29,64.22,8,65.44,63.40,NULL,0.00,91,92),(21040,155,29,77.61,8,76.40,78.42,NULL,0.00,65,55),(21058,170,29,68.37,8,68.29,68.42,NULL,0.00,88,88),(21076,173,29,89.75,8,87.78,91.06,NULL,0.00,19,12),(21094,180,29,93.80,8,94.00,93.66,NULL,0.00,2,5),(21112,181,29,86.16,8,84.89,87.00,NULL,0.00,32,25),(21130,184,29,75.22,8,77.66,73.60,NULL,0.00,58,70),(21147,92,29,77.55,9,81.05,75.22,NULL,0.00,49,65),(21165,96,29,68.17,9,67.18,68.82,NULL,0.00,89,87),(21183,101,29,73.56,9,74.56,72.89,NULL,0.00,72,75),(21201,110,29,85.38,9,85.06,85.60,NULL,0.00,31,31),(21219,111,29,89.45,9,88.97,89.77,NULL,0.00,14,14),(21237,114,29,91.65,9,92.12,91.34,NULL,0.00,5,10),(21255,116,29,91.39,9,89.77,92.48,NULL,0.00,10,8),(21273,119,29,77.13,9,75.59,78.16,NULL,0.00,68,57),(21291,129,29,62.53,9,62.89,62.30,NULL,0.00,92,93),(21309,143,29,84.08,9,83.78,84.28,NULL,0.00,35,36),(21327,144,29,69.83,9,73.08,67.66,NULL,0.00,78,90),(21345,150,29,83.87,9,83.59,84.06,NULL,0.00,37,37),(21363,152,29,71.45,9,74.04,69.72,NULL,0.00,74,85),(21381,157,29,87.79,9,87.11,88.24,NULL,0.00,21,20),(21399,158,29,86.57,9,89.82,84.40,NULL,0.00,9,34),(21417,166,29,87.36,9,88.56,86.56,NULL,0.00,17,27),(21435,168,29,87.36,9,86.08,88.22,NULL,0.00,26,21),(21453,169,29,87.88,9,86.16,89.03,NULL,0.00,24,16),(21471,172,29,74.06,9,76.69,72.31,NULL,0.00,63,77),(21489,174,29,81.48,9,77.87,83.89,NULL,0.00,57,38),(21507,175,29,59.60,9,62.38,57.76,NULL,0.00,93,94),(21525,176,29,85.52,9,85.71,85.39,NULL,0.00,28,32),(21543,98,29,74.78,9,77.09,73.24,NULL,0.00,61,74),(21561,182,29,68.66,9,69.58,68.05,NULL,0.00,86,89),(21579,1,29,92.18,2,91.16,92.86,NULL,0.00,12,9),(21596,4,29,77.13,2,76.67,77.43,NULL,0.00,61,62),(21613,14,29,88.21,2,87.56,88.64,NULL,0.00,23,20),(21630,15,29,86.66,2,87.07,86.38,NULL,0.00,24,32),(21647,24,29,82.99,2,83.38,82.73,NULL,0.00,39,42),(21664,26,29,80.47,2,79.34,81.22,NULL,0.00,56,51),(21681,29,29,77.05,2,79.71,75.26,NULL,0.00,52,67),(21698,31,29,85.62,2,83.60,86.97,NULL,0.00,38,29),(21715,34,29,78.73,2,79.45,78.26,NULL,0.00,53,60),(21732,37,29,83.07,2,81.64,84.03,NULL,0.00,45,39),(21749,41,29,83.51,2,86.77,81.34,NULL,0.00,26,48),(21766,42,29,82.15,2,80.50,83.25,NULL,0.00,51,41),(21783,43,29,84.28,2,84.98,83.82,NULL,0.00,36,40),(21800,47,29,87.13,2,84.99,88.56,NULL,0.00,35,22),(21817,65,29,87.18,2,86.04,87.94,NULL,0.00,28,25),(21834,66,29,64.83,2,66.41,63.78,NULL,0.00,79,80),(21851,78,29,71.28,2,75.13,68.72,NULL,0.00,66,76),(21868,79,29,89.83,2,88.16,90.94,NULL,0.00,18,13),(21885,80,29,81.09,2,80.64,81.39,NULL,0.00,50,47),(21902,84,29,64.02,2,68.83,60.80,NULL,0.00,75,82),(21919,85,29,97.45,2,97.92,97.14,NULL,0.00,1,1),(21936,88,29,81.31,2,81.05,81.49,NULL,0.00,49,46),(21953,3,29,76.15,10,74.66,77.15,NULL,0.00,67,63),(21972,8,29,89.43,10,88.75,89.89,NULL,0.00,16,16),(21991,9,29,87.93,10,87.89,87.96,NULL,0.00,19,24),(22010,10,29,77.90,10,76.20,79.04,NULL,0.00,62,58),(22029,13,29,81.26,10,79.43,82.48,NULL,0.00,54,43),(22048,20,29,88.34,10,0.00,88.34,NULL,0.00,NULL,23),(22067,35,29,89.05,10,89.76,88.57,NULL,0.00,14,21),(22086,36,29,80.84,10,81.81,80.20,NULL,0.00,44,56),(22105,46,29,89.43,10,88.30,90.18,NULL,0.00,17,15),(22124,49,29,95.98,10,95.66,96.20,NULL,0.00,5,3),(22143,55,29,85.58,10,85.60,85.57,NULL,0.00,31,35),(22162,57,29,86.53,10,85.04,87.52,NULL,0.00,33,27),(22181,58,29,89.62,10,90.04,89.33,NULL,0.00,13,18),(22200,60,29,76.80,10,75.67,77.56,NULL,0.00,64,61),(22219,77,29,82.06,10,83.28,81.25,NULL,0.00,40,50),(22238,81,29,83.26,10,81.07,84.72,NULL,0.00,48,38),(22257,82,29,87.02,10,86.29,87.50,NULL,0.00,27,28),(22276,86,29,85.62,10,83.96,86.72,NULL,0.00,37,31),(22295,5,29,79.89,11,78.55,80.78,NULL,0.00,58,53),(22313,11,29,92.59,11,92.67,92.53,NULL,0.00,8,10),(22331,19,29,68.09,11,70.04,66.79,NULL,0.00,74,77),(22349,21,29,82.14,11,81.93,82.27,NULL,0.00,43,44),(22367,22,29,89.55,11,87.76,90.74,NULL,0.00,21,14),(22385,23,29,78.65,11,79.11,78.34,NULL,0.00,57,59),(22403,27,29,79.60,11,79.39,79.74,NULL,0.00,55,57),(22421,28,29,82.00,11,83.09,81.27,NULL,0.00,41,49),(22439,32,29,84.55,11,82.29,86.06,NULL,0.00,42,34),(22457,33,29,73.76,11,72.99,74.28,NULL,0.00,69,68),(22475,39,29,96.42,11,96.21,96.56,NULL,0.00,2,2),(22493,45,29,81.92,11,81.62,82.12,NULL,0.00,46,45),(22511,50,29,93.34,11,92.95,93.61,NULL,0.00,7,8),(22529,52,29,80.87,11,81.15,80.68,NULL,0.00,47,54),(22547,53,29,75.82,11,75.64,75.94,NULL,0.00,65,65),(22565,61,29,73.44,11,72.66,73.96,NULL,0.00,70,69),(22583,62,29,95.12,11,94.53,95.52,NULL,0.00,6,6),(22601,63,29,85.90,11,85.62,86.09,NULL,0.00,30,33),(22619,69,29,79.34,11,77.73,80.42,NULL,0.00,60,55),(22637,73,29,91.66,11,91.47,91.79,NULL,0.00,11,11),(22655,75,29,62.61,11,63.52,62.01,NULL,0.00,81,81),(22673,76,29,93.17,11,92.09,93.89,NULL,0.00,10,7),(22691,2,29,87.70,13,89.06,86.79,NULL,0.00,15,30),(22709,6,29,87.49,13,87.01,87.81,NULL,0.00,25,26),(22727,7,29,70.03,13,67.45,71.75,NULL,0.00,77,72),(22745,12,29,71.63,13,73.06,70.69,NULL,0.00,68,74),(22763,25,29,95.82,13,95.70,95.91,NULL,0.00,4,4),(22781,30,29,71.67,13,71.27,71.94,NULL,0.00,72,70),(22799,38,29,75.54,13,75.68,75.45,NULL,0.00,63,66),(22817,40,29,82.86,13,85.64,81.02,NULL,0.00,29,52),(22835,44,29,58.16,13,59.38,57.34,NULL,0.00,82,83),(22853,48,29,67.58,13,70.51,65.62,NULL,0.00,73,78),(22871,51,29,88.80,13,87.82,89.45,NULL,0.00,20,17),(22889,54,29,85.22,13,85.46,85.06,NULL,0.00,32,36),(22907,59,29,69.73,13,66.66,71.78,NULL,0.00,78,71),(22925,64,29,77.22,13,78.38,76.45,NULL,0.00,59,64),(22943,67,29,70.12,13,68.67,71.09,NULL,0.00,76,73),(22961,68,29,95.65,13,95.79,95.57,NULL,0.00,3,5),(22979,70,29,70.21,13,71.34,69.45,NULL,0.00,71,75),(22997,71,29,84.91,13,85.03,84.83,NULL,0.00,34,37),(23015,74,29,64.68,13,63.83,65.24,NULL,0.00,80,79),(23033,83,29,88.39,13,87.65,88.88,NULL,0.00,22,19),(23051,87,29,92.02,13,92.51,91.69,NULL,0.00,9,12);

--
-- Table structure for table `timetable`
--

CREATE TABLE `timetable` (
  `id` bigint(20) unsigned NOT NULL AUTO_INCREMENT,
  `day` varchar(15) NOT NULL,
  `period` varchar(2) NOT NULL,
  `subject_teacher_id` bigint(6) NOT NULL,
  `class_id` bigint(20) NOT NULL,
  `subject_id` bigint(20) NOT NULL,
  `teacher_id` bigint(20) NOT NULL,
  `session_id` int(2) DEFAULT NULL,
  PRIMARY KEY (`id`),
  UNIQUE KEY `specific_class_periods` (`day`,`period`,`subject_teacher_id`),
  UNIQUE KEY `busy teacher` (`day`,`period`,`teacher_id`)
) ENGINE=InnoDB DEFAULT CHARSET=latin1 ROW_FORMAT=COMPACT;

--
-- Dumping data for table `timetable`
--


--
-- Table structure for table `timetable_durations`
--

CREATE TABLE `timetable_durations` (
  `id` int(11) unsigned NOT NULL,
  `period` tinyint(1) DEFAULT NULL,
  `day` varchar(12) DEFAULT NULL,
  `start` varchar(12) DEFAULT NULL,
  `end` varchar(12) DEFAULT NULL,
  PRIMARY KEY (`id`),
  UNIQUE KEY `period` (`period`,`day`)
) ENGINE=InnoDB DEFAULT CHARSET=latin1 ROW_FORMAT=COMPACT;

--
-- Dumping data for table `timetable_durations`
--

INSERT INTO `timetable_durations` VALUES (1,1,'Monday','8:30 am  ','9:10 am  '),(2,1,'Tuesday','8:30 am     ','9:10 am     '),(3,1,'Wednesday','8:30 am     ','9:10 am     '),(4,1,'Thursday','8:30 am     ','9:10 am     '),(5,1,'Friday','8:30 am  ','9:10 am  '),(6,2,'Monday','9:10 am  ','9:50 am  '),(7,2,'Tuesday','9:10 am     ','9:50 am     '),(8,2,'Wednesday','9:10 am     ','9:50 am     '),(9,2,'Thursday','9:10 am     ','9:50 am     '),(10,2,'Friday','9:10 am    ','9:50 am    '),(11,3,'Monday','9:50 am  ','10:30 am  '),(12,3,'Tuesday','9:50 am     ','10:30 am    '),(13,3,'Wednesday','9:50 am ','10:30 am    '),(14,3,'Thursday','9:50 am     ','10:30 am    '),(15,3,'Friday','9:50 am    ','10:30 am    '),(16,4,'Monday','10:30 am    ','11:10 am    '),(17,4,'Tuesday','10:30 am    ','11:10 am    '),(18,4,'Wednesday','10:30 am    ','11:10 am    '),(19,4,'Thursday','10:30 am    ','11:10 am    '),(20,4,'Friday','10:30 am    ','11:10 am    '),(21,5,'Monday','11:35 am    ','12:15 pm    '),(22,5,'Tuesday','11:35 am    ','12:15 pm    '),(23,5,'Wednesday','11:35 am    ','12:15 pm    '),(24,5,'Thursday','11:35 am    ','12:15 pm    '),(25,5,'Friday','11:35 am    ','12:15 pm    '),(26,6,'Monday','12:15 pm    ','12:55 pm    '),(27,6,'Tuesday','12:15 pm    ','12:55 pm    '),(28,6,'Wednesday','12:15 pm    ','12:55 pm    '),(29,6,'Thursday','12:15 pm    ','12:55 pm    '),(30,6,'Friday','12:15 pm    ','12:55 pm    '),(31,7,'Monday','12:55 pm    ','1:35 pm     '),(32,7,'Tuesday','12:55 pm    ','1:35 pm  '),(33,7,'Wednesday','12:55 pm    ','1:35 pm     '),(34,7,'Thursday','12:55 pm    ','1:35 pm     '),(35,7,'Friday','12:55 pm    ','1:35 pm    '),(36,8,'Monday','1:35 pm     ','2:15 pm     '),(37,8,'Tuesday','1:35 pm     ','2:15 pm     '),(38,8,'Wednesday','1:35 pm     ','2:15 pm  '),(39,8,'Thursday','1:35 pm     ','2:15 pm     '),(40,8,'Friday','1:35 pm    ','2:15 pm    '),(41,9,'Monday','2:30 pm     ','3:05 pm     '),(42,9,'Tuesday','2:30 pm     ','3:05 pm     '),(43,9,'Wednesday','2:30 pm     ','3:05 pm     '),(44,9,'Thursday','2:30 pm     ','3:05 pm     '),(45,9,'Friday','2:30 pm    ','3:05 pm    '),(46,10,'Monday','3:05 pm   ','3.40 pm     '),(47,10,'Tuesday','3:05 pm     ','3:40 pm     '),(48,10,'Wednesday','3:05 pm     ','3:40 pm     '),(49,10,'Thursday','3:05 pm     ','3:40 pm  '),(50,10,'Friday','3:05 pm    ','3:40 pm    '),(56,1,'Saturday','7:00 am','7:30 am'),(62,2,'Saturday',' ',' '),(68,3,'Saturday',' ',' '),(74,4,'Saturday',' ',' '),(80,5,'Saturday',' ',' '),(86,6,'Saturday',' ',' '),(92,7,'Saturday',' ',' '),(98,8,'Saturday',' ',' '),(104,9,'Saturday',' ',' '),(110,10,'Saturday',' ',' ');

--
-- Table structure for table `titles`
--

CREATE TABLE `titles` (
  `id` tinyint(4) NOT NULL AUTO_INCREMENT,
  `title` varchar(40) NOT NULL,
  PRIMARY KEY (`id`),
  UNIQUE KEY `id` (`id`,`title`)
) ENGINE=InnoDB AUTO_INCREMENT=43 DEFAULT CHARSET=latin1 ROW_FORMAT=COMPACT;

--
-- Dumping data for table `titles`
--

INSERT INTO `titles` VALUES (1,'NONE'),(2,'Executive Director'),(3,'Chairman'),(4,'Head Master '),(7,'Assistant Bursar'),(8,'PA. to the Executive Director'),(9,'Head of Marketting '),(10,'Ass. Head of Boarding'),(14,'Head of Boarding'),(15,'Facilities / Store manager'),(16,'College Secretary'),(18,'Academics Coordinator'),(19,'Admissions Coordinator'),(20,'Teacher'),(22,'Exam Officer'),(28,'Cook'),(29,'Kitchen Manager'),(30,'Kitchen Supervisor'),(31,'Security'),(33,'Head of Environment'),(34,'Head of Security'),(35,'E.D Staff'),(36,'Chairman Staff'),(37,'Bursar'),(38,'Assistant Admin Officer '),(39,'Head Teacher'),(40,'PA. to the Chairman'),(41,'Assistant Head Teacher'),(42,'Principal');

--
-- Table structure for table `transaction_log`
--

CREATE TABLE `transaction_log` (
  `id` int(11) unsigned NOT NULL AUTO_INCREMENT,
  `student_id` int(6) NOT NULL,
  `email` varchar(80) DEFAULT NULL,
  `response` varchar(2000) DEFAULT 'pending',
  `channel` int(2) NOT NULL DEFAULT '1',
  `ref` varchar(50) DEFAULT NULL,
  `amount` double(12,2) NOT NULL,
  `status` varchar(100) NOT NULL DEFAULT 'pending',
  `time` timestamp NOT NULL DEFAULT CURRENT_TIMESTAMP,
  `metadata` longtext,
  `debit_id` int(11) DEFAULT NULL,
  `processed` int(11) DEFAULT NULL,
  PRIMARY KEY (`id`),
  UNIQUE KEY `Unique ref` (`ref`),
  KEY `ref` (`ref`) USING BTREE
) ENGINE=InnoDB DEFAULT CHARSET=latin1 ROW_FORMAT=DYNAMIC;

--
-- Dumping data for table `transaction_log`
--


--
-- Table structure for table `transactions`
--

CREATE TABLE `transactions` (
  `id` int(10) unsigned NOT NULL AUTO_INCREMENT,
  `type` enum('debit','credit') NOT NULL,
  `method_id` int(11) DEFAULT '4',
  `employee_id` int(11) DEFAULT NULL,
  `student_id` int(11) DEFAULT NULL,
  `client_name` varchar(50) DEFAULT NULL,
  `details` varchar(600) NOT NULL,
  `amount` double(10,2) NOT NULL,
  `account_id` int(10) unsigned DEFAULT NULL,
  `dateTime` timestamp NOT NULL DEFAULT CURRENT_TIMESTAMP ON UPDATE CURRENT_TIMESTAMP,
  `date` date DEFAULT NULL,
  `accountant` varchar(50) DEFAULT NULL,
  `order_id` varchar(50) DEFAULT NULL,
  `term_id` int(11) DEFAULT NULL,
  PRIMARY KEY (`id`),
  UNIQUE KEY `order_id` (`order_id`)
) ENGINE=InnoDB DEFAULT CHARSET=latin1 ROW_FORMAT=COMPACT;

--
-- Dumping data for table `transactions`
--


--
-- Table structure for table `vehicle_routes`
--

CREATE TABLE `vehicle_routes` (
  `id` int(10) unsigned NOT NULL,
  `vehicle_id` int(11) NOT NULL,
  `route_id` int(11) NOT NULL,
  `attendant_id` int(11) DEFAULT NULL,
  `driver_id` int(11) NOT NULL,
  `runs` int(11) NOT NULL,
  PRIMARY KEY (`id`),
  UNIQUE KEY `Unique Bus Route` (`vehicle_id`,`route_id`),
  UNIQUE KEY `Unique Bus Attendant` (`vehicle_id`,`attendant_id`)
) ENGINE=InnoDB DEFAULT CHARSET=latin1 ROW_FORMAT=COMPACT;

--
-- Dumping data for table `vehicle_routes`
--


--
-- Table structure for table `vehicles`
--

CREATE TABLE `vehicles` (
  `id` int(10) unsigned NOT NULL,
  `alias` varchar(40) NOT NULL,
  `brand` varchar(25) NOT NULL,
  `model` varchar(28) NOT NULL,
  `reg_number` varchar(15) NOT NULL,
  `capacity` tinyint(3) unsigned NOT NULL DEFAULT '0',
  `driver_id` int(11) DEFAULT NULL,
  `attendant_id` smallint(5) unsigned DEFAULT '0' COMMENT 'employeeID in employees',
  `type` tinytext NOT NULL,
  PRIMARY KEY (`id`),
  UNIQUE KEY `Unique Alias` (`alias`),
  UNIQUE KEY `Unique Reg` (`reg_number`),
  KEY `Unique Vehicle` (`alias`,`brand`,`model`,`reg_number`)
) ENGINE=InnoDB DEFAULT CHARSET=latin1 ROW_FORMAT=COMPACT;

--
-- Dumping data for table `vehicles`
--


--
-- Table structure for table `vouchers`
--

CREATE TABLE `vouchers` (
  `Id` int(9) unsigned zerofill NOT NULL,
  `clientName` varchar(100) NOT NULL COMMENT 'recieved from or given to',
  `transaction_id` int(9) unsigned NOT NULL DEFAULT '0',
  `paymentType` enum('cash','cheque') NOT NULL,
  PRIMARY KEY (`Id`,`transaction_id`),
  UNIQUE KEY `transaction` (`transaction_id`)
) ENGINE=InnoDB DEFAULT CHARSET=latin1 ROW_FORMAT=COMPACT;

--
-- Dumping data for table `vouchers`
--



