
CREATE TABLE `roles` (
  `id` tinyint(3) unsigned NOT NULL AUTO_INCREMENT,
  `role` varchar(40) NOT NULL,
  PRIMARY KEY (`id`),
  UNIQUE KEY `roleCheck` (`role`)
) ENGINE=InnoDB DEFAULT CHARSET=latin1 ROW_FORMAT=COMPACT;


INSERT INTO `roles` (`id`, `role`)
VALUES
	(5,'Accountant I'),
	(1,'Bursar 1'),
	(4,'Exam officer'),
	(3,'Libarian');



# Dump of table room_types
# ------------------------------------------------------------


CREATE TABLE `room_types` (
  `id` smallint(5) unsigned zerofill NOT NULL AUTO_INCREMENT COMMENT 'rooms',
  `type` varchar(50) NOT NULL,
  PRIMARY KEY (`id`),
  UNIQUE KEY `type` (`type`)
) ENGINE=InnoDB DEFAULT CHARSET=latin1 ROW_FORMAT=COMPACT;


INSERT INTO `room_types` (`id`, `type`)
VALUES
	(00001,'Class room'),
	(00003,'Classroom'),
	(00002,'Laboratory');



# Dump of table routes
# ------------------------------------------------------------


CREATE TABLE `routes` (
  `id` int(10) unsigned NOT NULL AUTO_INCREMENT,
  `tag` varchar(40) NOT NULL,
  `start` varchar(40) NOT NULL,
  `end` varchar(40) NOT NULL,
  `description` varchar(200) NOT NULL,
  PRIMARY KEY (`id`),
  UNIQUE KEY `Unique route` (`start`,`end`),
  UNIQUE KEY `Unique tag` (`tag`)
) ENGINE=InnoDB DEFAULT CHARSET=latin1 ROW_FORMAT=COMPACT;



# Dump of table salary_structure
# ------------------------------------------------------------


CREATE TABLE `salary_structure` (
  `id` tinyint(2) unsigned zerofill NOT NULL AUTO_INCREMENT,
  `description` varchar(40) NOT NULL,
  `type` enum('deduction','earning') NOT NULL,
  `level` int(2) unsigned DEFAULT NULL,
  `employee_id` int(11) DEFAULT NULL,
  `title_id` int(11) DEFAULT NULL,
  `amount` double(11,2) NOT NULL,
  `month` int(2) unsigned NOT NULL,
  `year` year(4) NOT NULL,
  `status` enum('pending','approved') DEFAULT 'pending',
  PRIMARY KEY (`id`),
  UNIQUE KEY `Unique level pay` (`description`,`type`,`level`,`month`,`year`),
  UNIQUE KEY `Unique title pay` (`type`,`title_id`,`month`,`year`,`description`)
) ENGINE=InnoDB DEFAULT CHARSET=latin1 ROW_FORMAT=COMPACT;



# Dump of table sales
# ------------------------------------------------------------


CREATE TABLE `sales` (
  `id` int(10) unsigned NOT NULL AUTO_INCREMENT,
  `transaction_id` int(11) NOT NULL,
  `type` varchar(255) NOT NULL,
  PRIMARY KEY (`id`,`transaction_id`)
) ENGINE=InnoDB DEFAULT CHARSET=latin1 ROW_FORMAT=COMPACT;



# Dump of table scheme_of_work
# ------------------------------------------------------------


CREATE TABLE `scheme_of_work` (
  `id` bigint(5) unsigned NOT NULL AUTO_INCREMENT,
  `subject_id` bigint(3) unsigned NOT NULL DEFAULT '0' COMMENT 'subjects',
  `level` int(3) NOT NULL,
  `week` bigint(3) unsigned NOT NULL DEFAULT '0',
  `topic` varchar(200) NOT NULL,
  `content` longtext NOT NULL,
  `term` tinyint(3) unsigned NOT NULL DEFAULT '0',
  PRIMARY KEY (`id`),
  UNIQUE KEY `subject_id` (`subject_id`,`week`,`topic`,`term`,`level`)
) ENGINE=InnoDB DEFAULT CHARSET=latin1 ROW_FORMAT=COMPACT;



# Dump of table school_details
# ------------------------------------------------------------


CREATE TABLE `school_details` (
  `id` tinyint(1) unsigned NOT NULL AUTO_INCREMENT,
  `name` varchar(60) DEFAULT NULL,
  `type` varchar(100) DEFAULT NULL,
  `abbreviation` varchar(8) DEFAULT NULL,
  `branch` varchar(50) DEFAULT 'Secondary School',
  `established` date DEFAULT NULL,
  `address` varchar(70) DEFAULT '',
  `city` varchar(15) DEFAULT 'Lagos',
  `state` varchar(20) DEFAULT 'Lagos State',
  `country` varchar(30) DEFAULT 'Nigeria',
  `mobile` varchar(50) DEFAULT NULL,
  `email` varchar(40) DEFAULT '',
  `website` varchar(40) DEFAULT 'www.schoolcube.net',
  `lastEditDate` timestamp NOT NULL DEFAULT CURRENT_TIMESTAMP ON UPDATE CURRENT_TIMESTAMP,
  `logo` varchar(20) DEFAULT NULL,
  `slogan` varchar(100) DEFAULT NULL,
  `smsBalance` double(8,2) NOT NULL DEFAULT '0.00',
  `days` varchar(80) DEFAULT '',
  `path` varchar(50) DEFAULT NULL,
  `facebook` varchar(100) DEFAULT NULL,
  `twitter` varchar(100) DEFAULT NULL,
  `payment_mode` enum('live','demo') NOT NULL DEFAULT 'demo',
  `level` int(1) NOT NULL DEFAULT '2',
  `plan` int(1) DEFAULT '1',
  PRIMARY KEY (`id`),
  UNIQUE KEY `Unique ID` (`id`)
) ENGINE=InnoDB DEFAULT CHARSET=latin1 ROW_FORMAT=COMPACT;


INSERT INTO `school_details` (`id`, `name`, `type`, `abbreviation`, `branch`, `established`, `address`, `city`, `state`, `country`, `mobile`, `email`, `website`, `lastEditDate`, `logo`, `slogan`, `smsBalance`, `days`, `path`, `facebook`, `twitter`, `payment_mode`, `level`, `plan`)
VALUES
	(1,'Gonzaga Jesuit College',NULL,'GJC823','Secondary School','2021-09-29','No. 1 Obijackson Boulevard','Okija','Anambra','Nigeria','08107970801','principal@gonzagajesuit.org','gonzagajesuit.org','2022-04-07 00:21:36','logo.png','Ad Majorem Dei Gloriam',0.80,'',NULL,NULL,NULL,'demo',2,1);



# Dump of table school_diary
# ------------------------------------------------------------


CREATE TABLE `school_diary` (
  `id` bigint(5) unsigned NOT NULL AUTO_INCREMENT,
  `subject_id` bigint(3) unsigned NOT NULL DEFAULT '0' COMMENT 'subjects',
  `level` int(3) NOT NULL,
  `week` bigint(3) unsigned NOT NULL DEFAULT '0',
  `topic` varchar(200) NOT NULL,
  `content` longtext NOT NULL,
  `term_id` tinyint(3) unsigned NOT NULL DEFAULT '0',
  `dateTime` datetime NOT NULL,
  `employee_id` int(11) NOT NULL,
  PRIMARY KEY (`id`),
  UNIQUE KEY `subject_id` (`subject_id`,`week`,`topic`,`term_id`,`level`)
) ENGINE=InnoDB DEFAULT CHARSET=latin1 ROW_FORMAT=COMPACT;



# Dump of table school_fees_status
# ------------------------------------------------------------


CREATE TABLE `school_fees_status` (
  `id` int(10) unsigned NOT NULL AUTO_INCREMENT,
  `term_id` int(11) NOT NULL,
  `class_id` int(11) NOT NULL,
  `status` varchar(20) NOT NULL DEFAULT 'pending',
  PRIMARY KEY (`id`)
) ENGINE=InnoDB DEFAULT CHARSET=latin1 ROW_FORMAT=COMPACT;



# Dump of table school_rooms
# ------------------------------------------------------------


CREATE TABLE `school_rooms` (
  `id` tinyint(3) unsigned zerofill NOT NULL AUTO_INCREMENT,
  `name` tinytext NOT NULL,
  `description` mediumtext NOT NULL,
  `type_id` tinyint(4) NOT NULL,
  `capacity` tinyint(3) unsigned NOT NULL DEFAULT '0',
  PRIMARY KEY (`id`)
) ENGINE=InnoDB DEFAULT CHARSET=latin1 ROW_FORMAT=COMPACT;


INSERT INTO `school_rooms` (`id`, `name`, `description`, `type_id`, `capacity`)
VALUES
	(001,'Class 1','Classroom 1',1,30),
	(002,'Class 2','Classroom 2',1,30),
	(003,'Class 3','Classroom 3',1,30),
	(004,'Class 4','Classroom 4',1,30),
	(005,'Class 5','Classroom 5',1,30),
	(006,'Class 6','Classroom 6',1,30),
	(007,'Class 7','Classroom 7',1,30),
	(008,'Class 8','Classroom 8',1,30),
	(009,'Class 9','Classroom 9',1,30),
	(010,'Class 10','Classroom 10',1,30),
	(011,'Class 11','Classroom 11',1,30),
	(012,'CLASS 12','Classroom 12',1,40),
	(013,'CLASS 13','Classroom 13',1,30),
	(014,'CLASS 14','Classroom 14',1,40),
	(015,'CLASS 15','Classroom 15',1,40),
	(016,'CLASS 16','Classroom 16',1,40),
	(017,'CLASS 17','Classroom 17',1,40),
	(018,'CLASS 18','Classroom 18',1,40),
	(019,'CLASS 19','Classroom 19',1,40),
	(020,'CLASS 20','Classroom 20',1,40),
	(021,'CLASS 22','Classroom 22',1,40),
	(022,'CLASS 21','Classroom 21',1,40),
	(023,'CLASS 23','Classroom 23',3,40),
	(024,'CLASS 24','Classroom 24',1,40),
	(025,'CLASS 25','Classroom 25',1,40),
	(026,'CLASS 26','Classroom 26',1,40);



# Dump of table school_sessions
# ------------------------------------------------------------


CREATE TABLE `school_sessions` (
  `id` tinyint(3) unsigned NOT NULL AUTO_INCREMENT,
  `startDate` date NOT NULL,
  `endDate` date NOT NULL,
  PRIMARY KEY (`id`),
  UNIQUE KEY `startDate` (`startDate`),
  UNIQUE KEY `endDate` (`endDate`),
  UNIQUE KEY `year_2` (`startDate`,`endDate`)
) ENGINE=InnoDB DEFAULT CHARSET=latin1 ROW_FORMAT=COMPACT;


INSERT INTO `school_sessions` (`id`, `startDate`, `endDate`)
VALUES
	(1,'2013-09-08','2014-04-04'),
	(2,'2014-07-07','2015-07-17'),
	(3,'2015-09-14','2016-07-20'),
	(4,'2016-09-05','2017-07-21'),
	(5,'2017-09-18','2018-07-13'),
	(6,'2018-09-10','2019-07-26'),
	(7,'2019-09-10','2020-07-26'),
	(8,'2020-07-28','2021-07-26'),
	(9,'2021-09-01','2022-07-30'),
	(10,'2022-08-01','2023-07-26'),
	(11,'2023-09-02','2024-07-18');



# Dump of table school_structure
# ------------------------------------------------------------


CREATE TABLE `school_structure` (
  `id` tinyint(4) NOT NULL,
  `numberOfTerms` tinyint(3) unsigned NOT NULL DEFAULT '3',
  `acYearStart` year(4) NOT NULL DEFAULT '2012',
  `acYearEnd` year(4) NOT NULL DEFAULT '2013',
  `periods` tinyint(3) unsigned NOT NULL DEFAULT '9',
  `lunchBreakAfter` tinyint(3) unsigned NOT NULL DEFAULT '5',
  `firstBreakAfter` tinyint(3) unsigned NOT NULL DEFAULT '3',
  `secondBreakAfter` tinyint(3) unsigned NOT NULL DEFAULT '7',
  `gradingSystem` varchar(20) NOT NULL,
  `lastEditDate` timestamp NOT NULL DEFAULT CURRENT_TIMESTAMP ON UPDATE CURRENT_TIMESTAMP,
  PRIMARY KEY (`id`)
) ENGINE=InnoDB DEFAULT CHARSET=latin1 ROW_FORMAT=COMPACT;


INSERT INTO `school_structure` (`id`, `numberOfTerms`, `acYearStart`, `acYearEnd`, `periods`, `lunchBreakAfter`, `firstBreakAfter`, `secondBreakAfter`, `gradingSystem`, `lastEditDate`)
VALUES
	(1,3,'0000','0000',8,8,2,5,'default','2023-10-10 14:40:12');



# Dump of table schoolfees_structure
# ------------------------------------------------------------


CREATE TABLE `schoolfees_structure` (
  `id` int(11) unsigned NOT NULL AUTO_INCREMENT,
  `type` varchar(40) DEFAULT 'ANY',
  `class_id` int(3) unsigned NOT NULL,
  `amount` double(11,2) NOT NULL,
  `account_id` int(11) DEFAULT NULL,
  `term_id` int(11) NOT NULL,
  `purpose` varchar(300) NOT NULL,
  `dueDate` date DEFAULT NULL,
  `option` varchar(1) DEFAULT 'm',
  `plan` varchar(1) DEFAULT 'A',
  `priority` int(2) NOT NULL DEFAULT '0',
  PRIMARY KEY (`id`),
  UNIQUE KEY `type` (`type`,`class_id`,`purpose`,`term_id`) USING BTREE
) ENGINE=InnoDB DEFAULT CHARSET=latin1 ROW_FORMAT=COMPACT;



# Dump of table sections
# ------------------------------------------------------------


CREATE TABLE `sections` (
  `id` tinyint(3) unsigned NOT NULL,
  `value` enum('A','B','C','D','E','F','G','H','I') NOT NULL DEFAULT 'A',
  PRIMARY KEY (`id`)
) ENGINE=InnoDB DEFAULT CHARSET=latin1 ROW_FORMAT=COMPACT;



# Dump of table security
# ------------------------------------------------------------


CREATE TABLE `security` (
  `id` int(10) unsigned NOT NULL,
  `visitor` varchar(60) NOT NULL,
  `purpose` varchar(200) NOT NULL,
  `timeIN` time NOT NULL,
  `timeOUT` time NOT NULL,
  `dateTime` datetime NOT NULL,
  `patron` varchar(60) NOT NULL,
  PRIMARY KEY (`id`)
) ENGINE=InnoDB DEFAULT CHARSET=latin1 ROW_FORMAT=COMPACT;


# Dump of table short_codes
# ------------------------------------------------------------


CREATE TABLE `short_codes` (
  `id` int(10) unsigned NOT NULL,
  `code` varchar(40) NOT NULL,
  `variable` varchar(40) NOT NULL,
  PRIMARY KEY (`id`)
) ENGINE=InnoDB DEFAULT CHARSET=latin1 ROW_FORMAT=COMPACT;



# Dump of table skills
# ------------------------------------------------------------


CREATE TABLE `skills` (
  `id` int(10) unsigned NOT NULL AUTO_INCREMENT,
  `skill` varchar(50) NOT NULL,
  `type` varchar(20) NOT NULL,
  PRIMARY KEY (`id`),
  UNIQUE KEY `Unique skill and type` (`skill`,`type`)
) ENGINE=InnoDB DEFAULT CHARSET=latin1 ROW_FORMAT=COMPACT;


INSERT INTO `skills` (`id`, `skill`, `type`)
VALUES
	(19,'Attentiveness','psyco'),
	(18,'Class Attendance','psyco'),
	(17,'Generosity in Service of Others ','psyco'),
	(7,'Initiative','affect'),
	(11,'Neatness','affect'),
	(10,'Punctuality','psyco'),
	(14,'Relationship with other students','affect'),
	(16,'Relationship with Staff','affect'),
	(5,'Responsibility in Doing Assignments','psyco'),
	(15,'Self Control','affect');



# Dump of table skills_performance
# ------------------------------------------------------------


CREATE TABLE `skills_performance` (
  `id` int(10) unsigned NOT NULL AUTO_INCREMENT,
  `student_id` int(11) NOT NULL,
  `skill_id` int(11) NOT NULL,
  `grade_id` int(11) DEFAULT NULL,
  `term_id` int(11) NOT NULL,
  PRIMARY KEY (`id`),
  UNIQUE KEY `Unique student Term` (`student_id`,`term_id`,`skill_id`)
) ENGINE=InnoDB DEFAULT CHARSET=latin1 ROW_FORMAT=COMPACT;


INSERT INTO `skills_performance` (`id`, `student_id`, `skill_id`, `grade_id`, `term_id`)
VALUES
	(1,1,9,5,26),
	(2,1,4,4,26),
	(3,1,2,3,26),
	(4,1,5,2,26),
	(5,1,3,1,26),
	(6,1,13,4,26),
	(7,1,22,5,26),
	(8,1,23,4,26),
	(9,1,10,3,26),
	(10,1,15,5,26);



# Dump of table sms
# ------------------------------------------------------------


CREATE TABLE `sms` (
  `id` int(10) unsigned NOT NULL AUTO_INCREMENT,
  `sender` varchar(60) NOT NULL,
  `mobile` varchar(800) NOT NULL,
  `title` varchar(11) NOT NULL,
  `message` varchar(700) NOT NULL,
  `recipient` varchar(30) DEFAULT NULL,
  `dateTime` datetime NOT NULL DEFAULT '0000-00-00 00:00:00',
  PRIMARY KEY (`id`)
) ENGINE=InnoDB DEFAULT CHARSET=latin1 ROW_FORMAT=COMPACT;



# Dump of table sms_templates
# ------------------------------------------------------------


CREATE TABLE `sms_templates` (
  `id` int(10) unsigned NOT NULL AUTO_INCREMENT,
  `title` varchar(50) NOT NULL,
  `message` varchar(400) NOT NULL,
  PRIMARY KEY (`id`)
) ENGINE=InnoDB DEFAULT CHARSET=latin1 ROW_FORMAT=COMPACT;



# Dump of table special_performances
# ------------------------------------------------------------


CREATE TABLE `special_performances` (
  `id` bigint(20) unsigned NOT NULL AUTO_INCREMENT,
  `class_id` bigint(20) NOT NULL,
  `max_grade` int(11) NOT NULL,
  PRIMARY KEY (`id`),
  UNIQUE KEY `Unique class` (`class_id`)
) ENGINE=InnoDB DEFAULT CHARSET=latin1 ROW_FORMAT=COMPACT;



# Dump of table staff_apprasial
# ------------------------------------------------------------


CREATE TABLE `staff_apprasial` (
  `id` int(11) NOT NULL AUTO_INCREMENT,
  `emloyee_id` int(11) NOT NULL,
  `date` date NOT NULL,
  `comment` varchar(700) NOT NULL,
  `patron` varchar(60) DEFAULT NULL,
  PRIMARY KEY (`id`)
) ENGINE=InnoDB DEFAULT CHARSET=latin1 ROW_FORMAT=COMPACT;



# Dump of table stock
# ------------------------------------------------------------


CREATE TABLE `stock` (
  `id` int(10) unsigned NOT NULL,
  `item_id` int(10) NOT NULL,
  `type` enum('sub','add') NOT NULL,
  `qty` int(11) NOT NULL DEFAULT '0',
  `employee_id` int(11) DEFAULT NULL,
  `student_id` int(11) DEFAULT NULL,
  `client` varchar(255) DEFAULT NULL,
  `details` varchar(255) NOT NULL,
  `patron` varchar(255) NOT NULL,
  `dateTime` datetime NOT NULL DEFAULT '0000-00-00 00:00:00',
  `cur_qty` int(11) DEFAULT NULL,
  PRIMARY KEY (`id`)
) ENGINE=InnoDB DEFAULT CHARSET=latin1 ROW_FORMAT=COMPACT;



# Dump of table student_credit_history
# ------------------------------------------------------------


CREATE TABLE `student_credit_history` (
  `id` int(11) unsigned NOT NULL AUTO_INCREMENT,
  `ref_code` varchar(40) CHARACTER SET utf8 DEFAULT NULL,
  `dateTime` timestamp NOT NULL DEFAULT CURRENT_TIMESTAMP,
  `amount` double(9,2) DEFAULT NULL,
  `balance` double(9,2) DEFAULT NULL,
  `debit_id` int(11) DEFAULT NULL,
  `student_id` int(11) DEFAULT NULL,
  `term_id` int(11) DEFAULT NULL,
  `action` enum('credit','debit') CHARACTER SET utf8 DEFAULT 'credit',
  `remarks` varchar(200) DEFAULT 'Cash received',
  `channel` varchar(20) NOT NULL DEFAULT 'Monnify',
  `method` enum('card','bank','transfer','NUBAN') NOT NULL DEFAULT 'NUBAN',
  PRIMARY KEY (`id`),
  UNIQUE KEY `ref_code` (`ref_code`),
  UNIQUE KEY `ref_code_2` (`ref_code`,`student_id`)
) ENGINE=InnoDB DEFAULT CHARSET=latin1 ROW_FORMAT=COMPACT;


INSERT INTO `student_credit_history` (`id`, `ref_code`, `dateTime`, `amount`, `balance`, `debit_id`, `student_id`, `term_id`, `action`, `remarks`, `channel`, `method`)
VALUES
	(1,'MNFY|80|20221112075512|075243','2022-11-12 08:55:19',2000.00,2000.00,NULL,94,29,'credit','WALLET FUNDED via Monnify NUBAN','Monnify','NUBAN');



# Dump of table student_credits
# ------------------------------------------------------------


CREATE TABLE `student_credits` (
  `id` int(11) unsigned NOT NULL AUTO_INCREMENT,
  `student_id` int(11) NOT NULL,
  `amount` double(11,2) NOT NULL DEFAULT '0.00',
  PRIMARY KEY (`id`),
  UNIQUE KEY `student_id` (`student_id`)
) ENGINE=InnoDB DEFAULT CHARSET=latin1 ROW_FORMAT=COMPACT;


INSERT INTO `student_credits` (`id`, `student_id`, `amount`)
VALUES
	(1,83,0.00),
	(2,125,0.00),
	(3,92,0.00),
	(4,105,0.00),
	(5,108,0.00),
	(6,157,0.00),
	(7,163,0.00),
	(8,132,0.00),
	(9,107,0.00),
	(10,147,0.00),
	(11,183,0.00),
	(12,162,0.00),
	(13,152,0.00),
	(14,129,0.00),
	(15,175,0.00),
	(16,149,0.00),
	(17,169,0.00),
	(18,181,0.00),
	(19,111,0.00),
	(20,142,0.00),
	(21,161,0.00),
	(22,144,0.00),
	(23,166,0.00),
	(24,164,0.00),
	(25,120,0.00),
	(26,114,0.00),
	(27,118,0.00),
	(28,178,0.00),
	(29,119,0.00),
	(30,94,2000.00),
	(32,177,0.00),
	(33,102,0.00),
	(34,124,0.00),
	(35,134,0.00),
	(36,173,0.00),
	(37,91,0.00),
	(38,121,0.00),
	(39,133,0.00),
	(40,170,0.00),
	(41,123,0.00),
	(42,167,0.00),
	(43,113,0.00),
	(44,103,0.00),
	(45,97,0.00),
	(46,141,0.00),
	(47,131,0.00),
	(48,130,0.00),
	(49,110,0.00),
	(50,122,0.00),
	(51,138,0.00),
	(52,179,0.00),
	(53,89,0.00),
	(54,104,0.00),
	(55,99,0.00),
	(56,127,0.00),
	(57,160,0.00),
	(58,128,0.00),
	(59,154,0.00),
	(60,156,0.00),
	(61,96,0.00),
	(62,101,0.00),
	(63,116,0.00),
	(64,143,0.00),
	(65,150,0.00),
	(66,158,0.00),
	(67,168,0.00),
	(68,172,0.00),
	(69,174,0.00),
	(70,176,0.00),
	(71,98,0.00),
	(72,182,0.00),
	(73,3,0.00),
	(74,8,0.00),
	(75,9,0.00),
	(76,10,0.00),
	(77,13,0.00),
	(78,20,0.00),
	(79,35,0.00),
	(80,36,0.00),
	(81,46,0.00),
	(82,49,0.00),
	(83,55,0.00),
	(84,57,0.00),
	(85,58,0.00),
	(86,60,0.00),
	(87,77,0.00),
	(88,81,0.00),
	(89,82,0.00),
	(90,86,0.00),
	(91,106,0.00),
	(92,136,0.00),
	(93,139,0.00),
	(94,140,0.00),
	(95,145,0.00),
	(96,148,0.00),
	(97,153,0.00),
	(98,159,0.00),
	(99,165,0.00),
	(100,171,0.00),
	(101,1,0.00),
	(102,90,0.00),
	(103,126,0.00),
	(104,137,0.00),
	(105,146,0.00),
	(106,151,0.00),
	(107,93,0.00),
	(108,4,0.00),
	(109,14,0.00),
	(110,15,0.00),
	(111,24,0.00),
	(112,26,0.00),
	(113,29,0.00),
	(114,31,0.00),
	(115,34,0.00),
	(116,37,0.00),
	(117,41,0.00),
	(118,42,0.00),
	(119,43,0.00),
	(120,47,0.00),
	(121,65,0.00),
	(122,66,0.00),
	(123,78,0.00),
	(124,79,0.00),
	(125,80,0.00),
	(126,84,0.00),
	(127,85,0.00),
	(128,88,0.00),
	(129,5,0.00),
	(130,11,0.00),
	(131,19,0.00),
	(132,21,0.00),
	(133,22,0.00),
	(134,23,0.00),
	(135,27,0.00),
	(136,28,0.00),
	(137,32,0.00),
	(138,33,0.00),
	(139,39,0.00),
	(140,45,0.00),
	(141,50,0.00),
	(142,52,0.00),
	(143,53,0.00),
	(144,61,0.00),
	(145,62,0.00),
	(146,63,0.00),
	(147,69,0.00),
	(148,73,0.00),
	(149,75,0.00),
	(150,76,0.00),
	(151,95,0.00),
	(152,100,0.00),
	(153,109,0.00),
	(154,112,0.00),
	(155,115,0.00),
	(156,117,0.00),
	(157,135,0.00),
	(158,155,0.00),
	(159,180,0.00),
	(160,2,0.00),
	(161,6,0.00),
	(162,7,0.00),
	(163,12,0.00),
	(164,25,0.00),
	(165,30,0.00),
	(166,38,0.00),
	(167,40,0.00),
	(168,44,0.00),
	(169,48,0.00),
	(170,51,0.00),
	(171,54,0.00),
	(172,59,0.00),
	(173,64,0.00),
	(174,67,0.00),
	(175,68,0.00),
	(176,70,0.00),
	(177,71,0.00),
	(178,74,0.00),
	(179,87,0.00),
	(180,184,0.00),
	(181,262,0.00),
	(182,201,0.00),
	(183,208,0.00),
	(184,227,0.00),
	(185,187,0.00),
	(186,253,0.00),
	(187,228,0.00),
	(188,242,0.00),
	(189,218,0.00),
	(190,248,0.00),
	(191,196,0.00),
	(192,263,0.00),
	(193,258,0.00),
	(194,185,0.00),
	(195,186,0.00),
	(196,188,0.00),
	(197,189,0.00),
	(198,190,0.00),
	(199,191,0.00),
	(200,192,0.00),
	(201,193,0.00),
	(202,194,0.00),
	(203,195,0.00),
	(204,197,0.00),
	(205,198,0.00),
	(206,199,0.00),
	(207,200,0.00),
	(208,202,0.00),
	(209,203,0.00),
	(210,204,0.00),
	(211,205,0.00),
	(212,206,0.00),
	(213,207,0.00),
	(214,209,0.00),
	(215,210,0.00),
	(216,211,0.00),
	(217,212,0.00),
	(218,213,0.00),
	(219,214,0.00),
	(220,215,0.00),
	(221,216,0.00),
	(222,217,0.00),
	(223,219,0.00),
	(224,220,0.00),
	(225,221,0.00),
	(226,222,0.00),
	(227,223,0.00),
	(228,224,0.00),
	(229,225,0.00),
	(230,226,0.00),
	(231,229,0.00),
	(232,230,0.00),
	(233,231,0.00),
	(234,232,0.00),
	(235,233,0.00),
	(236,234,0.00),
	(237,235,0.00),
	(238,236,0.00),
	(239,237,0.00),
	(240,238,0.00),
	(241,239,0.00),
	(242,240,0.00),
	(243,241,0.00),
	(244,243,0.00),
	(245,244,0.00),
	(246,245,0.00),
	(247,246,0.00),
	(248,247,0.00),
	(249,249,0.00),
	(250,250,0.00),
	(251,251,0.00),
	(252,252,0.00),
	(253,254,0.00),
	(254,255,0.00),
	(255,256,0.00),
	(256,257,0.00),
	(257,259,0.00),
	(258,260,0.00),
	(259,261,0.00),
	(260,17,0.00),
	(261,56,0.00),
	(262,72,0.00),
	(263,18,0.00);



# Dump of table student_debits
# ------------------------------------------------------------


CREATE TABLE `student_debits` (
  `id` int(11) unsigned NOT NULL AUTO_INCREMENT,
  `transaction_id` int(11) DEFAULT NULL,
  `status` enum('paid','unpaid') NOT NULL DEFAULT 'unpaid',
  `term_id` tinyint(4) DEFAULT NULL,
  `amount` double DEFAULT NULL,
  `fee_id` int(11) NOT NULL DEFAULT '0',
  `display` enum('yes','no') DEFAULT 'yes',
  `student_id` int(11) NOT NULL,
  `details` varchar(1000) DEFAULT '',
  `type` enum('o','m') DEFAULT 'm',
  `ref_id` varchar(50) DEFAULT '',
  `dateTime` timestamp NOT NULL DEFAULT CURRENT_TIMESTAMP,
  `account_id` int(2) NOT NULL DEFAULT '0',
  `settled` int(1) NOT NULL DEFAULT '0',
  `paidDate` datetime DEFAULT NULL,
  `settlementDate` date DEFAULT NULL,
  `priority` int(2) NOT NULL DEFAULT '0',
  `channel` varchar(20) DEFAULT NULL,
  `method` enum('card','bank','transfer','NUBAN') NOT NULL DEFAULT 'NUBAN',
  PRIMARY KEY (`id`),
  UNIQUE KEY `transaction_id` (`transaction_id`)
) ENGINE=InnoDB DEFAULT CHARSET=latin1 ROW_FORMAT=COMPACT;


# Dump of table student_transport
# ------------------------------------------------------------


CREATE TABLE `student_transport` (
  `id` int(10) unsigned NOT NULL AUTO_INCREMENT,
  `student_id` int(11) NOT NULL,
  `vehicle_route_id` int(11) NOT NULL,
  PRIMARY KEY (`id`),
  UNIQUE KEY `Unique staff bus` (`student_id`,`vehicle_route_id`)
) ENGINE=InnoDB DEFAULT CHARSET=latin1 ROW_FORMAT=COMPACT;



# Dump of table students
# ------------------------------------------------------------


CREATE TABLE `students` (
  `id` bigint(9) unsigned NOT NULL AUTO_INCREMENT,
  `parent_id` int(6) unsigned NOT NULL DEFAULT '0',
  `parent_id2` int(6) unsigned DEFAULT '0',
  `relationship` enum('father','mother','brother','sister','uncle','aunt','guardian','parent') CHARACTER SET latin1 DEFAULT 'father',
  `surname` varchar(30) CHARACTER SET latin1 NOT NULL,
  `firstname` varchar(30) CHARACTER SET latin1 NOT NULL DEFAULT '',
  `othernames` varchar(40) CHARACTER SET latin1 DEFAULT NULL,
  `middlename` varchar(50) CHARACTER SET latin1 DEFAULT NULL,
  `class_id` tinyint(3) unsigned DEFAULT NULL,
  `class_level_id` int(11) DEFAULT NULL,
  `sex` enum('male','female','') CHARACTER SET latin1 DEFAULT '',
  `birthPlace` varchar(50) CHARACTER SET latin1 DEFAULT '',
  `dob` date DEFAULT NULL,
  `state` varchar(20) CHARACTER SET latin1 DEFAULT '',
  `localLanguage` varchar(30) CHARACTER SET latin1 DEFAULT '',
  `address` varchar(80) CHARACTER SET latin1 DEFAULT '',
  `schoolAttended1` varchar(30) CHARACTER SET latin1 DEFAULT NULL,
  `school1Tel` varchar(15) CHARACTER SET latin1 DEFAULT NULL,
  `school1Fax` varchar(14) CHARACTER SET latin1 DEFAULT NULL,
  `school1Date` date DEFAULT NULL,
  `school1Address` varchar(100) CHARACTER SET latin1 DEFAULT NULL,
  `lastClass1` varchar(15) CHARACTER SET latin1 COLLATE latin1_bin DEFAULT NULL,
  `schoolAttended2` varchar(40) CHARACTER SET latin1 DEFAULT NULL,
  `school2Date` date DEFAULT NULL,
  `school2Address` varchar(100) CHARACTER SET latin1 DEFAULT NULL,
  `lastClass2` varchar(15) CHARACTER SET latin1 DEFAULT NULL,
  `type` enum('Day','Boarder') CHARACTER SET latin1 DEFAULT 'Day',
  `illness` text CHARACTER SET latin1,
  `bloodGroup` varchar(4) CHARACTER SET latin1 DEFAULT NULL,
  `genotype` varchar(4) CHARACTER SET latin1 DEFAULT NULL,
  `weight` float DEFAULT NULL,
  `height` float DEFAULT NULL,
  `privateHospital` text CHARACTER SET latin1,
  `game` varchar(20) CHARACTER SET latin1 DEFAULT 'None',
  `dateEnrolled` date NOT NULL,
  `accountBalance` double(10,2) DEFAULT '0.00',
  `parent2Title` varchar(6) CHARACTER SET latin1 DEFAULT '',
  `parent2Name` varchar(50) CHARACTER SET latin1 DEFAULT NULL,
  `parent2Nationality` varchar(20) CHARACTER SET latin1 DEFAULT NULL,
  `parent2Occupation` varchar(30) CHARACTER SET latin1 DEFAULT NULL,
  `parent2Address` varchar(100) CHARACTER SET latin1 DEFAULT NULL,
  `parent2Mobile` varchar(16) CHARACTER SET latin1 DEFAULT NULL,
  `parent2Email` varchar(50) CHARACTER SET latin1 DEFAULT NULL,
  `parent2OfficePhone` varchar(14) CHARACTER SET latin1 DEFAULT NULL,
  `mobile` varchar(14) CHARACTER SET latin1 DEFAULT NULL,
  `email` varchar(50) CHARACTER SET latin1 DEFAULT NULL,
  `status` enum('active','suspended','tranfered','graduated','pending') CHARACTER SET latin1 NOT NULL DEFAULT 'pending',
  `remarks` varchar(200) CHARACTER SET latin1 DEFAULT NULL,
  `promotion` varchar(5) CHARACTER SET latin1 DEFAULT NULL,
  `refree` longtext CHARACTER SET latin1,
  `proposedCountry` varchar(20) CHARACTER SET latin1 DEFAULT NULL,
  `homeTown` tinytext CHARACTER SET latin1,
  `presentClass` varchar(25) CHARACTER SET latin1 DEFAULT NULL,
  `religion` varchar(20) CHARACTER SET latin1 DEFAULT NULL,
  `examCentre` varchar(100) CHARACTER SET latin1 DEFAULT NULL,
  `lga` varchar(80) CHARACTER SET latin1 DEFAULT NULL,
  `nationality` varchar(80) CHARACTER SET latin1 DEFAULT NULL,
  `relationship2` enum('father','mother','brother','sister','uncle','aunt','guardian','parent') CHARACTER SET latin1 DEFAULT 'mother',
  `plan` enum('A','B','C') CHARACTER SET latin1 DEFAULT 'A',
  `birthdaySMS` tinyint(1) NOT NULL DEFAULT '0',
  PRIMARY KEY (`id`)
) ENGINE=InnoDB DEFAULT CHARSET=utf8 ROW_FORMAT=COMPACT;


INSERT INTO `students` (`id`, `parent_id`, `parent_id2`, `relationship`, `surname`, `firstname`, `othernames`, `middlename`, `class_id`, `class_level_id`, `sex`, `birthPlace`, `dob`, `state`, `localLanguage`, `address`, `schoolAttended1`, `school1Tel`, `school1Fax`, `school1Date`, `school1Address`, `lastClass1`, `schoolAttended2`, `school2Date`, `school2Address`, `lastClass2`, `type`, `illness`, `bloodGroup`, `genotype`, `weight`, `height`, `privateHospital`, `game`, `dateEnrolled`, `accountBalance`, `parent2Title`, `parent2Name`, `parent2Nationality`, `parent2Occupation`, `parent2Address`, `parent2Mobile`, `parent2Email`, `parent2OfficePhone`, `mobile`, `email`, `status`, `remarks`, `promotion`, `refree`, `proposedCountry`, `homeTown`, `presentClass`, `religion`, `examCentre`, `lga`, `nationality`, `relationship2`, `plan`, `birthdaySMS`)
VALUES
	(1,290,184,NULL,'AGBO','Ifeoma','Faith ',NULL,3,NULL,'female',NULL,'2009-12-01','-- Please Select --',NULL,NULL,NULL,NULL,NULL,NULL,NULL,NULL,NULL,NULL,NULL,NULL,'Boarder',NULL,NULL,NULL,NULL,NULL,NULL,'None','2021-12-10',0.00,NULL,NULL,NULL,NULL,NULL,NULL,NULL,NULL,NULL,'agbo_000001@gonzagajesuit.org','active',NULL,NULL,NULL,NULL,NULL,'GJC000001',NULL,NULL,NULL,NULL,'mother','A',0),
	(2,185,186,NULL,'AGUBOLOM','Adora','Chioma ',NULL,16,NULL,'female',NULL,'2010-06-25','-- Please Select --',NULL,NULL,NULL,NULL,NULL,NULL,NULL,NULL,NULL,NULL,NULL,NULL,'Boarder',NULL,NULL,NULL,NULL,NULL,NULL,'None','2021-12-10',0.00,NULL,NULL,NULL,NULL,NULL,NULL,NULL,NULL,NULL,'agbulom_000002@gonzagajesuit.org','active',NULL,NULL,NULL,NULL,NULL,'GJC000002',NULL,NULL,NULL,NULL,'mother','A',0),
	(3,187,188,NULL,'AJAMMA','Gerald','Munachimso ',NULL,14,NULL,'male',NULL,'2010-09-09','-- Please Select --',NULL,NULL,NULL,NULL,NULL,NULL,NULL,NULL,NULL,NULL,NULL,NULL,NULL,NULL,NULL,NULL,NULL,NULL,NULL,'None','2021-12-10',0.00,NULL,NULL,NULL,NULL,NULL,NULL,NULL,NULL,NULL,'ajamma_000003@gonzagajesuit.org','active',NULL,NULL,NULL,NULL,NULL,'GJC000003',NULL,NULL,NULL,NULL,'mother','A',0),
	(4,193,194,NULL,'AMADI','Sarimandah','Shayil ',NULL,3,NULL,'female',NULL,'2010-11-01','-- Please Select --',NULL,NULL,NULL,NULL,NULL,NULL,NULL,NULL,NULL,NULL,NULL,NULL,'Boarder',NULL,NULL,NULL,NULL,NULL,NULL,'None','2021-12-10',0.00,NULL,NULL,NULL,NULL,NULL,NULL,NULL,NULL,NULL,'amadi_000004@gonzagajesuit.org','active',NULL,NULL,NULL,NULL,NULL,'GJC000004',NULL,NULL,NULL,NULL,'mother','A',0),
	(5,191,192,NULL,'AMADI','Chidubem','Phil-Carrington ',NULL,15,NULL,'male',NULL,'2010-11-25','-- Please Select --',NULL,NULL,NULL,NULL,NULL,NULL,NULL,NULL,NULL,NULL,NULL,NULL,'Boarder',NULL,NULL,NULL,NULL,NULL,NULL,'None','2021-12-10',0.00,NULL,NULL,NULL,NULL,NULL,NULL,NULL,NULL,NULL,'amadi_000005@gonzagajesuit.org','active',NULL,NULL,NULL,NULL,NULL,'GJC000005',NULL,NULL,NULL,NULL,'mother','A',0),
	(6,189,190,NULL,'AMADI','Anthony','Nnaemeka ',NULL,16,NULL,'male',NULL,'2010-10-14','-- Please Select --',NULL,NULL,NULL,NULL,NULL,NULL,NULL,NULL,NULL,NULL,NULL,NULL,'Boarder',NULL,NULL,NULL,NULL,NULL,NULL,'None','2021-12-10',0.00,NULL,NULL,NULL,NULL,NULL,NULL,NULL,NULL,NULL,'amadi_000006@gonzagajesuit.org','active',NULL,NULL,NULL,NULL,NULL,'GJC000006',NULL,NULL,NULL,NULL,'mother','A',0),
	(7,23,195,NULL,'ANAKWUE','Chinonso','Daniel ',NULL,16,NULL,'male',NULL,'2010-05-12','-- Please Select --',NULL,NULL,NULL,NULL,NULL,NULL,NULL,NULL,NULL,NULL,NULL,NULL,'Boarder',NULL,NULL,NULL,NULL,NULL,NULL,'None','2021-12-10',0.00,NULL,NULL,NULL,NULL,NULL,NULL,NULL,NULL,NULL,'anakwue_000007@gonzagajesuit.org','active',NULL,NULL,NULL,NULL,NULL,'GJC000007',NULL,NULL,NULL,NULL,'mother','A',0),
	(8,196,197,NULL,'ANIEMEKA','Osoluchi','Nathan ',NULL,14,NULL,'male',NULL,'2010-07-13','-- Please Select --',NULL,NULL,NULL,NULL,NULL,NULL,NULL,NULL,NULL,NULL,NULL,NULL,'Boarder',NULL,NULL,NULL,NULL,NULL,NULL,'None','2021-12-10',0.00,NULL,NULL,NULL,NULL,NULL,NULL,NULL,NULL,NULL,'aniemeka_000008@gonzagajesuit.org','active',NULL,NULL,NULL,NULL,NULL,'GJC000008',NULL,NULL,NULL,NULL,'mother','A',0),
	(9,198,199,NULL,'ARODIOGBU','Nnemdinma','Maria-Ann ',NULL,14,NULL,'female',NULL,'2010-02-21','-- Please Select --',NULL,NULL,NULL,NULL,NULL,NULL,NULL,NULL,NULL,NULL,NULL,NULL,'Boarder',NULL,NULL,NULL,NULL,NULL,NULL,'None','2021-12-10',0.00,NULL,NULL,NULL,NULL,NULL,NULL,NULL,NULL,NULL,'arodiogbu_000009@gonzagajesuit.org','active',NULL,NULL,NULL,NULL,NULL,'GJC000009',NULL,NULL,NULL,NULL,'mother','A',0),
	(10,202,203,'father','AROH','Kanyitochukwu','Munachimso ',NULL,10,NULL,'female','','2011-02-11','','','',NULL,NULL,NULL,NULL,NULL,NULL,NULL,NULL,NULL,NULL,'Boarder',NULL,NULL,NULL,NULL,NULL,NULL,'None','2021-12-10',0.00,'',NULL,NULL,NULL,NULL,NULL,NULL,NULL,NULL,'aroh_000010@gonzagajesuit.org','active',NULL,NULL,NULL,NULL,NULL,'GJC000010',NULL,NULL,NULL,NULL,'mother','A',0),
	(11,200,201,NULL,'AROH','Daluchi','Freda ',NULL,15,NULL,'female',NULL,'2010-11-10','-- Please Select --',NULL,NULL,NULL,NULL,NULL,NULL,NULL,NULL,NULL,NULL,NULL,NULL,'Boarder',NULL,NULL,NULL,NULL,NULL,NULL,'None','2021-12-10',0.00,NULL,NULL,NULL,NULL,NULL,NULL,NULL,NULL,NULL,'aroh_000011@gonzagajesuit.org','active',NULL,NULL,NULL,NULL,NULL,'GJC000011',NULL,NULL,NULL,NULL,'mother','A',0),
	(12,204,205,NULL,'ATUMA','Joshua','Nwadike ',NULL,16,NULL,'male',NULL,'2010-03-01','-- Please Select --',NULL,NULL,NULL,NULL,NULL,NULL,NULL,NULL,NULL,NULL,NULL,NULL,'Boarder',NULL,NULL,NULL,NULL,NULL,NULL,'None','2021-12-10',0.00,NULL,NULL,NULL,NULL,NULL,NULL,NULL,NULL,NULL,'atuma_000012@gonzagajesuit.org','active',NULL,NULL,NULL,NULL,NULL,'GJC000012',NULL,NULL,NULL,NULL,'mother','A',0),
	(13,206,207,NULL,'AWORTU','Uminawaji','Gonzalez ',NULL,14,NULL,'male',NULL,'2010-06-12','-- Please Select --',NULL,NULL,NULL,NULL,NULL,NULL,NULL,NULL,NULL,NULL,NULL,NULL,'Boarder',NULL,NULL,NULL,NULL,NULL,NULL,'None','2021-12-10',0.00,NULL,NULL,NULL,NULL,NULL,NULL,NULL,NULL,NULL,'awortu_000013@gonzagajesuit.org','active',NULL,NULL,NULL,NULL,NULL,'GJC000013',NULL,NULL,NULL,NULL,'mother','A',0),
	(14,208,209,NULL,'AYODELE-BAMISAYE','Damilola','Ngozichukwu ',NULL,3,NULL,'male',NULL,'2010-03-25','-- Please Select --',NULL,NULL,NULL,NULL,NULL,NULL,NULL,NULL,NULL,NULL,NULL,NULL,'Boarder',NULL,NULL,NULL,NULL,NULL,NULL,'None','2021-12-10',0.00,NULL,NULL,NULL,NULL,NULL,NULL,NULL,NULL,NULL,'ayodele-bamisaye_000014@gonzagajesuit.org','active',NULL,NULL,NULL,NULL,NULL,'GJC000014',NULL,NULL,NULL,NULL,'mother','A',0),
	(15,210,211,NULL,'AZOLUM','Sopuruchukwu','David ',NULL,3,NULL,'male',NULL,'2010-03-15','-- Please Select --',NULL,NULL,NULL,NULL,NULL,NULL,NULL,NULL,NULL,NULL,NULL,NULL,'Boarder',NULL,NULL,NULL,NULL,NULL,NULL,'None','2021-12-10',0.00,NULL,NULL,NULL,NULL,NULL,NULL,NULL,NULL,NULL,'azolum_000015@gonzagajesuit.org','active',NULL,NULL,NULL,NULL,NULL,'GJC000015',NULL,NULL,NULL,NULL,'mother','A',0),
	(17,0,0,'father','CHIDI-AROH','Chimdalu','Ekwomchi ',NULL,10,NULL,'male','','2011-04-15','','','',NULL,NULL,NULL,NULL,NULL,NULL,NULL,NULL,NULL,NULL,'Boarder',NULL,NULL,NULL,NULL,NULL,NULL,'None','0000-00-00',0.00,'',NULL,NULL,NULL,NULL,NULL,NULL,NULL,NULL,'chidi-aroh_000017@gonzagajesuit.org','','0 by ictadmin@gonzagajesuit.org at Mon, 21 Nov 2022 15:08:06 +0100',NULL,NULL,NULL,NULL,'GJC000017',NULL,NULL,NULL,NULL,'mother','A',0),
	(18,0,0,'father','CHIDI-AROH','Ebubechukwu','Chimkasinma ',NULL,13,NULL,'male','','2011-04-15','','','',NULL,NULL,NULL,NULL,NULL,NULL,NULL,NULL,NULL,NULL,'Boarder',NULL,NULL,NULL,NULL,NULL,NULL,'None','0000-00-00',0.00,'',NULL,NULL,NULL,NULL,NULL,NULL,NULL,NULL,'chidi-aroh_000018@gonzagajesuit.org','','0 by ictadmin@gonzagajesuit.org at Mon, 21 Nov 2022 15:09:31 +0100',NULL,NULL,NULL,NULL,'GJC000018',NULL,NULL,NULL,NULL,'mother','A',0),
	(19,212,213,NULL,'CHIJIOKE','Kamsiyochukwu','David ',NULL,15,NULL,'male',NULL,'2010-09-22','-- Please Select --',NULL,NULL,NULL,NULL,NULL,NULL,NULL,NULL,NULL,NULL,NULL,NULL,'Boarder',NULL,NULL,NULL,NULL,NULL,NULL,'None','1970-01-01',0.00,NULL,NULL,NULL,NULL,NULL,NULL,NULL,NULL,NULL,'chijioke_000019@gonzagajesuit.org','active',NULL,NULL,NULL,NULL,NULL,'GJC000019',NULL,NULL,NULL,NULL,'mother','A',0),
	(20,214,215,NULL,'CHINDA','Confidence','Nneoma ',NULL,14,NULL,'female',NULL,'2009-10-22','-- Please Select --',NULL,NULL,NULL,NULL,NULL,NULL,NULL,NULL,NULL,NULL,NULL,NULL,'Boarder',NULL,NULL,NULL,NULL,NULL,NULL,NULL,'1970-01-01',0.00,NULL,NULL,NULL,NULL,NULL,NULL,NULL,NULL,NULL,'chinda_000020@gonzagajesuit.org','active',NULL,NULL,NULL,NULL,NULL,'GJC000020',NULL,NULL,NULL,NULL,'mother','A',0),
	(21,216,217,NULL,'DIMNWOBI','Chidubem','Antonio ',NULL,15,NULL,'male',NULL,'2011-04-21','-- Please Select --',NULL,NULL,NULL,NULL,NULL,NULL,NULL,NULL,NULL,NULL,NULL,NULL,'Boarder',NULL,NULL,NULL,NULL,NULL,NULL,'None','1970-01-01',0.00,NULL,NULL,NULL,NULL,NULL,NULL,NULL,NULL,NULL,'dimnwobi_000021@gonzagajesuit.org','active',NULL,NULL,NULL,NULL,NULL,'GJC000021',NULL,NULL,NULL,NULL,'mother','A',0),
	(22,218,219,NULL,'DINWOKE','Bunienna','Brian ',NULL,15,NULL,'male',NULL,'2010-05-17','-- Please Select --',NULL,NULL,NULL,NULL,NULL,NULL,NULL,NULL,NULL,NULL,NULL,NULL,'Boarder',NULL,NULL,NULL,NULL,NULL,NULL,'None','1970-01-01',0.00,NULL,NULL,NULL,NULL,NULL,NULL,NULL,NULL,NULL,'dinwoke_000022@gonzagajesuit.org','active',NULL,NULL,NULL,NULL,NULL,'GJC000022',NULL,NULL,NULL,NULL,'mother','A',0),
	(23,220,221,NULL,'DON-EGBO','Onyinyechukwu','Clare ',NULL,15,NULL,'female',NULL,'2011-05-21','-- Please Select --',NULL,NULL,NULL,NULL,NULL,NULL,NULL,NULL,NULL,NULL,NULL,NULL,'Boarder',NULL,NULL,NULL,NULL,NULL,NULL,'None','1970-01-01',0.00,NULL,NULL,NULL,NULL,NULL,NULL,NULL,NULL,NULL,'don-egbo_000023@gonzagajesuit.org','active',NULL,NULL,NULL,NULL,NULL,'GJC000023',NULL,NULL,NULL,NULL,'mother','A',0),
	(24,223,222,NULL,'DUNKWU','Janefrances','Mmesomachukwu ',NULL,3,NULL,'female',NULL,'2011-07-02','-- Please Select --',NULL,NULL,NULL,NULL,NULL,NULL,NULL,NULL,NULL,NULL,NULL,NULL,'Boarder',NULL,NULL,NULL,NULL,NULL,NULL,'None','1970-01-01',0.00,NULL,NULL,NULL,NULL,NULL,NULL,NULL,NULL,NULL,'dunkwu_000024@gonzagajesuit.org','active',NULL,NULL,NULL,NULL,NULL,'GJC000024',NULL,NULL,NULL,NULL,'mother','A',0),
	(25,224,225,NULL,'EBRENEYIN','Ayirioritse','Anne ',NULL,16,NULL,'female',NULL,'2010-07-26','-- Please Select --',NULL,NULL,NULL,NULL,NULL,NULL,NULL,NULL,NULL,NULL,NULL,NULL,'Boarder',NULL,NULL,NULL,NULL,NULL,NULL,'None','1970-01-01',0.00,NULL,NULL,NULL,NULL,NULL,NULL,NULL,NULL,NULL,'ebreneyin_000025@gonzagajesuit.org','active',NULL,NULL,NULL,NULL,NULL,'GJC000025',NULL,NULL,NULL,NULL,'mother','A',0),
	(26,226,0,NULL,'EKEH','Joseph','Chinemelum ',NULL,3,NULL,'male',NULL,'2010-04-29','-- Please Select --',NULL,NULL,NULL,NULL,NULL,NULL,NULL,NULL,NULL,NULL,NULL,NULL,'Boarder',NULL,NULL,NULL,NULL,NULL,NULL,'None','1970-01-01',0.00,NULL,NULL,NULL,NULL,NULL,NULL,NULL,NULL,NULL,'ekeh_000026@gonzagajesuit.org','active',NULL,NULL,NULL,NULL,NULL,'GJC000026',NULL,NULL,NULL,NULL,'mother','A',0),
	(27,227,228,NULL,'EMEKA-ANEKWE','Chinkemka','Baraka Namene ',NULL,15,NULL,'male',NULL,'2010-08-09','-- Please Select --',NULL,NULL,NULL,NULL,NULL,NULL,NULL,NULL,NULL,NULL,NULL,NULL,'Boarder',NULL,NULL,NULL,NULL,NULL,NULL,'None','1970-01-01',0.00,NULL,NULL,NULL,NULL,NULL,NULL,NULL,NULL,NULL,'emeka-anekwe_000027@gonzagajesuit.org','active',NULL,NULL,NULL,NULL,NULL,'GJC000027',NULL,NULL,NULL,NULL,'mother','A',0),
	(28,229,230,NULL,'ERHIAGANOMA','Oghenejere','Nathan ',NULL,15,NULL,'male',NULL,'2010-03-26','-- Please Select --',NULL,NULL,NULL,NULL,NULL,NULL,NULL,NULL,NULL,NULL,NULL,NULL,'Boarder',NULL,NULL,NULL,NULL,NULL,NULL,'None','1970-01-01',0.00,NULL,NULL,NULL,NULL,NULL,NULL,NULL,NULL,NULL,'erhiaganoma_000028@gonzagajesuit.org','active',NULL,NULL,NULL,NULL,NULL,'GJC000028',NULL,NULL,NULL,NULL,'mother','A',0),
	(29,231,232,NULL,'ESOMONYE','Patrick','Ifeanyichukwu  Chinemerem ',NULL,3,NULL,'male',NULL,'2011-09-27','-- Please Select --',NULL,NULL,NULL,NULL,NULL,NULL,NULL,NULL,NULL,NULL,NULL,NULL,'Boarder',NULL,NULL,NULL,NULL,NULL,NULL,'None','1970-01-01',0.00,NULL,NULL,NULL,NULL,NULL,NULL,NULL,NULL,NULL,'esomonye_000029@gonzagajesuit.org','active',NULL,NULL,NULL,NULL,NULL,'GJC000029',NULL,NULL,NULL,NULL,'mother','A',0),
	(30,58,59,NULL,'ETELE','Christopher','Kambilinimechukwu Chisimdi',NULL,16,NULL,'male',NULL,'2010-03-31','-- Please Select --',NULL,NULL,NULL,NULL,NULL,NULL,NULL,NULL,NULL,NULL,NULL,NULL,'Boarder',NULL,NULL,NULL,NULL,NULL,NULL,'None','1970-01-01',0.00,NULL,NULL,NULL,NULL,NULL,NULL,NULL,NULL,NULL,'etele_000030@gonzagajesuit.org','active',NULL,NULL,NULL,NULL,NULL,'GJC000030',NULL,NULL,NULL,NULL,'mother','A',0),
	(31,233,234,NULL,'EWE','Akachukwu','Marvel ',NULL,3,NULL,'male',NULL,'2011-04-13','-- Please Select --',NULL,NULL,NULL,NULL,NULL,NULL,NULL,NULL,NULL,NULL,NULL,NULL,'Boarder',NULL,NULL,NULL,NULL,NULL,NULL,'None','1970-01-01',0.00,NULL,NULL,NULL,NULL,NULL,NULL,NULL,NULL,NULL,'ewe_000031@gonzagajesuit.org','active',NULL,NULL,NULL,NULL,NULL,'GJC000031',NULL,NULL,NULL,NULL,'mother','A',0),
	(32,235,236,NULL,'EYO','Dibekima Valour','Monday ',NULL,15,NULL,'male',NULL,'2010-11-28','-- Please Select --',NULL,NULL,NULL,NULL,NULL,NULL,NULL,NULL,NULL,NULL,NULL,NULL,'Boarder',NULL,NULL,NULL,NULL,NULL,NULL,'None','1970-01-01',0.00,NULL,NULL,NULL,NULL,NULL,NULL,NULL,NULL,NULL,'eyo_000032@gonzagajesuit.org','active',NULL,NULL,NULL,NULL,NULL,'GJC000032',NULL,NULL,NULL,NULL,'mother','A',0),
	(33,237,238,NULL,'EZEH','Zikorachukwu','Valerie ',NULL,15,NULL,'female',NULL,'2011-03-11','-- Please Select --',NULL,NULL,NULL,NULL,NULL,NULL,NULL,NULL,NULL,NULL,NULL,NULL,'Boarder',NULL,NULL,NULL,NULL,NULL,NULL,'None','1970-01-01',0.00,NULL,NULL,NULL,NULL,NULL,NULL,NULL,NULL,NULL,'ezeh_000033@gonzagajesuit.org','active',NULL,NULL,NULL,NULL,NULL,'GJC000033',NULL,NULL,NULL,NULL,'mother','A',0),
	(34,239,240,NULL,'EZENWAGU-OKAFOR','Munachimso','Mona-Zita ',NULL,3,NULL,'female',NULL,'2011-09-11','-- Please Select --',NULL,NULL,NULL,NULL,NULL,NULL,NULL,NULL,NULL,NULL,NULL,NULL,'Boarder',NULL,NULL,NULL,NULL,NULL,NULL,'None','1970-01-01',0.00,NULL,NULL,NULL,NULL,NULL,NULL,NULL,NULL,NULL,'ezenwagu-okafor_000034@gonzagajesuit.org','active',NULL,NULL,NULL,NULL,NULL,'GJC000034',NULL,NULL,NULL,NULL,'mother','A',0),
	(35,241,242,NULL,'EZEOKE','Ibuchim','Martins ',NULL,14,NULL,'male',NULL,'2010-08-11','-- Please Select --',NULL,NULL,NULL,NULL,NULL,NULL,NULL,NULL,NULL,NULL,NULL,NULL,'Boarder',NULL,NULL,NULL,NULL,NULL,NULL,'None','1970-01-01',0.00,NULL,NULL,NULL,NULL,NULL,NULL,NULL,NULL,NULL,'ezeoke_000035@gonzagajesuit.org','active',NULL,NULL,NULL,NULL,NULL,'GJC000035',NULL,NULL,NULL,NULL,'mother','A',0),
	(36,68,69,NULL,'FRANK-UGWU','Kosisochukwu','Joan ',NULL,14,NULL,'female',NULL,'2010-02-27','-- Please Select --',NULL,NULL,NULL,NULL,NULL,NULL,NULL,NULL,NULL,NULL,NULL,NULL,'Boarder',NULL,NULL,NULL,NULL,NULL,NULL,'None','1970-01-01',0.00,NULL,NULL,NULL,NULL,NULL,NULL,NULL,NULL,NULL,'frank-ugwu_000036@gonzagajesuit.org','active',NULL,NULL,NULL,NULL,NULL,'GJC000036',NULL,NULL,NULL,NULL,'mother','A',0),
	(37,243,244,NULL,'IDAHOSA','Osamudiamen','Catherine ',NULL,3,NULL,'female',NULL,'2009-06-07','-- Please Select --',NULL,NULL,NULL,NULL,NULL,NULL,NULL,NULL,NULL,NULL,NULL,NULL,'Boarder',NULL,NULL,NULL,NULL,NULL,NULL,'None','1970-01-01',0.00,NULL,NULL,NULL,NULL,NULL,NULL,NULL,NULL,NULL,'idahosa_000037@gonzagajesuit.org','active',NULL,NULL,NULL,NULL,NULL,'GJC000037',NULL,NULL,NULL,NULL,'mother','A',0),
	(38,245,246,NULL,'IFEME','Ifechukwu','Kachidebelu Emmanuel  ',NULL,16,NULL,'male',NULL,'2009-08-01','-- Please Select --',NULL,NULL,NULL,NULL,NULL,NULL,NULL,NULL,NULL,NULL,NULL,NULL,'Boarder',NULL,NULL,NULL,NULL,NULL,NULL,'None','1970-01-01',0.00,NULL,NULL,NULL,NULL,NULL,NULL,NULL,NULL,NULL,'ifeme_000038@gonzagajesuit.org','active',NULL,NULL,NULL,NULL,NULL,'GJC000038',NULL,NULL,NULL,NULL,'mother','A',0),
	(39,249,250,NULL,'IGWE','Erika','Daniella ',NULL,15,NULL,'female',NULL,'2009-10-20','-- Please Select --',NULL,NULL,NULL,NULL,NULL,NULL,NULL,NULL,NULL,NULL,NULL,NULL,'Boarder',NULL,NULL,NULL,NULL,NULL,NULL,'None','1970-01-01',0.00,NULL,NULL,NULL,NULL,NULL,NULL,NULL,NULL,NULL,'igwe_000039@gonzagajesuit.org','active',NULL,NULL,NULL,NULL,NULL,'GJC000039',NULL,NULL,NULL,NULL,'mother','A',0),
	(40,247,248,NULL,'IGWE','Anora','Kainesochi Osawese',NULL,16,NULL,'female',NULL,'2010-08-25','-- Please Select --',NULL,NULL,NULL,NULL,NULL,NULL,NULL,NULL,NULL,NULL,NULL,NULL,'Boarder',NULL,NULL,NULL,NULL,NULL,NULL,'None','1970-01-01',0.00,NULL,NULL,NULL,NULL,NULL,NULL,NULL,NULL,NULL,'igwe_000040@gonzagajesuit.org','active',NULL,NULL,NULL,NULL,NULL,'GJC000040',NULL,NULL,NULL,NULL,'mother','A',0),
	(41,251,252,NULL,'IKECHUKWU','Daniella','Ewere ',NULL,3,NULL,'female',NULL,'2011-09-20','-- Please Select --',NULL,NULL,NULL,NULL,NULL,NULL,NULL,NULL,NULL,NULL,NULL,NULL,'Boarder',NULL,NULL,NULL,NULL,NULL,NULL,'None','1970-01-01',0.00,NULL,NULL,NULL,NULL,NULL,NULL,NULL,NULL,NULL,'ikechukwu_000041@gonzagajesuit.org','active',NULL,NULL,NULL,NULL,NULL,'GJC000041',NULL,NULL,NULL,NULL,'mother','A',0),
	(42,253,254,NULL,'ISHAKU-ABNER','Kunari','Hadassah ',NULL,3,NULL,'female',NULL,'2010-02-26','-- Please Select --',NULL,NULL,NULL,NULL,NULL,NULL,NULL,NULL,NULL,NULL,NULL,NULL,'Boarder',NULL,NULL,NULL,NULL,NULL,NULL,'None','1970-01-01',0.00,NULL,NULL,NULL,NULL,NULL,NULL,NULL,NULL,NULL,'ishaku-abner_000042@gonzagajesuit.org','active',NULL,NULL,NULL,NULL,NULL,'GJC000042',NULL,NULL,NULL,NULL,'mother','A',0),
	(43,255,256,NULL,'IYIDOBI','Kenenna','Gerald ',NULL,3,NULL,'male',NULL,'2009-04-25','-- Please Select --',NULL,NULL,NULL,NULL,NULL,NULL,NULL,NULL,NULL,NULL,NULL,NULL,'Boarder',NULL,NULL,NULL,NULL,NULL,NULL,'None','1970-01-01',0.00,NULL,NULL,NULL,NULL,NULL,NULL,NULL,NULL,NULL,'iyidobi_000043@gonzagajesuit.org','active',NULL,NULL,NULL,NULL,NULL,'GJC000043',NULL,NULL,NULL,NULL,'mother','A',0),
	(44,257,258,NULL,'KAMALU','Eleraobari',NULL,NULL,16,NULL,'male',NULL,'2010-03-13','-- Please Select --',NULL,NULL,NULL,NULL,NULL,NULL,NULL,NULL,NULL,NULL,NULL,NULL,'Boarder',NULL,NULL,NULL,NULL,NULL,NULL,NULL,'1970-01-01',0.00,NULL,NULL,NULL,NULL,NULL,NULL,NULL,NULL,NULL,'isaac-kamalu_000044@gonzagajesuit.org','active',NULL,NULL,NULL,NULL,NULL,'GJC000044',NULL,NULL,NULL,NULL,'mother','A',0),
	(45,259,260,NULL,'MAC-MUOBIKE','Nnamdi','Vianney ',NULL,15,NULL,'male',NULL,'2010-08-04','-- Please Select --',NULL,NULL,NULL,NULL,NULL,NULL,NULL,NULL,NULL,NULL,NULL,NULL,'Boarder',NULL,NULL,NULL,NULL,NULL,NULL,'None','1970-01-01',0.00,NULL,NULL,NULL,NULL,NULL,NULL,NULL,NULL,NULL,'mac-muobike_000045@gonzagajesuit.org','active',NULL,NULL,NULL,NULL,NULL,'GJC000045',NULL,NULL,NULL,NULL,'mother','A',0),
	(46,261,262,NULL,'MBA','Ozioma','MariaFaustina ',NULL,14,NULL,'female',NULL,'2010-10-06','-- Please Select --',NULL,NULL,NULL,NULL,NULL,NULL,NULL,NULL,NULL,NULL,NULL,NULL,'Boarder',NULL,NULL,NULL,NULL,NULL,NULL,'None','1970-01-01',0.00,NULL,NULL,NULL,NULL,NULL,NULL,NULL,NULL,NULL,'mba_000046@gonzagajesuit.org','active',NULL,NULL,NULL,NULL,NULL,'GJC000046',NULL,NULL,NULL,NULL,'mother','A',0),
	(47,98,99,NULL,'MBAGWU','Daniel','Chibumazuogu ',NULL,3,NULL,'male',NULL,'2010-12-26','-- Please Select --',NULL,NULL,NULL,NULL,NULL,NULL,NULL,NULL,NULL,NULL,NULL,NULL,'Boarder',NULL,NULL,NULL,NULL,NULL,NULL,'None','1970-01-01',0.00,NULL,NULL,NULL,NULL,NULL,NULL,NULL,NULL,NULL,'mbagwu_000047@gonzagajesuit.org','active',NULL,NULL,NULL,NULL,NULL,'GJC000047',NULL,NULL,NULL,NULL,'mother','A',0),
	(48,104,105,NULL,'NJOKU','Ikenna','Daniel ',NULL,16,NULL,'male',NULL,'2010-05-08','-- Please Select --',NULL,NULL,NULL,NULL,NULL,NULL,NULL,NULL,NULL,NULL,NULL,NULL,'Boarder',NULL,NULL,NULL,NULL,NULL,NULL,'None','1970-01-01',0.00,NULL,NULL,NULL,NULL,NULL,NULL,NULL,NULL,NULL,'njoku_000048@gonzagajesuit.org','active',NULL,NULL,NULL,NULL,NULL,'GJC000048',NULL,NULL,NULL,NULL,'mother','A',0),
	(49,263,262,NULL,'NNABUKO','Chisom','Brendine ',NULL,14,NULL,'female',NULL,'2010-09-14','-- Please Select --',NULL,NULL,NULL,NULL,NULL,NULL,NULL,NULL,NULL,NULL,NULL,NULL,'Boarder',NULL,NULL,NULL,NULL,NULL,NULL,'None','1970-01-01',0.00,NULL,NULL,NULL,NULL,NULL,NULL,NULL,NULL,NULL,'nnabuko_000049@gonzagajesuit.org','active',NULL,NULL,NULL,NULL,NULL,'GJC000049',NULL,NULL,NULL,NULL,'mother','A',0),
	(50,264,265,NULL,'NNADI','Stephanie','Kamsiyochukwu ',NULL,15,NULL,'female',NULL,'2009-10-14','-- Please Select --',NULL,NULL,NULL,NULL,NULL,NULL,NULL,NULL,NULL,NULL,NULL,NULL,'Boarder',NULL,NULL,NULL,NULL,NULL,NULL,'None','1970-01-01',0.00,NULL,NULL,NULL,NULL,NULL,NULL,NULL,NULL,NULL,'nnadi_000050@gonzagajesuit.org','active',NULL,NULL,NULL,NULL,NULL,'GJC000050',NULL,NULL,NULL,NULL,'mother','A',0),
	(51,266,267,NULL,'NNANI','Ebubechukwu','Wendo ',NULL,16,NULL,'male',NULL,'2010-02-26','-- Please Select --',NULL,NULL,NULL,NULL,NULL,NULL,NULL,NULL,NULL,NULL,NULL,NULL,'Boarder',NULL,NULL,NULL,NULL,NULL,NULL,'None','1970-01-01',0.00,NULL,NULL,NULL,NULL,NULL,NULL,NULL,NULL,NULL,'nnani_000051@gonzagajesuit.org','active',NULL,NULL,NULL,NULL,NULL,'GJC000051',NULL,NULL,NULL,NULL,'mother','A',0),
	(52,269,268,NULL,'NWACHUKWU','Donald','Chiemela ',NULL,15,NULL,'male',NULL,'2010-02-05','-- Please Select --',NULL,NULL,NULL,NULL,NULL,NULL,NULL,NULL,NULL,NULL,NULL,NULL,'Boarder',NULL,NULL,NULL,NULL,NULL,NULL,'None','1970-01-01',0.00,NULL,NULL,NULL,NULL,NULL,NULL,NULL,NULL,NULL,'nwachukwu_000052@gonzagajesuit.org','active',NULL,NULL,NULL,NULL,NULL,'GJC000052',NULL,NULL,NULL,NULL,'mother','A',0),
	(53,272,273,NULL,'NWACHUKWU','Michael','Nzubechukwu ',NULL,15,NULL,'male',NULL,'2009-09-29','-- Please Select --',NULL,NULL,NULL,NULL,NULL,NULL,NULL,NULL,NULL,NULL,NULL,NULL,'Boarder',NULL,NULL,NULL,NULL,NULL,NULL,'None','1970-01-01',0.00,NULL,NULL,NULL,NULL,NULL,NULL,NULL,NULL,NULL,'nwachukwu_000053@gonzagajesuit.org','active',NULL,NULL,NULL,NULL,NULL,'GJC000053',NULL,NULL,NULL,NULL,'mother','A',0),
	(54,270,271,NULL,'NWACHUKWU','Jachimma','Emmanuella ',NULL,16,NULL,'female',NULL,'2010-05-31','-- Please Select --',NULL,NULL,NULL,NULL,NULL,NULL,NULL,NULL,NULL,NULL,NULL,NULL,'Boarder',NULL,NULL,NULL,NULL,NULL,NULL,'None','1970-01-01',0.00,NULL,NULL,NULL,NULL,NULL,NULL,NULL,NULL,NULL,'nwachukwu_000054@gonzagajesuit.org','active',NULL,NULL,NULL,NULL,NULL,'GJC000054',NULL,NULL,NULL,NULL,'mother','A',0),
	(55,274,275,NULL,'NWAFOR','Chinedu','Emmanuel ',NULL,14,NULL,'male',NULL,'2011-07-09','-- Please Select --',NULL,NULL,NULL,NULL,NULL,NULL,NULL,NULL,NULL,NULL,NULL,NULL,'Boarder',NULL,NULL,NULL,NULL,NULL,NULL,'None','1970-01-01',0.00,NULL,NULL,NULL,NULL,NULL,NULL,NULL,NULL,NULL,'nwafor_000055@gonzagajesuit.org','active',NULL,NULL,NULL,NULL,NULL,'GJC000055',NULL,NULL,NULL,NULL,'mother','A',0),
	(56,0,0,'father','NWANKWO','Bob-emmanuel','Ifeanyichukwu ',NULL,10,NULL,'male','','2010-02-16','','','',NULL,NULL,NULL,NULL,NULL,NULL,NULL,NULL,NULL,NULL,'Boarder',NULL,NULL,NULL,NULL,NULL,NULL,'None','0000-00-00',0.00,'',NULL,NULL,NULL,NULL,NULL,NULL,NULL,NULL,'nwankwo_000056@gonzagajesuit.org','','0 by ictadmin@gonzagajesuit.org at Mon, 21 Nov 2022 15:13:22 +0100',NULL,NULL,NULL,NULL,'GJC000056',NULL,NULL,NULL,NULL,'mother','A',0),
	(57,110,111,NULL,'NWAOBI','Treasure','Onyinyechukwu ',NULL,14,NULL,'female',NULL,'2010-07-13','-- Please Select --',NULL,NULL,NULL,NULL,NULL,NULL,NULL,NULL,NULL,NULL,NULL,NULL,'Boarder',NULL,NULL,NULL,NULL,NULL,NULL,'None','1970-01-01',0.00,NULL,NULL,NULL,NULL,NULL,NULL,NULL,NULL,NULL,'nwaobi_000057@gonzagajesuit.org','active',NULL,NULL,NULL,NULL,NULL,'GJC000057',NULL,NULL,NULL,NULL,'mother','A',0),
	(58,276,277,NULL,'NWEFOH','Adanna','Chimamanda ',NULL,14,NULL,'female',NULL,'2011-05-07','-- Please Select --',NULL,NULL,NULL,NULL,NULL,NULL,NULL,NULL,NULL,NULL,NULL,NULL,'Boarder',NULL,NULL,NULL,NULL,NULL,NULL,'None','1970-01-01',0.00,NULL,NULL,NULL,NULL,NULL,NULL,NULL,NULL,NULL,'nwefoh_000058@gonzagajesuit.org','active',NULL,NULL,NULL,NULL,NULL,'GJC000058',NULL,NULL,NULL,NULL,'mother','A',0),
	(59,113,114,NULL,'NWOYE','Chinedu','Anthony ',NULL,16,NULL,'male',NULL,'2010-12-23','-- Please Select --',NULL,NULL,NULL,NULL,NULL,NULL,NULL,NULL,NULL,NULL,NULL,NULL,'Boarder',NULL,NULL,NULL,NULL,NULL,NULL,'None','1970-01-01',0.00,NULL,NULL,NULL,NULL,NULL,NULL,NULL,NULL,NULL,'nwoye_000059@gonzagajesuit.org','active',NULL,NULL,NULL,NULL,NULL,'GJC000059',NULL,NULL,NULL,NULL,'mother','A',0),
	(60,278,279,NULL,'NZERIBE','Chukwudalu','Paschal ',NULL,14,NULL,'male',NULL,'2010-08-29','-- Please Select --',NULL,NULL,NULL,NULL,NULL,NULL,NULL,NULL,NULL,NULL,NULL,NULL,'Boarder',NULL,NULL,NULL,NULL,NULL,NULL,'None','1970-01-01',0.00,NULL,NULL,NULL,NULL,NULL,NULL,NULL,NULL,NULL,'nzeribe_000060@gonzagajesuit.org','active',NULL,NULL,NULL,NULL,NULL,'GJC000060',NULL,NULL,NULL,NULL,'mother','A',0),
	(61,280,281,NULL,'OBENE','Kristos','Chukwudumebi ',NULL,15,NULL,'male',NULL,'2009-12-22','-- Please Select --',NULL,NULL,NULL,NULL,NULL,NULL,NULL,NULL,NULL,NULL,NULL,NULL,'Boarder',NULL,NULL,NULL,NULL,NULL,NULL,'None','1970-01-01',0.00,NULL,NULL,NULL,NULL,NULL,NULL,NULL,NULL,NULL,'obene_000061@gonzagajesuit.org','active',NULL,NULL,NULL,NULL,NULL,'GJC000061',NULL,NULL,NULL,NULL,'mother','A',0),
	(62,282,0,NULL,'OBI-OKWUBANEGO','Flora','Chimamanda ',NULL,15,NULL,'female',NULL,'2010-02-11','-- Please Select --',NULL,NULL,NULL,NULL,NULL,NULL,NULL,NULL,NULL,NULL,NULL,NULL,'Boarder',NULL,NULL,NULL,NULL,NULL,NULL,'None','1970-01-01',0.00,NULL,NULL,NULL,NULL,NULL,NULL,NULL,NULL,NULL,'obi-okwubanego_000062@gonzagajesuit.org','active',NULL,NULL,NULL,NULL,NULL,'GJC000062',NULL,NULL,NULL,NULL,'mother','A',0),
	(63,0,283,NULL,'OBIEJESI','Adachukwu','Elizabeth ',NULL,15,NULL,'female',NULL,'2010-06-22','-- Please Select --',NULL,NULL,NULL,NULL,NULL,NULL,NULL,NULL,NULL,NULL,NULL,NULL,'Boarder',NULL,NULL,NULL,NULL,NULL,NULL,'None','1970-01-01',0.00,NULL,NULL,NULL,NULL,NULL,NULL,NULL,NULL,NULL,'obiejesi_000063@gonzagajesuit.org','active',NULL,NULL,NULL,NULL,NULL,'GJC000063',NULL,NULL,NULL,NULL,'mother','A',0),
	(64,284,285,NULL,'OBINDUKA','Obielumani','Bliss ',NULL,16,NULL,'female',NULL,'2010-07-25','-- Please Select --',NULL,NULL,NULL,NULL,NULL,NULL,NULL,NULL,NULL,NULL,NULL,NULL,'Boarder',NULL,NULL,NULL,NULL,NULL,NULL,'None','1970-01-01',0.00,NULL,NULL,NULL,NULL,NULL,NULL,NULL,NULL,NULL,'obinduka_000064@gonzagajesuit.org','active',NULL,NULL,NULL,NULL,NULL,'GJC000064',NULL,NULL,NULL,NULL,'mother','A',0),
	(65,0,287,NULL,'OBU','Mirabel','Chimamanda ',NULL,3,NULL,'female',NULL,'2011-03-16','-- Please Select --',NULL,NULL,NULL,NULL,NULL,NULL,NULL,NULL,NULL,NULL,NULL,NULL,'Boarder',NULL,NULL,NULL,NULL,NULL,NULL,'None','1970-01-01',0.00,NULL,NULL,NULL,NULL,NULL,NULL,NULL,NULL,NULL,'obu_000065@gonzagajesuit.org','active',NULL,NULL,NULL,NULL,NULL,'GJC000065',NULL,NULL,NULL,NULL,'mother','A',0),
	(66,288,289,NULL,'OGBONNA-PAUL-ONU','Ogbonna',NULL,NULL,3,NULL,'male',NULL,'2011-01-13','-- Please Select --',NULL,NULL,NULL,NULL,NULL,NULL,NULL,NULL,NULL,NULL,NULL,NULL,'Boarder',NULL,NULL,NULL,NULL,NULL,NULL,'None','1970-01-01',0.00,NULL,NULL,NULL,NULL,NULL,NULL,NULL,NULL,NULL,'ogbonna-paul-onu_000066@gonzagajesuit.org','active',NULL,NULL,NULL,NULL,NULL,'GJC000066',NULL,NULL,NULL,NULL,'mother','A',0),
	(67,291,292,NULL,'OGUNNAIKE','Tobenna','Ethan ',NULL,16,NULL,'male',NULL,'2011-05-09','-- Please Select --',NULL,NULL,NULL,NULL,NULL,NULL,NULL,NULL,NULL,NULL,NULL,NULL,'Boarder',NULL,NULL,NULL,NULL,NULL,NULL,'None','1970-01-01',0.00,NULL,NULL,NULL,NULL,NULL,NULL,NULL,NULL,NULL,'ogunnaike_000067@gonzagajesuit.org','active',NULL,NULL,NULL,NULL,NULL,'GJC000067',NULL,NULL,NULL,NULL,'mother','A',0),
	(68,293,294,NULL,'OKAFOR','Chidera','Ifeoma ',NULL,16,NULL,'female',NULL,'2010-09-25','-- Please Select --',NULL,NULL,NULL,NULL,NULL,NULL,NULL,NULL,NULL,NULL,NULL,NULL,'Boarder',NULL,NULL,NULL,NULL,NULL,NULL,'None','1970-01-01',0.00,NULL,NULL,NULL,NULL,NULL,NULL,NULL,NULL,NULL,'okafor_000068@gonzagajesuit.org','active',NULL,NULL,NULL,NULL,NULL,'GJC000068',NULL,NULL,NULL,NULL,'mother','A',0),
	(69,0,153,NULL,'OKECHUKWU','Chidinma','Sophia ',NULL,15,NULL,'female',NULL,'2010-08-25','-- Please Select --',NULL,NULL,NULL,NULL,NULL,NULL,NULL,NULL,NULL,NULL,NULL,NULL,'Boarder',NULL,NULL,NULL,NULL,NULL,NULL,'None','1970-01-01',0.00,NULL,NULL,NULL,NULL,NULL,NULL,NULL,NULL,NULL,'okechukwu_000069@gonzagajesuit.org','active',NULL,NULL,NULL,NULL,NULL,'GJC000069',NULL,NULL,NULL,NULL,'mother','A',0),
	(70,295,296,NULL,'OKENYI','Chinazom','Finian ',NULL,16,NULL,'male',NULL,'2009-09-16','-- Please Select --',NULL,NULL,NULL,NULL,NULL,NULL,NULL,NULL,NULL,NULL,NULL,NULL,'Boarder',NULL,NULL,NULL,NULL,NULL,NULL,'None','1970-01-01',0.00,NULL,NULL,NULL,NULL,NULL,NULL,NULL,NULL,NULL,'okenyi_000070@gonzagajesuit.org','active',NULL,NULL,NULL,NULL,NULL,'GJC000070',NULL,NULL,NULL,NULL,'mother','A',0),
	(71,0,297,NULL,'OKONKWO','Ekene','Benita ',NULL,16,NULL,'female',NULL,'2010-03-20','-- Please Select --',NULL,NULL,NULL,NULL,NULL,NULL,NULL,NULL,NULL,NULL,NULL,NULL,'Boarder',NULL,NULL,NULL,NULL,NULL,NULL,'None','1970-01-01',0.00,NULL,NULL,NULL,NULL,NULL,NULL,NULL,NULL,NULL,'okonkwo_000071@gonzagajesuit.org','active',NULL,NULL,NULL,NULL,NULL,'GJC000071',NULL,NULL,NULL,NULL,'mother','A',0),
	(72,0,0,'father','OKORAFOR','Ubimma','Osasogie ',NULL,10,NULL,'female','','2009-11-14','','','',NULL,NULL,NULL,NULL,NULL,NULL,NULL,NULL,NULL,NULL,'Boarder',NULL,NULL,NULL,NULL,NULL,NULL,'None','0000-00-00',0.00,'',NULL,NULL,NULL,NULL,NULL,NULL,NULL,NULL,'okorafor_000072@gonzagajesuit.org','','0 by ictadmin@gonzagajesuit.org at Mon, 21 Nov 2022 15:14:30 +0100',NULL,NULL,NULL,NULL,'GJC000072',NULL,NULL,NULL,NULL,'mother','A',0),
	(73,298,299,NULL,'ONUBOGU','Ifechukwu','Olivia Amarachukwu ',NULL,15,NULL,'female',NULL,'2011-01-16','-- Please Select --',NULL,NULL,NULL,NULL,NULL,NULL,NULL,NULL,NULL,NULL,NULL,NULL,'Boarder',NULL,NULL,NULL,NULL,NULL,NULL,'None','1970-01-01',0.00,NULL,NULL,NULL,NULL,NULL,NULL,NULL,NULL,NULL,'onubogu_000073@gonzagajesuit.org','active',NULL,NULL,NULL,NULL,NULL,'GJC000073',NULL,NULL,NULL,NULL,'mother','A',0),
	(74,300,301,NULL,'ONYEKACHI','Ekeoma','Destiny ',NULL,16,NULL,'male',NULL,'2010-01-21','-- Please Select --',NULL,NULL,NULL,NULL,NULL,NULL,NULL,NULL,NULL,NULL,NULL,NULL,'Boarder',NULL,NULL,NULL,NULL,NULL,NULL,'None','1970-01-01',0.00,NULL,NULL,NULL,NULL,NULL,NULL,NULL,NULL,NULL,'onyekachi_000074@gonzagajesuit.org','active',NULL,NULL,NULL,NULL,NULL,'GJC000074',NULL,NULL,NULL,NULL,'mother','A',0),
	(75,302,303,NULL,'ONYILOKWU','Takim','Aboje ',NULL,15,NULL,'male',NULL,'2011-05-03','-- Please Select --',NULL,NULL,NULL,NULL,NULL,NULL,NULL,NULL,NULL,NULL,NULL,NULL,'Boarder',NULL,NULL,NULL,NULL,NULL,NULL,'None','1970-01-01',0.00,NULL,NULL,NULL,NULL,NULL,NULL,NULL,NULL,NULL,'onyilokwu_000075@gonzagajesuit.org','active',NULL,NULL,NULL,NULL,NULL,'GJC000075',NULL,NULL,NULL,NULL,'mother','A',0),
	(76,305,306,NULL,'PITAN','Oluwademilade','Charis ',NULL,15,NULL,'male',NULL,'2010-07-27','-- Please Select --',NULL,NULL,NULL,NULL,NULL,NULL,NULL,NULL,NULL,NULL,NULL,NULL,'Boarder',NULL,NULL,NULL,NULL,NULL,NULL,'None','1970-01-01',0.00,NULL,NULL,NULL,NULL,NULL,NULL,NULL,NULL,NULL,'pitan_000076@gonzagajesuit.org','active',NULL,NULL,NULL,NULL,NULL,'GJC000076',NULL,NULL,NULL,NULL,'mother','A',0),
	(77,307,308,NULL,'UBBOE','Munachimso','Hillary  James',NULL,14,NULL,'male',NULL,'2010-07-03','-- Please Select --',NULL,NULL,NULL,NULL,NULL,NULL,NULL,NULL,NULL,NULL,NULL,NULL,'Boarder',NULL,NULL,NULL,NULL,NULL,NULL,'None','1970-01-01',0.00,NULL,NULL,NULL,NULL,NULL,NULL,NULL,NULL,NULL,'ubboe_000077@gonzagajesuit.org','',NULL,NULL,NULL,NULL,NULL,'GJC000077',NULL,NULL,NULL,NULL,'mother','A',0),
	(78,310,309,NULL,'UCHE','Nnennia','Natalie Chidinma',NULL,3,NULL,'female',NULL,'2011-05-21','-- Please Select --',NULL,NULL,NULL,NULL,NULL,NULL,NULL,NULL,NULL,NULL,NULL,NULL,'Boarder',NULL,NULL,NULL,NULL,NULL,NULL,'None','1970-01-01',0.00,NULL,NULL,NULL,NULL,NULL,NULL,NULL,NULL,NULL,'uche_000078@gonzagajesuit.org','active',NULL,NULL,NULL,NULL,NULL,'GJC000078',NULL,NULL,NULL,NULL,'mother','A',0),
	(79,0,311,NULL,'UDE','Nnaemezie','Francesco ',NULL,2,NULL,'male',NULL,'2010-05-13','-- Please Select --',NULL,NULL,NULL,NULL,NULL,NULL,NULL,NULL,NULL,NULL,NULL,NULL,'Boarder',NULL,NULL,NULL,NULL,NULL,NULL,'None','1970-01-01',0.00,NULL,NULL,NULL,NULL,NULL,NULL,NULL,NULL,NULL,'ude_000079@gonzagajesuit.org','graduated',NULL,NULL,NULL,NULL,NULL,'GJC000079',NULL,NULL,NULL,NULL,'mother','A',0),
	(80,312,313,NULL,'UDEAGWU','Chukwudi','Williams ',NULL,3,NULL,'male',NULL,'2009-08-04','-- Please Select --',NULL,NULL,NULL,NULL,NULL,NULL,NULL,NULL,NULL,NULL,NULL,NULL,'Boarder',NULL,NULL,NULL,NULL,NULL,NULL,'None','1970-01-01',0.00,NULL,NULL,NULL,NULL,NULL,NULL,NULL,NULL,NULL,'udeagwu_000080@gonzagajesuit.org','active',NULL,NULL,NULL,NULL,NULL,'GJC000080',NULL,NULL,NULL,NULL,'mother','A',0),
	(81,314,315,NULL,'UDO','Nmeri','Divine ',NULL,14,NULL,'male',NULL,'2010-07-15','-- Please Select --',NULL,NULL,NULL,NULL,NULL,NULL,NULL,NULL,NULL,NULL,NULL,NULL,'Boarder',NULL,NULL,NULL,NULL,NULL,NULL,'None','1970-01-01',0.00,NULL,NULL,NULL,NULL,NULL,NULL,NULL,NULL,NULL,'udo_000081@gonzagajesuit.org','active',NULL,NULL,NULL,NULL,NULL,'GJC000081',NULL,NULL,NULL,NULL,'mother','A',0),
	(82,316,317,'father','UKEJE','Michael','Ojeolua  Iheanyichukwu ',NULL,10,NULL,'male','','2010-02-13','','','',NULL,NULL,NULL,NULL,NULL,NULL,NULL,NULL,NULL,NULL,'Boarder',NULL,NULL,NULL,NULL,NULL,NULL,'None','0000-00-00',0.00,'',NULL,NULL,NULL,NULL,NULL,NULL,NULL,NULL,'ukeje_000082@gonzagajesuit.org','active',NULL,NULL,NULL,NULL,NULL,'GJC000082',NULL,NULL,NULL,NULL,'mother','A',0),
	(83,1,2,NULL,'UMEANO','Onyinyenna','Ngozichukwu ',NULL,16,NULL,'female',NULL,'2009-12-08','-- Please Select --',NULL,NULL,NULL,NULL,NULL,NULL,NULL,NULL,NULL,NULL,NULL,NULL,'Boarder',NULL,NULL,NULL,NULL,NULL,NULL,'None','1970-01-01',0.00,NULL,NULL,NULL,NULL,NULL,NULL,NULL,NULL,NULL,'umeano_000083@gonzagajesuit.org','active',NULL,NULL,NULL,NULL,NULL,'GJC000083',NULL,NULL,NULL,NULL,'mother','A',0),
	(84,318,319,NULL,'UMEBIDO','Jeffrey','Chukwuebuka ',NULL,3,NULL,'male',NULL,'2010-03-27','-- Please Select --',NULL,NULL,NULL,NULL,NULL,NULL,NULL,NULL,NULL,NULL,NULL,NULL,'Boarder',NULL,NULL,NULL,NULL,NULL,NULL,'None','1970-01-01',0.00,NULL,NULL,NULL,NULL,NULL,NULL,NULL,NULL,NULL,'umebido_000084@gonzagajesuit.org','active',NULL,NULL,NULL,NULL,NULL,'GJC000084',NULL,NULL,NULL,NULL,'mother','A',0),
	(85,320,321,NULL,'UMEJI','Chiagoziem','Joan ',NULL,3,NULL,'female',NULL,'2010-06-20','-- Please Select --',NULL,NULL,NULL,NULL,NULL,NULL,NULL,NULL,NULL,NULL,NULL,NULL,'Boarder',NULL,NULL,NULL,NULL,NULL,NULL,'None','1970-01-01',0.00,NULL,NULL,NULL,NULL,NULL,NULL,NULL,NULL,NULL,'umeji_000085@gonzagajesuit.org','active',NULL,NULL,NULL,NULL,NULL,'GJC000085',NULL,NULL,NULL,NULL,'mother','A',0),
	(86,322,0,NULL,'UMEJI','Victor','Onyedikachukwu ',NULL,14,NULL,'male',NULL,'2010-05-06','-- Please Select --',NULL,NULL,NULL,NULL,NULL,NULL,NULL,NULL,NULL,NULL,NULL,NULL,'Boarder',NULL,NULL,NULL,NULL,NULL,NULL,'None','1970-01-01',0.00,NULL,NULL,NULL,NULL,NULL,NULL,NULL,NULL,NULL,'umeji_000086@gonzagajesuit.org','active',NULL,NULL,NULL,NULL,NULL,'GJC000086',NULL,NULL,NULL,NULL,'mother','A',0),
	(87,322,0,NULL,'UMEJI','Vanessa','Nwadiuso ',NULL,16,NULL,'female',NULL,'2010-05-06','-- Please Select --',NULL,NULL,NULL,NULL,NULL,NULL,NULL,NULL,NULL,NULL,NULL,NULL,'Boarder',NULL,NULL,NULL,NULL,NULL,NULL,'None','1970-01-01',0.00,NULL,NULL,NULL,NULL,NULL,NULL,NULL,NULL,NULL,'umeji_000087@gonzagajesuit.org','active',NULL,NULL,NULL,NULL,NULL,'GJC000087',NULL,NULL,NULL,NULL,'mother','A',0),
	(88,324,325,NULL,'UWAIFO','Emmanuel','Edoghogho ',NULL,3,NULL,'male',NULL,'2010-04-02','-- Please Select --',NULL,NULL,NULL,NULL,NULL,NULL,NULL,NULL,NULL,NULL,NULL,NULL,'Boarder',NULL,NULL,NULL,NULL,NULL,NULL,NULL,'1970-01-01',0.00,NULL,NULL,NULL,NULL,NULL,NULL,NULL,NULL,NULL,'uwaifo_000088@gonzagajesuit.org','active',NULL,NULL,NULL,NULL,NULL,'GJC000088',NULL,NULL,NULL,NULL,'mother','A',0),
	(89,3,4,NULL,'ADICHIE','Excel','Sochima',NULL,11,NULL,'male',NULL,'2011-07-16','-- Please Select --',NULL,NULL,NULL,NULL,NULL,NULL,NULL,NULL,NULL,NULL,NULL,NULL,'Boarder',NULL,NULL,NULL,NULL,NULL,NULL,NULL,'2022-11-11',0.00,NULL,NULL,NULL,NULL,NULL,NULL,NULL,NULL,'08107970801','adichie_000089@gonzagajesuit.org','active',NULL,NULL,NULL,NULL,NULL,'GJC000089',NULL,NULL,NULL,NULL,'mother','A',0),
	(90,5,6,NULL,'ADUAKA','Chizaram ','Rosemary',NULL,11,NULL,'female',NULL,'2011-05-23','-- Please Select --',NULL,NULL,NULL,NULL,NULL,NULL,NULL,NULL,NULL,NULL,NULL,NULL,'Boarder',NULL,NULL,NULL,NULL,NULL,NULL,NULL,'2022-11-11',0.00,NULL,NULL,NULL,NULL,NULL,NULL,NULL,NULL,'08107970801','aduaka_000090@gonzagajesuit.org','active',NULL,NULL,NULL,NULL,NULL,'GJC000090',NULL,NULL,NULL,NULL,'mother','A',0),
	(91,7,8,NULL,'AGBAFE','Chidera ','Donald',NULL,2,NULL,'male',NULL,'2011-06-07','-- Please Select --',NULL,NULL,NULL,NULL,NULL,NULL,NULL,NULL,NULL,NULL,NULL,NULL,'Boarder',NULL,NULL,NULL,NULL,NULL,NULL,NULL,'2022-11-11',0.00,NULL,NULL,NULL,NULL,NULL,NULL,NULL,NULL,'08107970801','agbafe_000091@gonzagajesuit.org','active',NULL,NULL,NULL,NULL,NULL,'GJC000091',NULL,NULL,NULL,NULL,'mother','A',0),
	(92,9,10,NULL,'AGOROM','Oguchi','Jason',NULL,13,NULL,'male',NULL,'2011-12-04','-- Please Select --',NULL,NULL,NULL,NULL,NULL,NULL,NULL,NULL,NULL,NULL,NULL,NULL,'Boarder',NULL,NULL,NULL,NULL,NULL,NULL,NULL,'2022-11-11',0.00,NULL,NULL,NULL,NULL,NULL,NULL,NULL,NULL,'08107970801','agorom_000092@gonzagajesuit.org','active',NULL,NULL,NULL,NULL,NULL,'GJC000092',NULL,NULL,NULL,NULL,'mother','A',0),
	(93,11,12,NULL,'AGU','Munachimso','Anthonette',NULL,2,NULL,'female',NULL,'2012-01-17','-- Please Select --',NULL,NULL,NULL,NULL,NULL,NULL,NULL,NULL,NULL,NULL,NULL,NULL,'Boarder',NULL,NULL,NULL,NULL,NULL,NULL,NULL,'2022-11-11',0.00,NULL,NULL,NULL,NULL,NULL,NULL,NULL,NULL,'08107970801','agu_000093@gonzagajesuit.org','active',NULL,NULL,NULL,NULL,NULL,'GJC000093',NULL,NULL,NULL,NULL,'mother','A',0),
	(94,13,14,NULL,'AJIRI-UWUSEBA','Oghenekaro ','Benedict',NULL,10,NULL,'male',NULL,'2011-01-07','-- Please Select --',NULL,NULL,NULL,NULL,NULL,NULL,NULL,NULL,NULL,NULL,NULL,NULL,'Boarder',NULL,NULL,NULL,NULL,NULL,NULL,NULL,'2022-11-11',0.00,NULL,NULL,NULL,NULL,NULL,NULL,NULL,NULL,'08107970801','ajiri-uwuseba_000094@gonzagajesuit.org','active',NULL,NULL,NULL,NULL,NULL,'GJC000094',NULL,NULL,NULL,NULL,'mother','A',0),
	(95,15,16,NULL,'AKPAN','Inyeneabasi','CHIMAMANDA',NULL,2,NULL,'female',NULL,'2012-05-18','-- Please Select --',NULL,NULL,NULL,NULL,NULL,NULL,NULL,NULL,NULL,NULL,NULL,NULL,'Boarder',NULL,NULL,NULL,NULL,NULL,NULL,NULL,'2022-11-11',0.00,NULL,NULL,NULL,NULL,NULL,NULL,NULL,NULL,'08107970801','akpan_000095@gonzagajesuit.org','active',NULL,NULL,NULL,NULL,NULL,'GJC000095',NULL,NULL,NULL,NULL,'mother','A',0),
	(96,17,18,NULL,'ALI','EMMANUEL ','ONU-OJO',NULL,9,NULL,'male',NULL,'2010-11-14','-- Please Select --',NULL,NULL,NULL,NULL,NULL,NULL,NULL,NULL,NULL,NULL,NULL,NULL,'Boarder',NULL,NULL,NULL,NULL,NULL,NULL,NULL,'2022-11-11',0.00,NULL,NULL,NULL,NULL,NULL,NULL,NULL,NULL,'08107970801','ali_000096@gonzagajesuit.org','',NULL,NULL,NULL,NULL,NULL,'GJC000096',NULL,NULL,NULL,NULL,'mother','A',0),
	(97,19,20,NULL,'AMAECHI- ORAH','Chimamanda','Vanessa',NULL,10,NULL,'female',NULL,'2011-06-15','-- Please Select --',NULL,NULL,NULL,NULL,NULL,NULL,NULL,NULL,NULL,NULL,NULL,NULL,'Boarder',NULL,NULL,NULL,NULL,NULL,NULL,NULL,'2022-11-11',0.00,NULL,NULL,NULL,NULL,NULL,NULL,NULL,NULL,'08107970801','amaechi-orah_000097@gonzagajesuit.org','active',NULL,NULL,NULL,NULL,NULL,'GJC000097',NULL,NULL,NULL,NULL,'mother','A',0),
	(98,21,22,NULL,'UMEH','Chinedum','Brian',NULL,9,NULL,'male',NULL,'2012-07-28','-- Please Select --',NULL,NULL,NULL,NULL,NULL,NULL,NULL,NULL,NULL,NULL,NULL,NULL,'Boarder',NULL,NULL,NULL,NULL,NULL,NULL,NULL,'2022-11-11',0.00,NULL,NULL,NULL,NULL,NULL,NULL,NULL,NULL,'08107970801','anakwe-umeh_000098@gonzagajesuit.org','active',NULL,NULL,NULL,NULL,NULL,'GJC000098',NULL,NULL,NULL,NULL,'mother','A',0),
	(99,23,24,NULL,'ANAKWUE','CHUKWUEMEKA','DAVID',NULL,2,NULL,'male',NULL,'2011-11-24','-- Please Select --',NULL,NULL,NULL,NULL,NULL,NULL,NULL,NULL,NULL,NULL,NULL,NULL,'Boarder',NULL,NULL,NULL,NULL,NULL,NULL,NULL,'2022-11-11',0.00,NULL,NULL,NULL,NULL,NULL,NULL,NULL,NULL,'08107970801','anakwue_000099@gonzagajesuit.org','active',NULL,NULL,NULL,NULL,NULL,'GJC000099',NULL,NULL,NULL,NULL,'mother','A',0),
	(100,25,26,NULL,'ARINZE','Tobechukwu','Joan',NULL,2,NULL,'female',NULL,'2012-08-08','-- Please Select --',NULL,NULL,NULL,NULL,NULL,NULL,NULL,NULL,NULL,NULL,NULL,NULL,'Boarder',NULL,NULL,NULL,NULL,NULL,NULL,NULL,'2022-11-11',0.00,NULL,NULL,NULL,NULL,NULL,NULL,NULL,NULL,'08107970801','arinze_000100@gonzagajesuit.org','active',NULL,NULL,NULL,NULL,NULL,'GJC000100',NULL,NULL,NULL,NULL,'mother','A',0),
	(101,27,28,NULL,'ASIEGBU','Victory','Ifechukwu',NULL,13,NULL,'male',NULL,'2009-04-10','-- Please Select --',NULL,NULL,NULL,NULL,NULL,NULL,NULL,NULL,NULL,NULL,NULL,NULL,'Boarder',NULL,NULL,NULL,NULL,NULL,NULL,NULL,'2022-11-11',0.00,NULL,NULL,NULL,NULL,NULL,NULL,NULL,NULL,'08107970801','asiegbu_000101@gonzagajesuit.org','active',NULL,NULL,NULL,NULL,NULL,'GJC000101',NULL,NULL,NULL,NULL,'mother','A',0),
	(102,29,30,NULL,'ASO','Chizara','Zara',NULL,2,NULL,'female',NULL,'2011-10-22','-- Please Select --',NULL,NULL,NULL,NULL,NULL,NULL,NULL,NULL,NULL,NULL,NULL,NULL,'Boarder',NULL,NULL,NULL,NULL,NULL,NULL,NULL,'2022-11-11',0.00,NULL,NULL,NULL,NULL,NULL,NULL,NULL,NULL,'08107970801','aso_000102@gonzagajesuit.org','active',NULL,NULL,NULL,NULL,NULL,'GJC000102',NULL,NULL,NULL,NULL,'mother','A',0),
	(103,31,32,NULL,'BALA','Bryan','Jay-Kay',NULL,11,NULL,'male',NULL,'2012-01-26','-- Please Select --',NULL,NULL,NULL,NULL,NULL,NULL,NULL,NULL,NULL,NULL,NULL,NULL,'Boarder',NULL,NULL,NULL,NULL,NULL,NULL,NULL,'2022-11-11',0.00,NULL,NULL,NULL,NULL,NULL,NULL,NULL,NULL,'08107970801','bala_000103@gonzagajesuit.org','active',NULL,NULL,NULL,NULL,NULL,'GJC000103',NULL,NULL,NULL,NULL,'mother','A',0),
	(104,33,34,NULL,'CHIDI-EJEM','Julius','Precious',NULL,2,NULL,'male',NULL,'2012-02-06','-- Please Select --',NULL,NULL,NULL,NULL,NULL,NULL,NULL,NULL,NULL,NULL,NULL,NULL,'Boarder',NULL,NULL,NULL,NULL,NULL,NULL,NULL,'2022-11-11',0.00,NULL,NULL,NULL,NULL,NULL,NULL,NULL,NULL,'08107970801','chidi-ejem_000104@gonzagajesuit.org','active',NULL,NULL,NULL,NULL,NULL,'GJC000104',NULL,NULL,NULL,NULL,'mother','A',0),
	(105,35,36,NULL,'CHIEGBOKA','Chiagoziem','Bruno',NULL,2,NULL,'male',NULL,'2012-04-11','-- Please Select --',NULL,NULL,NULL,NULL,NULL,NULL,NULL,NULL,NULL,NULL,NULL,NULL,'Boarder',NULL,NULL,NULL,NULL,NULL,NULL,NULL,'2022-11-11',0.00,NULL,NULL,NULL,NULL,NULL,NULL,NULL,NULL,'08107970801','chiegboka_000105@gonzagajesuit.org','active',NULL,NULL,NULL,NULL,NULL,'GJC000105',NULL,NULL,NULL,NULL,'mother','A',0),
	(106,37,38,NULL,'CHIKWENDU','Ozioma','Rachael Faith',NULL,10,NULL,'female',NULL,'2012-05-08','-- Please Select --',NULL,NULL,NULL,NULL,NULL,NULL,NULL,NULL,NULL,NULL,NULL,NULL,'Boarder',NULL,NULL,NULL,NULL,NULL,NULL,NULL,'2022-11-11',0.00,NULL,NULL,NULL,NULL,NULL,NULL,NULL,NULL,'08107970801','chikwendu_000106@gonzagajesuit.org','active',NULL,NULL,NULL,NULL,NULL,'GJC000106',NULL,NULL,NULL,NULL,'mother','A',0),
	(107,39,40,NULL,'CHUKWU','Chimamanda ','Michelle',NULL,11,NULL,'female',NULL,'2011-09-05','-- Please Select --',NULL,NULL,NULL,NULL,NULL,NULL,NULL,NULL,NULL,NULL,NULL,NULL,'Boarder',NULL,NULL,NULL,NULL,NULL,NULL,NULL,'2022-11-11',0.00,NULL,NULL,NULL,NULL,NULL,NULL,NULL,NULL,'08107970801','chukwu_000107@gonzagajesuit.org','active',NULL,NULL,NULL,NULL,NULL,'GJC000107',NULL,NULL,NULL,NULL,'mother','A',0),
	(108,41,42,NULL,'CHUKWUMA','Chimfulumnanya','Emerald',NULL,10,NULL,'female',NULL,'2011-11-28','-- Please Select --',NULL,NULL,NULL,NULL,NULL,NULL,NULL,NULL,NULL,NULL,NULL,NULL,'Boarder',NULL,NULL,NULL,NULL,NULL,NULL,NULL,'2022-11-11',0.00,NULL,NULL,NULL,NULL,NULL,NULL,NULL,NULL,'08107970801','chukwuma_000108@gonzagajesuit.org','active',NULL,NULL,NULL,NULL,NULL,'GJC000108',NULL,NULL,NULL,NULL,'mother','A',0),
	(109,43,0,NULL,'CHUKWUNEKE','Kosisochukwu','Nicole',NULL,8,NULL,'female',NULL,'2010-08-16','-- Please Select --',NULL,NULL,NULL,NULL,NULL,NULL,NULL,NULL,NULL,NULL,NULL,NULL,'Boarder',NULL,NULL,NULL,NULL,NULL,NULL,NULL,'2022-11-11',0.00,NULL,NULL,NULL,NULL,NULL,NULL,NULL,NULL,'08107970801','chukwuneke_000109@gonzagajesuit.org','pending',NULL,NULL,NULL,NULL,NULL,'GJC000109',NULL,NULL,NULL,NULL,'mother','A',0),
	(110,44,45,NULL,'EGWA','AGNES','ELOYI',NULL,13,NULL,'female',NULL,'2012-01-16','-- Please Select --',NULL,NULL,NULL,NULL,NULL,NULL,NULL,NULL,NULL,NULL,NULL,NULL,'Boarder',NULL,NULL,NULL,NULL,NULL,NULL,NULL,'2022-11-11',0.00,NULL,NULL,NULL,NULL,NULL,NULL,NULL,NULL,'08107970801','egwa_000110@gonzagajesuit.org','active',NULL,NULL,NULL,NULL,NULL,'GJC000110',NULL,NULL,NULL,NULL,'mother','A',0),
	(111,46,47,NULL,'EJESIEME','Chidera ','Jessica ',NULL,13,NULL,'female',NULL,'2012-05-16','-- Please Select --',NULL,NULL,NULL,NULL,NULL,NULL,NULL,NULL,NULL,NULL,NULL,NULL,'Boarder',NULL,NULL,NULL,NULL,NULL,NULL,NULL,'2022-11-11',0.00,NULL,NULL,NULL,NULL,NULL,NULL,NULL,NULL,'08107970801','ejesieme_000111@gonzagajesuit.org','active',NULL,NULL,NULL,NULL,NULL,'GJC000111',NULL,NULL,NULL,NULL,'mother','A',0),
	(112,48,49,NULL,'EKECHI','Nnenna','Audrey',NULL,2,NULL,'female',NULL,'2011-07-30','-- Please Select --',NULL,NULL,NULL,NULL,NULL,NULL,NULL,NULL,NULL,NULL,NULL,NULL,'Boarder',NULL,NULL,NULL,NULL,NULL,NULL,NULL,'2022-11-11',0.00,NULL,NULL,NULL,NULL,NULL,NULL,NULL,NULL,'08107970801','ekechi_000112@gonzagajesuit.org','active',NULL,NULL,NULL,NULL,NULL,'GJC000112',NULL,NULL,NULL,NULL,'mother','A',0),
	(113,50,51,NULL,'EKWUOGO ','Tobenna','Jeffery',NULL,1,NULL,'male',NULL,'2011-11-03','-- Please Select --',NULL,NULL,NULL,NULL,NULL,NULL,NULL,NULL,NULL,NULL,NULL,NULL,'Boarder',NULL,NULL,NULL,NULL,NULL,NULL,NULL,'2022-11-11',0.00,NULL,NULL,NULL,NULL,NULL,NULL,NULL,NULL,'08107970801','ekwuogo_000113@gonzagajesuit.org','active',NULL,NULL,NULL,NULL,NULL,'GJC000113',NULL,NULL,NULL,NULL,'mother','A',0),
	(114,52,53,NULL,'ELELEGU','Anulika','Frances',NULL,13,NULL,'female',NULL,'2011-02-09','-- Please Select --',NULL,NULL,NULL,NULL,NULL,NULL,NULL,NULL,NULL,NULL,NULL,NULL,'Boarder',NULL,NULL,NULL,NULL,NULL,NULL,NULL,'2022-11-11',0.00,NULL,NULL,NULL,NULL,NULL,NULL,NULL,NULL,'08107970801','elelegu_000114@gonzagajesuit.org','active',NULL,NULL,NULL,NULL,NULL,'GJC000114',NULL,NULL,NULL,NULL,'mother','A',0),
	(115,54,55,NULL,'EMELISI','Kamsiyochukwu','Bryant',NULL,2,NULL,'male',NULL,'2011-03-31','-- Please Select --',NULL,NULL,NULL,NULL,NULL,NULL,NULL,NULL,NULL,NULL,NULL,NULL,'Boarder',NULL,NULL,NULL,NULL,NULL,NULL,NULL,'2022-11-11',0.00,NULL,NULL,NULL,NULL,NULL,NULL,NULL,NULL,'08107970801','emelisi_000115@gonzagajesuit.org','active',NULL,NULL,NULL,NULL,NULL,'GJC000115',NULL,NULL,NULL,NULL,'mother','A',0),
	(116,56,57,NULL,'ENEJETA','Ogheneovie','JUSTICE,EMMANUEL',NULL,13,NULL,'male',NULL,'2011-05-12','-- Please Select --',NULL,NULL,NULL,NULL,NULL,NULL,NULL,NULL,NULL,NULL,NULL,NULL,'Boarder',NULL,NULL,NULL,NULL,NULL,NULL,NULL,'2022-11-11',0.00,NULL,NULL,NULL,NULL,NULL,NULL,NULL,NULL,'08107970801','enejeta_000116@gonzagajesuit.org','active',NULL,NULL,NULL,NULL,NULL,'GJC000116',NULL,NULL,NULL,NULL,'mother','A',0),
	(117,58,59,NULL,'ETELE','Promise','CHIEDOZIE',NULL,2,NULL,'male',NULL,'2011-08-15','-- Please Select --',NULL,NULL,NULL,NULL,NULL,NULL,NULL,NULL,NULL,NULL,NULL,NULL,'Boarder',NULL,NULL,NULL,NULL,NULL,NULL,NULL,'2022-11-11',0.00,NULL,NULL,NULL,NULL,NULL,NULL,NULL,NULL,'08107970801','etele_000117@gonzagajesuit.org','active',NULL,NULL,NULL,NULL,NULL,'GJC000117',NULL,NULL,NULL,NULL,'mother','A',0),
	(118,60,61,NULL,'EZE','OBINNA','JASON,EMMANUEL',NULL,10,NULL,'male',NULL,'2012-12-03','-- Please Select --',NULL,NULL,NULL,NULL,NULL,NULL,NULL,NULL,NULL,NULL,NULL,NULL,'Boarder',NULL,NULL,NULL,NULL,NULL,NULL,NULL,'2022-11-11',0.00,NULL,NULL,NULL,NULL,NULL,NULL,NULL,NULL,'08107970801','eze_000118@gonzagajesuit.org','active',NULL,NULL,NULL,NULL,NULL,'GJC000118',NULL,NULL,NULL,NULL,'mother','A',0),
	(119,62,63,NULL,'EZE','Godswill','Chinanu',NULL,9,NULL,'male',NULL,'2012-05-23','-- Please Select --',NULL,NULL,NULL,NULL,NULL,NULL,NULL,NULL,NULL,NULL,NULL,NULL,'Boarder',NULL,NULL,NULL,NULL,NULL,NULL,NULL,'2022-11-11',0.00,NULL,NULL,NULL,NULL,NULL,NULL,NULL,NULL,'08107970801','eze_000119@gonzagajesuit.org','active',NULL,NULL,NULL,NULL,NULL,'GJC000119',NULL,NULL,NULL,NULL,'mother','A',0),
	(120,64,65,NULL,'EZEIGWE','Kosisochukwu','JOHN',NULL,10,NULL,'male',NULL,'2012-06-20','-- Please Select --',NULL,NULL,NULL,NULL,NULL,NULL,NULL,NULL,NULL,NULL,NULL,NULL,'Boarder',NULL,NULL,NULL,NULL,NULL,NULL,NULL,'2022-11-11',0.00,NULL,NULL,NULL,NULL,NULL,NULL,NULL,NULL,'08107970801','ezeigwe_000120@gonzagajesuit.org','active',NULL,NULL,NULL,NULL,NULL,'GJC000120',NULL,NULL,NULL,NULL,'mother','A',0),
	(121,66,67,NULL,'EZEPUE','Chimamanda','Sofia',NULL,11,NULL,'female',NULL,'2010-07-28','-- Please Select --',NULL,NULL,NULL,NULL,NULL,NULL,NULL,NULL,NULL,NULL,NULL,NULL,'Boarder',NULL,NULL,NULL,NULL,NULL,NULL,NULL,'2022-11-11',0.00,NULL,NULL,NULL,NULL,NULL,NULL,NULL,NULL,'08107970801','ezepue_000121@gonzagajesuit.org','active',NULL,NULL,NULL,NULL,NULL,'GJC000121',NULL,NULL,NULL,NULL,'mother','A',0),
	(122,68,69,NULL,'FRANK-UGWU','Franklin','Kamsiyochukwu',NULL,11,NULL,'male',NULL,'2011-10-12','-- Please Select --',NULL,NULL,NULL,NULL,NULL,NULL,NULL,NULL,NULL,NULL,NULL,NULL,'Boarder',NULL,NULL,NULL,NULL,NULL,NULL,NULL,'2022-11-11',0.00,NULL,NULL,NULL,NULL,NULL,NULL,NULL,NULL,'08107970801','frank-ugwu_000122@gonzagajesuit.org','active',NULL,NULL,NULL,NULL,NULL,'GJC000122',NULL,NULL,NULL,NULL,'mother','A',0),
	(123,70,71,NULL,'GODWIN','Vanessa','Obianuju ',NULL,11,NULL,'female',NULL,'2012-06-24','-- Please Select --',NULL,NULL,NULL,NULL,NULL,NULL,NULL,NULL,NULL,NULL,NULL,NULL,'Boarder',NULL,NULL,NULL,NULL,NULL,NULL,NULL,'2022-11-11',0.00,NULL,NULL,NULL,NULL,NULL,NULL,NULL,NULL,'08107970801','godwin_000123@gonzagajesuit.org','active',NULL,NULL,NULL,NULL,NULL,'GJC000123',NULL,NULL,NULL,NULL,'mother','A',0),
	(124,72,73,NULL,'GREEN','Chinunam ','Emmanuel ',NULL,1,NULL,'male',NULL,'2011-05-06','-- Please Select --',NULL,NULL,NULL,NULL,NULL,NULL,NULL,NULL,NULL,NULL,NULL,NULL,'Boarder',NULL,NULL,NULL,NULL,NULL,NULL,NULL,'2022-11-11',0.00,NULL,NULL,NULL,NULL,NULL,NULL,NULL,NULL,'08107970801','green_000124@gonzagajesuit.org','active',NULL,NULL,NULL,NULL,NULL,'GJC000124',NULL,NULL,NULL,NULL,'mother','A',0),
	(125,74,75,NULL,'IBEKU','Chetachi','Ifechukwude',NULL,11,NULL,'male',NULL,'2012-01-07','-- Please Select --',NULL,NULL,NULL,NULL,NULL,NULL,NULL,NULL,NULL,NULL,NULL,NULL,'Boarder',NULL,NULL,NULL,NULL,NULL,NULL,NULL,'2022-11-11',0.00,NULL,NULL,NULL,NULL,NULL,NULL,NULL,NULL,'08107970801','ibeku_000125@gonzagajesuit.org','active',NULL,NULL,NULL,NULL,NULL,'GJC000125',NULL,NULL,NULL,NULL,'mother','A',0),
	(126,76,77,NULL,'IGBINOVIA','Christel','Osarugue',NULL,11,NULL,'female',NULL,'2012-09-14','-- Please Select --',NULL,NULL,NULL,NULL,NULL,NULL,NULL,NULL,NULL,NULL,NULL,NULL,'Boarder',NULL,NULL,NULL,NULL,NULL,NULL,NULL,'2022-11-11',0.00,NULL,NULL,NULL,NULL,NULL,NULL,NULL,NULL,'08107970801','igbinovia_000126@gonzagajesuit.org','active',NULL,NULL,NULL,NULL,NULL,'GJC000126',NULL,NULL,NULL,NULL,'mother','A',0),
	(127,78,79,NULL,'IGUE','Ewere','Godswill',NULL,10,NULL,'male',NULL,'2011-03-21','-- Please Select --',NULL,NULL,NULL,NULL,NULL,NULL,NULL,NULL,NULL,NULL,NULL,NULL,'Boarder',NULL,NULL,NULL,NULL,NULL,NULL,NULL,'2022-11-11',0.00,NULL,NULL,NULL,NULL,NULL,NULL,NULL,NULL,'08107970801','igue_000127@gonzagajesuit.org','active',NULL,NULL,NULL,NULL,NULL,'GJC000127',NULL,NULL,NULL,NULL,'mother','A',0),
	(128,80,81,NULL,'IGWE','Munachimso ','Ivy',NULL,2,NULL,'female',NULL,'2012-06-17','-- Please Select --',NULL,NULL,NULL,NULL,NULL,NULL,NULL,NULL,NULL,NULL,NULL,NULL,'Boarder',NULL,NULL,NULL,NULL,NULL,NULL,NULL,'2022-11-11',0.00,NULL,NULL,NULL,NULL,NULL,NULL,NULL,NULL,'08107970801','igwe_000128@gonzagajesuit.org','active',NULL,NULL,NULL,NULL,NULL,'GJC000128',NULL,NULL,NULL,NULL,'mother','A',0),
	(129,82,83,NULL,'IGWE','Chris -Manuel ','Chibuikem',NULL,13,NULL,'male',NULL,'2010-12-12','-- Please Select --',NULL,NULL,NULL,NULL,NULL,NULL,NULL,NULL,NULL,NULL,NULL,NULL,'Boarder',NULL,NULL,NULL,NULL,NULL,NULL,NULL,'2022-11-11',0.00,NULL,NULL,NULL,NULL,NULL,NULL,NULL,NULL,'08107970801','igwe_000129@gonzagajesuit.org','active',NULL,NULL,NULL,NULL,NULL,'GJC000129',NULL,NULL,NULL,NULL,'mother','A',0),
	(130,84,85,NULL,'IJIOMA','Sochikanyima','Joan',NULL,10,NULL,'female',NULL,'2010-10-17','-- Please Select --',NULL,NULL,NULL,NULL,NULL,NULL,NULL,NULL,NULL,NULL,NULL,NULL,'Boarder',NULL,NULL,NULL,NULL,NULL,NULL,NULL,'2022-11-11',0.00,NULL,NULL,NULL,NULL,NULL,NULL,NULL,NULL,'08107970801','ijioma_000130@gonzagajesuit.org','active',NULL,NULL,NULL,NULL,NULL,'GJC000130',NULL,NULL,NULL,NULL,'mother','A',0),
	(131,84,85,NULL,'IJIOMA','Sogidechi','Jane',NULL,11,NULL,'female',NULL,'2010-10-17','-- Please Select --',NULL,NULL,NULL,NULL,NULL,NULL,NULL,NULL,NULL,NULL,NULL,NULL,'Boarder',NULL,NULL,NULL,NULL,NULL,NULL,NULL,'2022-11-11',0.00,NULL,NULL,NULL,NULL,NULL,NULL,NULL,NULL,'08107970801','ijioma_000131@gonzagajesuit.org','active',NULL,NULL,NULL,NULL,NULL,'GJC000131',NULL,NULL,NULL,NULL,'mother','A',0),
	(132,86,87,NULL,'IKE','Onyedikachi','David',NULL,2,NULL,'male',NULL,'2011-08-11','-- Please Select --',NULL,NULL,NULL,NULL,NULL,NULL,NULL,NULL,NULL,NULL,NULL,NULL,'Boarder',NULL,NULL,NULL,NULL,NULL,NULL,NULL,'2022-11-11',0.00,NULL,NULL,NULL,NULL,NULL,NULL,NULL,NULL,'08107970801','ike_000132@gonzagajesuit.org','active',NULL,NULL,NULL,NULL,NULL,'GJC000132',NULL,NULL,NULL,NULL,'mother','A',0),
	(133,88,89,NULL,'IKE ','Daniel','Chukwuemeka',NULL,11,NULL,'male',NULL,'2011-12-09','-- Please Select --',NULL,NULL,NULL,NULL,NULL,NULL,NULL,NULL,NULL,NULL,NULL,NULL,'Boarder',NULL,NULL,NULL,NULL,NULL,NULL,NULL,'2022-11-11',0.00,NULL,NULL,NULL,NULL,NULL,NULL,NULL,NULL,'08107970801','ike_000133@gonzagajesuit.org','active',NULL,NULL,NULL,NULL,NULL,'GJC000133',NULL,NULL,NULL,NULL,'mother','A',0),
	(134,90,91,NULL,'ILOKA','CHIDERA ','KINGSLEY',NULL,2,NULL,'male',NULL,'2009-09-24','-- Please Select --',NULL,NULL,NULL,NULL,NULL,NULL,NULL,NULL,NULL,NULL,NULL,NULL,'Boarder',NULL,NULL,NULL,NULL,NULL,NULL,NULL,'2022-11-11',0.00,NULL,NULL,NULL,NULL,NULL,NULL,NULL,NULL,'08107970801','iloka_000134@gonzagajesuit.org','active',NULL,NULL,NULL,NULL,NULL,'GJC000134',NULL,NULL,NULL,NULL,'mother','A',0),
	(135,92,93,NULL,'ITUMA-ODEY ','CHIDIEBERE ','EBE',NULL,2,NULL,'male',NULL,'2011-07-19','-- Please Select --',NULL,NULL,NULL,NULL,NULL,NULL,NULL,NULL,NULL,NULL,NULL,NULL,'Boarder',NULL,NULL,NULL,NULL,NULL,NULL,NULL,'2022-11-11',0.00,NULL,NULL,NULL,NULL,NULL,NULL,NULL,NULL,'08107970801','ituma-odey_000135@gonzagajesuit.org','active',NULL,NULL,NULL,NULL,NULL,'GJC000135',NULL,NULL,NULL,NULL,'mother','A',0),
	(136,94,95,NULL,'IZUCHUKWU','Chibuikem','Michael ',NULL,10,NULL,'male',NULL,'2011-05-11','-- Please Select --',NULL,NULL,NULL,NULL,NULL,NULL,NULL,NULL,NULL,NULL,NULL,NULL,'Boarder',NULL,NULL,NULL,NULL,NULL,NULL,NULL,'2022-11-11',0.00,NULL,NULL,NULL,NULL,NULL,NULL,NULL,NULL,'08107970801','izuchukwu_000136@gonzagajesuit.org','active',NULL,NULL,NULL,NULL,NULL,'GJC000136',NULL,NULL,NULL,NULL,'mother','A',0),
	(137,96,97,NULL,'MAMAH','James','Okwuchukwu ',NULL,11,NULL,'male',NULL,'2011-10-02','-- Please Select --',NULL,NULL,NULL,NULL,NULL,NULL,NULL,NULL,NULL,NULL,NULL,NULL,'Boarder',NULL,NULL,NULL,NULL,NULL,NULL,NULL,'2022-11-11',0.00,NULL,NULL,NULL,NULL,NULL,NULL,NULL,NULL,'08107970801','mamah_000137@gonzagajesuit.org','active',NULL,NULL,NULL,NULL,NULL,'GJC000137',NULL,NULL,NULL,NULL,'mother','A',0),
	(138,98,99,NULL,'MBAGWU','Gabriel','Uchenna',NULL,10,NULL,'male',NULL,'2012-01-24','-- Please Select --',NULL,NULL,NULL,NULL,NULL,NULL,NULL,NULL,NULL,NULL,NULL,NULL,'Boarder',NULL,NULL,NULL,NULL,NULL,NULL,NULL,'2022-11-11',0.00,NULL,NULL,NULL,NULL,NULL,NULL,NULL,NULL,'08107970801','mbagwu_000138@gonzagajesuit.org','active',NULL,NULL,NULL,NULL,NULL,'GJC000138',NULL,NULL,NULL,NULL,'mother','A',0),
	(139,100,101,NULL,'MICHAEL-AKUKA','Delight','Chiemela',NULL,10,NULL,'female',NULL,'2011-01-23','-- Please Select --',NULL,NULL,NULL,NULL,NULL,NULL,NULL,NULL,NULL,NULL,NULL,NULL,'Boarder',NULL,NULL,NULL,NULL,NULL,NULL,NULL,'2022-11-11',0.00,NULL,NULL,NULL,NULL,NULL,NULL,NULL,NULL,'08107970801','michael-akuka_000139@gonzagajesuit.org','active',NULL,NULL,NULL,NULL,NULL,'GJC000139',NULL,NULL,NULL,NULL,'mother','A',0),
	(140,102,103,NULL,'NJEZE','Nwabundo','Kamsiyochukwu',NULL,10,NULL,'female',NULL,'2010-10-16','-- Please Select --',NULL,NULL,NULL,NULL,NULL,NULL,NULL,NULL,NULL,NULL,NULL,NULL,'Boarder',NULL,NULL,NULL,NULL,NULL,NULL,NULL,'2022-11-11',0.00,NULL,NULL,NULL,NULL,NULL,NULL,NULL,NULL,'08107970801','njeze_000140@gonzagajesuit.org','active',NULL,NULL,NULL,NULL,NULL,'GJC000140',NULL,NULL,NULL,NULL,'mother','A',0),
	(141,104,105,NULL,'NJOKU','Ihuoma','Chimdinma, JANE',NULL,10,NULL,'female',NULL,'2011-07-24','-- Please Select --',NULL,NULL,NULL,NULL,NULL,NULL,NULL,NULL,NULL,NULL,NULL,NULL,'Boarder',NULL,NULL,NULL,NULL,NULL,NULL,NULL,'2022-11-11',0.00,NULL,NULL,NULL,NULL,NULL,NULL,NULL,NULL,'08107970801','njoku_000141@gonzagajesuit.org','active',NULL,NULL,NULL,NULL,NULL,'GJC000141',NULL,NULL,NULL,NULL,'mother','A',0),
	(142,106,107,NULL,'NNAMDI-ASIEGBU','Ugo','MUNACHISO',NULL,11,NULL,'male',NULL,'2011-07-25','-- Please Select --',NULL,NULL,NULL,NULL,NULL,NULL,NULL,NULL,NULL,NULL,NULL,NULL,'Boarder',NULL,NULL,NULL,NULL,NULL,NULL,NULL,'2022-11-11',0.00,NULL,NULL,NULL,NULL,NULL,NULL,NULL,NULL,'08107970801','nnamdi-asiegbu_000142@gonzagajesuit.org','active',NULL,NULL,NULL,NULL,NULL,'GJC000142',NULL,NULL,NULL,NULL,'mother','A',0),
	(143,108,109,NULL,'NWADIKE','Ogochukwu','Michelle',NULL,13,NULL,'female',NULL,'2011-07-26','-- Please Select --',NULL,NULL,NULL,NULL,NULL,NULL,NULL,NULL,NULL,NULL,NULL,NULL,'Boarder',NULL,NULL,NULL,NULL,NULL,NULL,NULL,'2022-11-11',0.00,NULL,NULL,NULL,NULL,NULL,NULL,NULL,NULL,'08107970801','nwadike_000143@gonzagajesuit.org','active',NULL,NULL,NULL,NULL,NULL,'GJC000143',NULL,NULL,NULL,NULL,'mother','A',0),
	(144,110,111,NULL,'NWAOBI','SAMUEL','CHIGOZIM',NULL,13,NULL,'male',NULL,'2011-10-23','-- Please Select --',NULL,NULL,NULL,NULL,NULL,NULL,NULL,NULL,NULL,NULL,NULL,NULL,'Boarder',NULL,NULL,NULL,NULL,NULL,NULL,NULL,'2022-11-11',0.00,NULL,NULL,NULL,NULL,NULL,NULL,NULL,NULL,'08107970801','nwaobi_000144@gonzagajesuit.org','active',NULL,NULL,NULL,NULL,NULL,'GJC000144',NULL,NULL,NULL,NULL,'mother','A',0),
	(145,112,0,NULL,'NWENYI','OSITADIMMA','MARK,DIAMOND',NULL,10,NULL,'male',NULL,'2011-12-18','-- Please Select --',NULL,NULL,NULL,NULL,NULL,NULL,NULL,NULL,NULL,NULL,NULL,NULL,'Boarder',NULL,NULL,NULL,NULL,NULL,NULL,NULL,'2022-11-11',0.00,NULL,NULL,NULL,NULL,NULL,NULL,NULL,NULL,'08107970801','nwenyi_000145@gonzagajesuit.org','active',NULL,NULL,NULL,NULL,NULL,'GJC000145',NULL,NULL,NULL,NULL,'mother','A',0),
	(146,113,114,NULL,'NWOYE','Chidinma Florence',NULL,NULL,11,NULL,'female',NULL,'2012-05-30','-- Please Select --',NULL,NULL,NULL,NULL,NULL,NULL,NULL,NULL,NULL,NULL,NULL,NULL,'Boarder',NULL,NULL,NULL,NULL,NULL,NULL,NULL,'2022-11-11',0.00,NULL,NULL,NULL,NULL,NULL,NULL,NULL,NULL,'08107970801','nwoye_000146@gonzagajesuit.org','active',NULL,NULL,NULL,NULL,NULL,'GJC000146',NULL,NULL,NULL,NULL,'mother','A',0),
	(147,115,116,NULL,'NWUJU','Ikenna',' Jefferson',NULL,1,NULL,'male',NULL,'2011-09-01','-- Please Select --',NULL,NULL,NULL,NULL,NULL,NULL,NULL,NULL,NULL,NULL,NULL,NULL,'Boarder',NULL,NULL,NULL,NULL,NULL,NULL,NULL,'2022-11-11',0.00,NULL,NULL,NULL,NULL,NULL,NULL,NULL,NULL,'08107970801','nwuju_147@gonzagajesuit.org','active',NULL,NULL,NULL,NULL,NULL,'GJC000147',NULL,NULL,NULL,NULL,'mother','A',0),
	(148,117,118,NULL,'OCHI','Divine Grace ','Chinenye',NULL,10,NULL,'female',NULL,'2011-07-09','-- Please Select --',NULL,NULL,NULL,NULL,NULL,NULL,NULL,NULL,NULL,NULL,NULL,NULL,'Boarder',NULL,NULL,NULL,NULL,NULL,NULL,NULL,'2022-11-11',0.00,NULL,NULL,NULL,NULL,NULL,NULL,NULL,NULL,'08107970801','ochi_000148@gonzagajesuit.org','active',NULL,NULL,NULL,NULL,NULL,'GJC000148',NULL,NULL,NULL,NULL,'mother','A',0),
	(149,119,120,NULL,'ODOFIN','ADEOLUWA','EMMANUEL OSAZE',NULL,11,NULL,'male',NULL,'2012-01-13','-- Please Select --',NULL,NULL,NULL,NULL,NULL,NULL,NULL,NULL,NULL,NULL,NULL,NULL,'Boarder',NULL,NULL,NULL,NULL,NULL,NULL,NULL,'2022-11-11',0.00,NULL,NULL,NULL,NULL,NULL,NULL,NULL,NULL,'08107970801','odofin_000149@gonzagajesuit.org','active',NULL,NULL,NULL,NULL,NULL,'GJC000149',NULL,NULL,NULL,NULL,'mother','A',0),
	(150,121,122,NULL,'OFFODILE','Chiamanda','Ifeanyichukwu',NULL,13,NULL,'female',NULL,'2012-01-23','-- Please Select --',NULL,NULL,NULL,NULL,NULL,NULL,NULL,NULL,NULL,NULL,NULL,NULL,'Boarder',NULL,NULL,NULL,NULL,NULL,NULL,NULL,'2022-11-11',0.00,NULL,NULL,NULL,NULL,NULL,NULL,NULL,NULL,'08107970801','offodile_000150@gonzagajesuit.org','active',NULL,NULL,NULL,NULL,NULL,'GJC000150',NULL,NULL,NULL,NULL,'mother','A',0),
	(151,123,124,NULL,'OFILI','Chukwuebuka','McDonald',NULL,11,NULL,'male',NULL,'2010-12-16','-- Please Select --',NULL,NULL,NULL,NULL,NULL,NULL,NULL,NULL,NULL,NULL,NULL,NULL,'Boarder',NULL,NULL,NULL,NULL,NULL,NULL,NULL,'2022-11-11',0.00,NULL,NULL,NULL,NULL,NULL,NULL,NULL,NULL,'08107970801','ofili_000151@gonzagajesuit.org','active',NULL,NULL,NULL,NULL,NULL,'GJC000151',NULL,NULL,NULL,NULL,'mother','A',0),
	(152,125,126,NULL,'OGBIMI','Marilyn','Eloho',NULL,13,NULL,'female',NULL,'2011-10-16','-- Please Select --',NULL,NULL,NULL,NULL,NULL,NULL,NULL,NULL,NULL,NULL,NULL,NULL,'Boarder',NULL,NULL,NULL,NULL,NULL,NULL,NULL,'2022-11-11',0.00,NULL,NULL,NULL,NULL,NULL,NULL,NULL,NULL,'08107970801','ogbimi_000152@gonzagajesuit.org','active',NULL,NULL,NULL,NULL,NULL,'GJC000152',NULL,NULL,NULL,NULL,'mother','A',0),
	(153,127,128,NULL,'OHASHIEGBULA','ALESSANDRO','CHUKWUEMEKA',NULL,7,NULL,'male',NULL,'2010-10-08','-- Please Select --',NULL,NULL,NULL,NULL,NULL,NULL,NULL,NULL,NULL,NULL,NULL,NULL,'Boarder',NULL,NULL,NULL,NULL,NULL,NULL,NULL,'2022-11-11',0.00,NULL,NULL,NULL,NULL,NULL,NULL,NULL,NULL,'08107970801','ohashiegbula_000153@gonzagajesuit.org','active',NULL,NULL,NULL,NULL,NULL,'GJC000153',NULL,NULL,NULL,NULL,'mother','A',0),
	(154,129,130,NULL,'OHEN','Etoma - Obasi','Daniel',NULL,2,NULL,'male',NULL,'2011-07-22','-- Please Select --',NULL,NULL,NULL,NULL,NULL,NULL,NULL,NULL,NULL,NULL,NULL,NULL,'Boarder',NULL,NULL,NULL,NULL,NULL,NULL,NULL,'2022-11-11',0.00,NULL,NULL,NULL,NULL,NULL,NULL,NULL,NULL,'08107970801','ohen_000154@gonzagajesuit.org','active',NULL,NULL,NULL,NULL,NULL,'GJC000154',NULL,NULL,NULL,NULL,'mother','A',0),
	(155,131,132,NULL,'OJENGWA','Sochikaima','Oluebube',NULL,2,NULL,'male',NULL,'2011-08-29','-- Please Select --',NULL,NULL,NULL,NULL,NULL,NULL,NULL,NULL,NULL,NULL,NULL,NULL,'Boarder',NULL,NULL,NULL,NULL,NULL,NULL,NULL,'2022-11-11',0.00,NULL,NULL,NULL,NULL,NULL,NULL,NULL,NULL,'08107970801','ojengwa_000155@gonzagajesuit.org','active',NULL,NULL,NULL,NULL,NULL,'GJC000155',NULL,NULL,NULL,NULL,'mother','A',0),
	(156,133,134,NULL,'OKAFOR','Christabel','CHIDINDU',NULL,10,NULL,'female',NULL,'2011-07-04','-- Please Select --',NULL,NULL,NULL,NULL,NULL,NULL,NULL,NULL,NULL,NULL,NULL,NULL,'Boarder',NULL,NULL,NULL,NULL,NULL,NULL,NULL,'2022-11-11',0.00,NULL,NULL,NULL,NULL,NULL,NULL,NULL,NULL,'08107970801','okafor_000156@gonzagajesuit.org','active',NULL,NULL,NULL,NULL,NULL,'GJC000156',NULL,NULL,NULL,NULL,'mother','A',0),
	(157,135,136,NULL,'OKANYA','Mmelichukwu','Juanito-marie ,Enyinnia',NULL,13,NULL,'male',NULL,'2012-11-02','-- Please Select --',NULL,NULL,NULL,NULL,NULL,NULL,NULL,NULL,NULL,NULL,NULL,NULL,'Boarder',NULL,NULL,NULL,NULL,NULL,NULL,NULL,'2022-11-11',0.00,NULL,NULL,NULL,NULL,NULL,NULL,NULL,NULL,'08107970801','okanya_000157@gonzagajesuit.org','active',NULL,NULL,NULL,NULL,NULL,'GJC000157',NULL,NULL,NULL,NULL,'mother','A',0),
	(158,137,138,NULL,'OKEKE','Kamsiyochukwu','Daniella',NULL,13,NULL,'female',NULL,'2011-11-01','-- Please Select --',NULL,NULL,NULL,NULL,NULL,NULL,NULL,NULL,NULL,NULL,NULL,NULL,'Boarder',NULL,NULL,NULL,NULL,NULL,NULL,NULL,'2022-11-11',0.00,NULL,NULL,NULL,NULL,NULL,NULL,NULL,NULL,'08107970801','okeke_000158@gonzagajesuit.org','active',NULL,NULL,NULL,NULL,NULL,'GJC000158',NULL,NULL,NULL,NULL,'mother','A',0),
	(159,0,0,NULL,'OKEKE','Kaosisochukwu','Emmanuella',NULL,10,NULL,'female',NULL,'2011-11-01','-- Please Select --',NULL,NULL,NULL,NULL,NULL,NULL,NULL,NULL,NULL,NULL,NULL,NULL,'Boarder',NULL,NULL,NULL,NULL,NULL,NULL,NULL,'2022-11-11',0.00,NULL,NULL,NULL,NULL,NULL,NULL,NULL,NULL,'08107970801','okeke_000159@gonzagajesuit.org','active',NULL,NULL,NULL,NULL,NULL,'GJC000159',NULL,NULL,NULL,NULL,'mother','A',0),
	(160,139,140,NULL,'OKEKE','Gold','Chidubem, OGOCHUKWU',NULL,11,NULL,'female',NULL,'2011-12-21','-- Please Select --',NULL,NULL,NULL,NULL,NULL,NULL,NULL,NULL,NULL,NULL,NULL,NULL,'Boarder',NULL,NULL,NULL,NULL,NULL,NULL,NULL,'2022-11-11',0.00,NULL,NULL,NULL,NULL,NULL,NULL,NULL,NULL,'08107970801','okeke_000160@gonzagajesuit.org','active',NULL,NULL,NULL,NULL,NULL,'GJC000160',NULL,NULL,NULL,NULL,'mother','A',0),
	(161,141,142,NULL,'OKEKE','Somtochukwu','Micheal',NULL,10,NULL,'male',NULL,'2012-11-04','-- Please Select --',NULL,NULL,NULL,NULL,NULL,NULL,NULL,NULL,NULL,NULL,NULL,NULL,'Boarder',NULL,NULL,NULL,NULL,NULL,NULL,NULL,'2022-11-11',0.00,NULL,NULL,NULL,NULL,NULL,NULL,NULL,NULL,'08107970801','okeke_000161@gonzagajesuit.org','active',NULL,NULL,NULL,NULL,NULL,'GJC000161',NULL,NULL,NULL,NULL,'mother','A',0),
	(162,143,0,NULL,'OKOLIE','Ihuoma ','Anthonate',NULL,10,NULL,'female',NULL,'2010-09-30','-- Please Select --',NULL,NULL,NULL,NULL,NULL,NULL,NULL,NULL,NULL,NULL,NULL,NULL,'Boarder',NULL,NULL,NULL,NULL,NULL,NULL,NULL,'2022-11-11',0.00,NULL,NULL,NULL,NULL,NULL,NULL,NULL,NULL,'08107970801','okolie_000162@gonzagajesuit.org','active',NULL,NULL,NULL,NULL,NULL,'GJC000162',NULL,NULL,NULL,NULL,'mother','A',0),
	(163,144,145,NULL,'OKONKWO','Chimelumma','OZIOMA',NULL,11,NULL,'female',NULL,'2011-07-25','-- Please Select --',NULL,NULL,NULL,NULL,NULL,NULL,NULL,NULL,NULL,NULL,NULL,NULL,'Boarder',NULL,NULL,NULL,NULL,NULL,NULL,NULL,'2022-11-11',0.00,NULL,NULL,NULL,NULL,NULL,NULL,NULL,NULL,'08107970801','okonkwo_000163@gonzagajesuit.org','active',NULL,NULL,NULL,NULL,NULL,'GJC000163',NULL,NULL,NULL,NULL,'mother','A',0),
	(164,146,147,NULL,'OKONTA','EBUBE','ZANETTA',NULL,11,NULL,'female',NULL,'2012-04-03','-- Please Select --',NULL,NULL,NULL,NULL,NULL,NULL,NULL,NULL,NULL,NULL,NULL,NULL,'Boarder',NULL,NULL,NULL,NULL,NULL,NULL,NULL,'2022-11-11',0.00,NULL,NULL,NULL,NULL,NULL,NULL,NULL,NULL,'08107970801','okonta_000164@gonzagajesuit.org','active',NULL,NULL,NULL,NULL,NULL,'GJC000164',NULL,NULL,NULL,NULL,'mother','A',0),
	(165,148,149,NULL,'OKOYE ','Emmanuel Stanislaus','Chukwumdindu',NULL,10,NULL,'male',NULL,'2010-12-17','-- Please Select --',NULL,NULL,NULL,NULL,NULL,NULL,NULL,NULL,NULL,NULL,NULL,NULL,'Boarder',NULL,NULL,NULL,NULL,NULL,NULL,NULL,'2022-11-11',0.00,NULL,NULL,NULL,NULL,NULL,NULL,NULL,NULL,'08107970801','okoye_000165@gonzagajesuit.org','active',NULL,NULL,NULL,NULL,NULL,'GJC000165',NULL,NULL,NULL,NULL,'mother','A',0),
	(166,150,151,NULL,'OMEJE','Bryan','Nnaemeka',NULL,13,NULL,'male',NULL,'2011-07-20','-- Please Select --',NULL,NULL,NULL,NULL,NULL,NULL,NULL,NULL,NULL,NULL,NULL,NULL,'Boarder',NULL,NULL,NULL,NULL,NULL,NULL,NULL,'2022-11-11',0.00,NULL,NULL,NULL,NULL,NULL,NULL,NULL,NULL,'08107970801','omeje_000166@gonzagajesuit.org','active',NULL,NULL,NULL,NULL,NULL,'GJC000166',NULL,NULL,NULL,NULL,'mother','A',0),
	(167,152,153,NULL,'ONWUKANJOR','Kosisochukwu','Emmanuella',NULL,11,NULL,'female',NULL,'2011-06-04','-- Please Select --',NULL,NULL,NULL,NULL,NULL,NULL,NULL,NULL,NULL,NULL,NULL,NULL,'Boarder',NULL,NULL,NULL,NULL,NULL,NULL,NULL,'2022-11-11',0.00,NULL,NULL,NULL,NULL,NULL,NULL,NULL,NULL,'08107970801','onwukanjor_000167@gonzagajesuit.org','active',NULL,NULL,NULL,NULL,NULL,'GJC000167',NULL,NULL,NULL,NULL,'mother','A',0),
	(168,154,155,NULL,'ONWUMERE','Epiphania','Ifunanyachukwu',NULL,13,NULL,'female',NULL,'2012-05-16','-- Please Select --',NULL,NULL,NULL,NULL,NULL,NULL,NULL,NULL,NULL,NULL,NULL,NULL,'Boarder',NULL,NULL,NULL,NULL,NULL,NULL,NULL,'2022-11-11',0.00,NULL,NULL,NULL,NULL,NULL,NULL,NULL,NULL,'08107970801','onwumere_000168@gonzagajesuit.org','active',NULL,NULL,NULL,NULL,NULL,'GJC000168',NULL,NULL,NULL,NULL,'mother','A',0),
	(169,156,157,NULL,'ONYEMEM','SOCHUKWUKAMSO','FRANCIS',NULL,13,NULL,'male',NULL,'2011-10-04','-- Please Select --',NULL,NULL,NULL,NULL,NULL,NULL,NULL,NULL,NULL,NULL,NULL,NULL,'Boarder',NULL,NULL,NULL,NULL,NULL,NULL,NULL,'2022-11-11',0.00,NULL,NULL,NULL,NULL,NULL,NULL,NULL,NULL,'08107970801','onyemem_000169@gonzagajesuit.org','active',NULL,NULL,NULL,NULL,NULL,'GJC000169',NULL,NULL,NULL,NULL,'mother','A',0),
	(170,158,159,NULL,'ORANYE','David','Ugochukwu',NULL,2,NULL,'male',NULL,'2010-06-01','-- Please Select --',NULL,NULL,NULL,NULL,NULL,NULL,NULL,NULL,NULL,NULL,NULL,NULL,'Boarder',NULL,NULL,NULL,NULL,NULL,NULL,NULL,'2022-11-11',0.00,NULL,NULL,NULL,NULL,NULL,NULL,NULL,NULL,'08107970801','oranye_000170@gonzagajesuit.org','active',NULL,NULL,NULL,NULL,NULL,'GJC000170',NULL,NULL,NULL,NULL,'mother','A',0),
	(171,160,161,NULL,'PASCHAL-OKOYE ','Golibechukwu','Clare',NULL,10,NULL,'female',NULL,'2011-01-01','-- Please Select --',NULL,NULL,NULL,NULL,NULL,NULL,NULL,NULL,NULL,NULL,NULL,NULL,'Boarder',NULL,NULL,NULL,NULL,NULL,NULL,NULL,'2022-11-11',0.00,NULL,NULL,NULL,NULL,NULL,NULL,NULL,NULL,'08107970801','paschal-okoye_000171@gonzagajesuit.org','active',NULL,NULL,NULL,NULL,NULL,'GJC000171',NULL,NULL,NULL,NULL,'mother','A',0),
	(172,0,0,NULL,'PASCHAL-OKOYE ','Jabachukwu','THEKLA',NULL,13,NULL,'female',NULL,'2012-04-24','-- Please Select --',NULL,NULL,NULL,NULL,NULL,NULL,NULL,NULL,NULL,NULL,NULL,NULL,'Boarder',NULL,NULL,NULL,NULL,NULL,NULL,NULL,'2022-11-11',0.00,NULL,NULL,NULL,NULL,NULL,NULL,NULL,NULL,'08107970801','paschal-okoye_000172@gonzagajesuit.org','active',NULL,NULL,NULL,NULL,NULL,'GJC000172',NULL,NULL,NULL,NULL,'mother','A',0),
	(173,162,163,NULL,'UBOZOR','Natalie','Chiamaka',NULL,2,NULL,'female',NULL,'2010-01-07','-- Please Select --',NULL,NULL,NULL,NULL,NULL,NULL,NULL,NULL,NULL,NULL,NULL,NULL,'Boarder',NULL,NULL,NULL,NULL,NULL,NULL,NULL,'2022-11-11',0.00,NULL,NULL,NULL,NULL,NULL,NULL,NULL,NULL,'08107970801','ubozor_000173@gonzagajesuit.org','active',NULL,NULL,NULL,NULL,NULL,'GJC000173',NULL,NULL,NULL,NULL,'mother','A',0),
	(174,164,165,NULL,'UBUNAMA','David','Tobechukwu',NULL,13,NULL,'male',NULL,'2011-10-05','-- Please Select --',NULL,NULL,NULL,NULL,NULL,NULL,NULL,NULL,NULL,NULL,NULL,NULL,'Boarder',NULL,NULL,NULL,NULL,NULL,NULL,NULL,'2022-11-11',0.00,NULL,NULL,NULL,NULL,NULL,NULL,NULL,NULL,'08107970801','ubunama_000174@gonzagajesuit.org','active',NULL,NULL,NULL,NULL,NULL,'GJC000174',NULL,NULL,NULL,NULL,'mother','A',0),
	(175,166,167,NULL,'UCHA','Chidubem ','Brian',NULL,13,NULL,'male',NULL,'2012-06-11','-- Please Select --',NULL,NULL,NULL,NULL,NULL,NULL,NULL,NULL,NULL,NULL,NULL,NULL,'Boarder',NULL,NULL,NULL,NULL,NULL,NULL,NULL,'2022-11-11',0.00,NULL,NULL,NULL,NULL,NULL,NULL,NULL,NULL,'08107970801','ucha_000175@gonzagajesuit.org','active',NULL,NULL,NULL,NULL,NULL,'GJC000175',NULL,NULL,NULL,NULL,'mother','A',0),
	(176,168,169,NULL,'UCHEJIGBO ','Emmanuella','Mmesomachukwu',NULL,13,NULL,'female',NULL,'2011-12-23','-- Please Select --',NULL,NULL,NULL,NULL,NULL,NULL,NULL,NULL,NULL,NULL,NULL,NULL,'Boarder',NULL,NULL,NULL,NULL,NULL,NULL,NULL,'2022-11-11',0.00,NULL,NULL,NULL,NULL,NULL,NULL,NULL,NULL,'08107970801','uchejigbo_000176@gonzagajesuit.org','active',NULL,NULL,NULL,NULL,NULL,'GJC000176',NULL,NULL,NULL,NULL,'mother','A',0),
	(177,170,171,NULL,'UDECHUKWU','Adimchukwunobi','Albert',NULL,11,NULL,'male',NULL,'2011-06-20','-- Please Select --',NULL,NULL,NULL,NULL,NULL,NULL,NULL,NULL,NULL,NULL,NULL,NULL,'Boarder',NULL,NULL,NULL,NULL,NULL,NULL,NULL,'2022-11-11',0.00,NULL,NULL,NULL,NULL,NULL,NULL,NULL,NULL,'08107970801','udechukwu_000177@gonzagajesuit.org','active',NULL,NULL,NULL,NULL,NULL,'GJC000177',NULL,NULL,NULL,NULL,'mother','A',0),
	(178,172,173,NULL,'UFOEZE ','Ikechukwu ','Michael ',NULL,10,NULL,'male',NULL,'2011-06-21','-- Please Select --',NULL,NULL,NULL,NULL,NULL,NULL,NULL,NULL,NULL,NULL,NULL,NULL,'Boarder',NULL,NULL,NULL,NULL,NULL,NULL,NULL,'2022-11-11',0.00,NULL,NULL,NULL,NULL,NULL,NULL,NULL,NULL,'08107970801','ufoeze_000178@gonzagajesuit.org','active',NULL,NULL,NULL,NULL,NULL,'GJC000178',NULL,NULL,NULL,NULL,'mother','A',0),
	(179,174,175,NULL,'UGORJI','Chinedu ','STEPHEN',NULL,10,NULL,'male',NULL,'2011-11-25','-- Please Select --',NULL,NULL,NULL,NULL,NULL,NULL,NULL,NULL,NULL,NULL,NULL,NULL,'Boarder',NULL,NULL,NULL,NULL,NULL,NULL,NULL,'2022-11-11',0.00,NULL,NULL,NULL,NULL,NULL,NULL,NULL,NULL,'08107970801','ugorji_000179@gonzagajesuit.org','active',NULL,NULL,NULL,NULL,NULL,'GJC000179',NULL,NULL,NULL,NULL,'mother','A',0),
	(180,176,177,NULL,'UGWU','Chidiogo','Joy',NULL,2,NULL,'female',NULL,'2012-10-01','-- Please Select --',NULL,NULL,NULL,NULL,NULL,NULL,NULL,NULL,NULL,NULL,NULL,NULL,'Boarder',NULL,NULL,NULL,NULL,NULL,NULL,NULL,'2022-11-11',0.00,NULL,NULL,NULL,NULL,NULL,NULL,NULL,NULL,'08107970801','ugwu_000180@gonzagajesuit.org','active',NULL,NULL,NULL,NULL,NULL,'GJC000180',NULL,NULL,NULL,NULL,'mother','A',0),
	(181,178,179,NULL,'UGWUMBA ','Chinwendu','Gabriella',NULL,2,NULL,'female',NULL,'2011-10-16','-- Please Select --',NULL,NULL,NULL,NULL,NULL,NULL,NULL,NULL,NULL,NULL,NULL,NULL,'Boarder',NULL,NULL,NULL,NULL,NULL,NULL,NULL,'2022-11-11',0.00,NULL,NULL,NULL,NULL,NULL,NULL,NULL,NULL,'08107970801','ugwumba_000181@gonzagajesuit.org','active',NULL,NULL,NULL,NULL,NULL,'GJC000181',NULL,NULL,NULL,NULL,'mother','A',0),
	(182,180,181,NULL,'UWEMEDIMO','Ivanna','Edino',NULL,13,NULL,'female',NULL,'2011-08-16','-- Please Select --',NULL,NULL,NULL,NULL,NULL,NULL,NULL,NULL,NULL,NULL,NULL,NULL,'Boarder',NULL,NULL,NULL,NULL,NULL,NULL,NULL,'2022-11-11',0.00,NULL,NULL,NULL,NULL,NULL,NULL,NULL,NULL,'08107970801','uwemedimo_000182@gonzagajesuit.org','active',NULL,NULL,NULL,NULL,NULL,'GJC000182',NULL,NULL,NULL,NULL,'mother','A',0),
	(183,182,183,NULL,'VICTOR-UKPONG','Jasmine ','Emediong ',NULL,8,NULL,'female',NULL,'2012-05-24',NULL,NULL,NULL,NULL,NULL,NULL,NULL,NULL,NULL,NULL,NULL,NULL,NULL,'Boarder',NULL,NULL,NULL,NULL,NULL,NULL,NULL,'2022-11-11',0.00,NULL,NULL,NULL,NULL,NULL,NULL,NULL,NULL,'08107970801','victor-ukpong_000183@gonzagajesuit.org','active',NULL,NULL,NULL,NULL,NULL,'GJC000183',NULL,NULL,NULL,NULL,'mother','A',0),
	(184,0,0,NULL,'VICTOR-UKPONG','Jasmine','Emediong',NULL,2,NULL,'female',NULL,'2012-05-24','-- Please Select --',NULL,NULL,NULL,NULL,NULL,NULL,NULL,NULL,NULL,NULL,NULL,NULL,'Boarder',NULL,NULL,NULL,NULL,NULL,NULL,NULL,'2022-12-01',0.00,NULL,NULL,NULL,NULL,NULL,NULL,NULL,NULL,'08064413161','victor-ukpong_000183@gonzagajesuit.org','active',NULL,NULL,NULL,NULL,NULL,'GJC000183',NULL,NULL,NULL,NULL,'mother','A',0),
	(185,327,0,'father','AMADI','Chiedozie','Samuel',NULL,1,NULL,'male','','1970-01-01','','','',NULL,NULL,NULL,NULL,NULL,NULL,NULL,NULL,NULL,NULL,'Day',NULL,NULL,NULL,NULL,NULL,NULL,'None','2023-10-18',0.00,'',NULL,NULL,NULL,NULL,NULL,NULL,NULL,'08107970801','amadi_000188@gonzagajesuit.org','active',NULL,NULL,NULL,NULL,NULL,'GJC000188',NULL,NULL,NULL,NULL,'mother','A',0),
	(186,328,0,'father','ANIONWU','Nwolisa','Michael',NULL,1,NULL,'male','','1970-01-01','','','',NULL,NULL,NULL,NULL,NULL,NULL,NULL,NULL,NULL,NULL,'Day',NULL,NULL,NULL,NULL,NULL,NULL,'None','2023-10-18',0.00,'',NULL,NULL,NULL,NULL,NULL,NULL,NULL,'08107970801','anionwu_000192@gonzagajesuit.org','active',NULL,NULL,NULL,NULL,NULL,'GJC000192',NULL,NULL,NULL,NULL,'mother','A',0),
	(187,329,0,'father','ARINZE','Chukwuzite','Evans',NULL,1,NULL,'male','','2010-03-13','','','',NULL,NULL,NULL,NULL,NULL,NULL,NULL,NULL,NULL,NULL,'Day',NULL,NULL,NULL,NULL,NULL,NULL,'None','2023-10-18',0.00,'',NULL,NULL,NULL,NULL,NULL,NULL,NULL,'08107970801','arinze_000194@gonzagajesuit.org','active',NULL,NULL,NULL,NULL,NULL,'GJC000194',NULL,NULL,NULL,NULL,'mother','A',0),
	(188,330,0,'father','CHIGBO','Chiwetalu','Collette',NULL,1,NULL,'female','','2004-05-12','','','',NULL,NULL,NULL,NULL,NULL,NULL,NULL,NULL,NULL,NULL,'Day',NULL,NULL,NULL,NULL,NULL,NULL,'None','2023-10-18',0.00,'',NULL,NULL,NULL,NULL,NULL,NULL,NULL,'08107970801','chigbo_000196@gonzagajesuit.org','active',NULL,NULL,NULL,NULL,NULL,'GJC000196',NULL,NULL,NULL,NULL,'mother','A',0),
	(189,331,0,'father','ECHESIOGU','Mmesoma','Epiphania',NULL,1,NULL,'female','','2001-06-13','','','',NULL,NULL,NULL,NULL,NULL,NULL,NULL,NULL,NULL,NULL,'Day',NULL,NULL,NULL,NULL,NULL,NULL,'None','2023-10-18',0.00,'',NULL,NULL,NULL,NULL,NULL,NULL,NULL,'08107970801','echesiogu_000199@gonzagajesuit.org','active',NULL,NULL,NULL,NULL,NULL,'GJC000199',NULL,NULL,NULL,NULL,'mother','A',0),
	(190,332,0,'father','EKWUNIFE','Remigius','Chinazom',NULL,1,NULL,'male','','1970-01-01','','','',NULL,NULL,NULL,NULL,NULL,NULL,NULL,NULL,NULL,NULL,'Day',NULL,NULL,NULL,NULL,NULL,NULL,'None','2023-10-18',0.00,'',NULL,NULL,NULL,NULL,NULL,NULL,NULL,'08107970801','ekwunife_000202@gonzagajesuit.org','active',NULL,NULL,NULL,NULL,NULL,'GJC000202',NULL,NULL,NULL,NULL,'mother','A',0),
	(191,333,0,'father','EZEBILO','Chimamanda','Angel',NULL,1,NULL,'female','','1970-01-01','','','',NULL,NULL,NULL,NULL,NULL,NULL,NULL,NULL,NULL,NULL,'Day',NULL,NULL,NULL,NULL,NULL,NULL,'None','2023-10-18',0.00,'',NULL,NULL,NULL,NULL,NULL,NULL,NULL,'08107970801','ezebilo_000205@gonzagajesuit.org','active',NULL,NULL,NULL,NULL,NULL,'GJC000205',NULL,NULL,NULL,NULL,'mother','A',0),
	(192,0,0,'father','IFEME','Obiomachukwuerika','Benedict',NULL,1,NULL,'male','','1970-01-01','','','',NULL,NULL,NULL,NULL,NULL,NULL,NULL,NULL,NULL,NULL,'Day',NULL,NULL,NULL,NULL,NULL,NULL,'None','2023-10-18',0.00,'',NULL,NULL,NULL,NULL,NULL,NULL,NULL,'08107970801','ifeme_000215@gonzagajesuit.org','active',NULL,NULL,NULL,NULL,NULL,'GJC000215',NULL,NULL,NULL,NULL,'mother','A',0),
	(193,334,0,'father','ILOABACHIE','Kamsiyochukwu','Chloe',NULL,1,NULL,'female','','2010-02-13','','','',NULL,NULL,NULL,NULL,NULL,NULL,NULL,NULL,NULL,NULL,'Day',NULL,NULL,NULL,NULL,NULL,NULL,'None','2023-10-18',0.00,'',NULL,NULL,NULL,NULL,NULL,NULL,NULL,'08107970801','iloabachie_000220@gonzagajesuit.org','active',NULL,NULL,NULL,NULL,NULL,'GJC000220',NULL,NULL,NULL,NULL,'mother','A',0),
	(194,0,0,'father','ISAAC-KAMALU','Dorbobarai',NULL,NULL,1,NULL,'female','','2007-10-13','','','',NULL,NULL,NULL,NULL,NULL,NULL,NULL,NULL,NULL,NULL,'Day',NULL,NULL,NULL,NULL,NULL,NULL,'None','2023-10-18',0.00,'',NULL,NULL,NULL,NULL,NULL,NULL,NULL,'08107970801','isaac-kamalu_000221@gonzagajesuit.org','active',NULL,NULL,NULL,NULL,NULL,'GJC000221',NULL,NULL,NULL,NULL,'mother','A',0),
	(195,335,0,'father','ISIKAKU','Sochimbuchi','Mikel',NULL,1,NULL,'male','','1970-01-01','','','',NULL,NULL,NULL,NULL,NULL,NULL,NULL,NULL,NULL,NULL,'Day',NULL,NULL,NULL,NULL,NULL,NULL,'None','2023-10-18',0.00,'',NULL,NULL,NULL,NULL,NULL,NULL,NULL,'08107970801','isikaku_000224@gonzagajesuit.org','active',NULL,NULL,NULL,NULL,NULL,'GJC000224',NULL,NULL,NULL,NULL,'mother','A',0),
	(196,336,0,'father','NNAM','Chimdalu','Chukwuemeka',NULL,1,NULL,'male','','1970-01-01','','','',NULL,NULL,NULL,NULL,NULL,NULL,NULL,NULL,NULL,NULL,'Day',NULL,NULL,NULL,NULL,NULL,NULL,'None','2023-10-18',0.00,'',NULL,NULL,NULL,NULL,NULL,NULL,NULL,'08107970801','nnam_000231@gonzagajesuit.org','active',NULL,NULL,NULL,NULL,NULL,'GJC000231',NULL,NULL,NULL,NULL,'mother','A',0),
	(197,0,0,'father','OBENE','Nazareene','Solate',NULL,1,NULL,'female','','1970-01-01','','','',NULL,NULL,NULL,NULL,NULL,NULL,NULL,NULL,NULL,NULL,'Day',NULL,NULL,NULL,NULL,NULL,NULL,'None','2023-10-18',0.00,'',NULL,NULL,NULL,NULL,NULL,NULL,NULL,'08107970801','obene_000234@gonzagajesuit.org','active',NULL,NULL,NULL,NULL,NULL,'GJC000234',NULL,NULL,NULL,NULL,'mother','A',0),
	(198,337,0,'father','OKON','Israelediomo-abasi','Okon',NULL,1,NULL,'male','','1970-01-01','','','',NULL,NULL,NULL,NULL,NULL,NULL,NULL,NULL,NULL,NULL,'Day',NULL,NULL,NULL,NULL,NULL,NULL,'None','2023-10-18',0.00,'',NULL,NULL,NULL,NULL,NULL,NULL,NULL,'08107970801','okon_000242@gonzagajesuit.org','active',NULL,NULL,NULL,NULL,NULL,'GJC000242',NULL,NULL,NULL,NULL,'mother','A',0),
	(199,0,0,'father','OKONKWO','Chimdalu','Ifenna',NULL,1,NULL,'male','','2011-05-12','','','',NULL,NULL,NULL,NULL,NULL,NULL,NULL,NULL,NULL,NULL,'Day',NULL,NULL,NULL,NULL,NULL,NULL,'None','2023-10-18',0.00,'',NULL,NULL,NULL,NULL,NULL,NULL,NULL,'08107970801','okonkwo_000243@gonzagajesuit.org','active',NULL,NULL,NULL,NULL,NULL,'GJC000243',NULL,NULL,NULL,NULL,'mother','A',0),
	(200,0,0,'father','OKONKWO','Chisom','Collete',NULL,1,NULL,'female','','1970-01-01','','','',NULL,NULL,NULL,NULL,NULL,NULL,NULL,NULL,NULL,NULL,'Day',NULL,NULL,NULL,NULL,NULL,NULL,'None','2023-10-18',0.00,'',NULL,NULL,NULL,NULL,NULL,NULL,NULL,'08107970801','okonkwo_000244@gonzagajesuit.org','active',NULL,NULL,NULL,NULL,NULL,'GJC000244',NULL,NULL,NULL,NULL,'mother','A',0),
	(201,338,0,'father','ONYEKA','Johnpaul','Kenechukwu',NULL,1,NULL,'male','','1970-01-01','','','',NULL,NULL,NULL,NULL,NULL,NULL,NULL,NULL,NULL,NULL,'Day',NULL,NULL,NULL,NULL,NULL,NULL,'None','2023-10-18',0.00,'',NULL,NULL,NULL,NULL,NULL,NULL,NULL,'08107970801','onyeka_000251@gonzagajesuit.org','active',NULL,NULL,NULL,NULL,NULL,'GJC000251',NULL,NULL,NULL,NULL,'mother','A',0),
	(202,339,0,'father','OSAKWE','Kamsiyochi','Audrey',NULL,1,NULL,'female','','1970-01-01','','','',NULL,NULL,NULL,NULL,NULL,NULL,NULL,NULL,NULL,NULL,'Day',NULL,NULL,NULL,NULL,NULL,NULL,'None','2023-10-18',0.00,'',NULL,NULL,NULL,NULL,NULL,NULL,NULL,'08107970801','osakwe_000252@gonzagajesuit.org','active',NULL,NULL,NULL,NULL,NULL,'GJC000252',NULL,NULL,NULL,NULL,'mother','A',0),
	(203,0,0,'father','UCHEJIGBO','Mirabel','Chisom',NULL,1,NULL,'female','','2006-09-13','','','',NULL,NULL,NULL,NULL,NULL,NULL,NULL,NULL,NULL,NULL,'Day',NULL,NULL,NULL,NULL,NULL,NULL,'None','2023-10-18',0.00,'',NULL,NULL,NULL,NULL,NULL,NULL,NULL,'08107970801','uchejigbo_000257@gonzagajesuit.org','active',NULL,NULL,NULL,NULL,NULL,'GJC000257',NULL,NULL,NULL,NULL,'mother','A',0),
	(204,340,0,'father','UDE','SamuelJude','Sochikamji',NULL,1,NULL,'male','','2003-03-12','','','',NULL,NULL,NULL,NULL,NULL,NULL,NULL,NULL,NULL,NULL,'Day',NULL,NULL,NULL,NULL,NULL,NULL,'None','2023-10-18',0.00,'',NULL,NULL,NULL,NULL,NULL,NULL,NULL,'08107970801','ude_000258@gonzagajesuit.org','active',NULL,NULL,NULL,NULL,NULL,'GJC000258',NULL,NULL,NULL,NULL,'mother','A',0),
	(205,0,0,'father','AMADI','Ashley','Nesochi',NULL,7,NULL,'female','','1970-01-01','','','',NULL,NULL,NULL,NULL,NULL,NULL,NULL,NULL,NULL,NULL,'Day',NULL,NULL,NULL,NULL,NULL,NULL,'None','2023-10-18',0.00,'',NULL,NULL,NULL,NULL,NULL,NULL,NULL,'08107970801','amadi_000189@gonzagajesuit.org','active',NULL,NULL,NULL,NULL,NULL,'GJC000189',NULL,NULL,NULL,NULL,'mother','A',0),
	(206,341,0,'father','ANYIKA','Kosarachi','Precious',NULL,7,NULL,'female','','2005-04-11','','','',NULL,NULL,NULL,NULL,NULL,NULL,NULL,NULL,NULL,NULL,'Day',NULL,NULL,NULL,NULL,NULL,NULL,'None','2023-10-18',0.00,'',NULL,NULL,NULL,NULL,NULL,NULL,NULL,'08107970801','anyika_000193@gonzagajesuit.org','active',NULL,NULL,NULL,NULL,NULL,'GJC000193',NULL,NULL,NULL,NULL,'mother','A',0),
	(207,0,0,'father','CHIDI-EJEM','Mmesomachukwu','Eugenia',NULL,7,NULL,'female','','1970-01-01','','','',NULL,NULL,NULL,NULL,NULL,NULL,NULL,NULL,NULL,NULL,'Day',NULL,NULL,NULL,NULL,NULL,NULL,'None','2023-10-18',0.00,'',NULL,NULL,NULL,NULL,NULL,NULL,NULL,'08107970801','chidi-ejem_000195@gonzagajesuit.org','active',NULL,NULL,NULL,NULL,NULL,'GJC000195',NULL,NULL,NULL,NULL,'mother','A',0),
	(208,342,0,'father','EZEKWERE','Anulichukwuka','Michelle',NULL,7,NULL,'female','','2001-03-12','','','',NULL,NULL,NULL,NULL,NULL,NULL,NULL,NULL,NULL,NULL,'Day',NULL,NULL,NULL,NULL,NULL,NULL,'None','2023-10-18',0.00,'',NULL,NULL,NULL,NULL,NULL,NULL,NULL,'08107970801','ezekwere_000207@gonzagajesuit.org','active',NULL,NULL,NULL,NULL,NULL,'GJC000207',NULL,NULL,NULL,NULL,'mother','A',0),
	(209,343,0,'father','EZEOBI','Amarachukwu','Cynthia',NULL,7,NULL,'female','','1970-01-01','','','',NULL,NULL,NULL,NULL,NULL,NULL,NULL,NULL,NULL,NULL,'Day',NULL,NULL,NULL,NULL,NULL,NULL,'None','2023-10-18',0.00,'',NULL,NULL,NULL,NULL,NULL,NULL,NULL,'08107970801','ezeobi_000209@gonzagajesuit.org','active',NULL,NULL,NULL,NULL,NULL,'GJC000209',NULL,NULL,NULL,NULL,'mother','A',0),
	(210,344,0,'father','IFEDI','Nkechukwu','Blessing',NULL,7,NULL,'female','','2001-10-12','','','',NULL,NULL,NULL,NULL,NULL,NULL,NULL,NULL,NULL,NULL,'Day',NULL,NULL,NULL,NULL,NULL,NULL,'None','2023-10-18',0.00,'',NULL,NULL,NULL,NULL,NULL,NULL,NULL,'08107970801','ifedi_000214@gonzagajesuit.org','active',NULL,NULL,NULL,NULL,NULL,'GJC000214',NULL,NULL,NULL,NULL,'mother','A',0),
	(211,345,0,'father','IFESIE','Chinedu','Boniface',NULL,7,NULL,'male','','2010-11-12','','','',NULL,NULL,NULL,NULL,NULL,NULL,NULL,NULL,NULL,NULL,'Day',NULL,NULL,NULL,NULL,NULL,NULL,'None','2023-10-18',0.00,'',NULL,NULL,NULL,NULL,NULL,NULL,NULL,'08107970801','ifesie_000216@gonzagajesuit.org','active',NULL,NULL,NULL,NULL,NULL,'GJC000216',NULL,NULL,NULL,NULL,'mother','A',0),
	(212,346,0,'father','IGWE','Somtochukwu','Richard',NULL,7,NULL,'male','','2010-07-11','','','',NULL,NULL,NULL,NULL,NULL,NULL,NULL,NULL,NULL,NULL,'Day',NULL,NULL,NULL,NULL,NULL,NULL,'None','2023-10-18',0.00,'',NULL,NULL,NULL,NULL,NULL,NULL,NULL,'08107970801','igwe_000217@gonzagajesuit.org','active',NULL,NULL,NULL,NULL,NULL,'GJC000217',NULL,NULL,NULL,NULL,'mother','A',0),
	(213,0,0,'father','ISAAC-KAMALU','Osila',NULL,NULL,7,NULL,'female','','1970-01-01','','','',NULL,NULL,NULL,NULL,NULL,NULL,NULL,NULL,NULL,NULL,'Day',NULL,NULL,NULL,NULL,NULL,NULL,'None','2023-10-18',0.00,'',NULL,NULL,NULL,NULL,NULL,NULL,NULL,'08107970801','isaac-kamalu_000223@gonzagajesuit.org','active',NULL,NULL,NULL,NULL,NULL,'GJC000223',NULL,NULL,NULL,NULL,'mother','A',0),
	(214,347,0,'father','MGBODILLE','Zikora','Jason',NULL,7,NULL,'male','','1970-01-01','','','',NULL,NULL,NULL,NULL,NULL,NULL,NULL,NULL,NULL,NULL,'Day',NULL,NULL,NULL,NULL,NULL,NULL,'None','2023-10-18',0.00,'',NULL,NULL,NULL,NULL,NULL,NULL,NULL,'08107970801','mgbodille_000227@gonzagajesuit.org','active',NULL,NULL,NULL,NULL,NULL,'GJC000227',NULL,NULL,NULL,NULL,'mother','A',0),
	(215,348,0,'father','NJOKU','Chukwuma','Emmanuel',NULL,7,NULL,'male','','2010-01-12','','','',NULL,NULL,NULL,NULL,NULL,NULL,NULL,NULL,NULL,NULL,'Day',NULL,NULL,NULL,NULL,NULL,NULL,'None','2023-10-18',0.00,'',NULL,NULL,NULL,NULL,NULL,NULL,NULL,'08107970801','njoku_000228@gonzagajesuit.org','active',NULL,NULL,NULL,NULL,NULL,'GJC000228',NULL,NULL,NULL,NULL,'mother','A',0),
	(216,349,0,'father','OBIRIJA','Chimamanda','Jasmine',NULL,7,NULL,'female','','2006-06-12','','','',NULL,NULL,NULL,NULL,NULL,NULL,NULL,NULL,NULL,NULL,'Day',NULL,NULL,NULL,NULL,NULL,NULL,'None','2023-10-18',0.00,'',NULL,NULL,NULL,NULL,NULL,NULL,NULL,'08107970801','obirija_000235@gonzagajesuit.org','active',NULL,NULL,NULL,NULL,NULL,'GJC000235',NULL,NULL,NULL,NULL,'mother','A',0),
	(217,0,0,'father','OBU','Chidiomimi','Favour',NULL,7,NULL,'male','','1970-01-01','','','',NULL,NULL,NULL,NULL,NULL,NULL,NULL,NULL,NULL,NULL,'Day',NULL,NULL,NULL,NULL,NULL,NULL,'None','2023-10-18',0.00,'',NULL,NULL,NULL,NULL,NULL,NULL,NULL,'08107970801','obu_000236@gonzagajesuit.org','active',NULL,NULL,NULL,NULL,NULL,'GJC000236',NULL,NULL,NULL,NULL,'mother','A',0),
	(218,350,0,'father','ODAH','Kosisochukwu','Michael',NULL,7,NULL,'male','','1970-01-01','','','',NULL,NULL,NULL,NULL,NULL,NULL,NULL,NULL,NULL,NULL,'Day',NULL,NULL,NULL,NULL,NULL,NULL,'None','2023-10-18',0.00,'',NULL,NULL,NULL,NULL,NULL,NULL,NULL,'08107970801','odah_000237@gonzagajesuit.org','active',NULL,NULL,NULL,NULL,NULL,'GJC000237',NULL,NULL,NULL,NULL,'mother','A',0),
	(219,351,0,'father','ONYEANUSI','Odinakachukwu','Jessica',NULL,7,NULL,'female','','1970-01-01','','','',NULL,NULL,NULL,NULL,NULL,NULL,NULL,NULL,NULL,NULL,'Day',NULL,NULL,NULL,NULL,NULL,NULL,'None','2023-10-18',0.00,'',NULL,NULL,NULL,NULL,NULL,NULL,NULL,'08107970801','onyeanusi_000249@gonzagajesuit.org','active',NULL,NULL,NULL,NULL,NULL,'GJC000249',NULL,NULL,NULL,NULL,'mother','A',0),
	(220,352,0,'father','TABANSI','Kanenechukwu','Alvin',NULL,7,NULL,'male','','1970-01-01','','','',NULL,NULL,NULL,NULL,NULL,NULL,NULL,NULL,NULL,NULL,'Day',NULL,NULL,NULL,NULL,NULL,NULL,'None','2023-10-18',0.00,'',NULL,NULL,NULL,NULL,NULL,NULL,NULL,'08107970801','tabansi_000255@gonzagajesuit.org','active',NULL,NULL,NULL,NULL,NULL,'GJC000255',NULL,NULL,NULL,NULL,'mother','A',0),
	(221,353,0,'father','UDEH','Chukwunonso','Hamilton',NULL,7,NULL,'male','','1970-01-01','','','',NULL,NULL,NULL,NULL,NULL,NULL,NULL,NULL,NULL,NULL,'Day',NULL,NULL,NULL,NULL,NULL,NULL,'None','2023-10-18',0.00,'',NULL,NULL,NULL,NULL,NULL,NULL,NULL,'08107970801','udeh_000259@gonzagajesuit.org','active',NULL,NULL,NULL,NULL,NULL,'GJC000259',NULL,NULL,NULL,NULL,'mother','A',0),
	(222,0,0,'father','UMEBIDO','Kenechukwu','Maximillian',NULL,7,NULL,'male','','1970-01-01','','','',NULL,NULL,NULL,NULL,NULL,NULL,NULL,NULL,NULL,NULL,'Day',NULL,NULL,NULL,NULL,NULL,NULL,'None','2023-10-18',0.00,'',NULL,NULL,NULL,NULL,NULL,NULL,NULL,'08107970801','umebido_000260@gonzagajesuit.org','active',NULL,NULL,NULL,NULL,NULL,'GJC000260',NULL,NULL,NULL,NULL,'mother','A',0),
	(223,354,0,'father','UMEONUSULU','Chinwike','Maurice',NULL,7,NULL,'male','','2010-01-12','','','',NULL,NULL,NULL,NULL,NULL,NULL,NULL,NULL,NULL,NULL,'Day',NULL,NULL,NULL,NULL,NULL,NULL,'None','2023-10-18',0.00,'',NULL,NULL,NULL,NULL,NULL,NULL,NULL,'08107970801','umeonusulu_000261@gonzagajesuit.org','active',NULL,NULL,NULL,NULL,NULL,'GJC000261',NULL,NULL,NULL,NULL,'mother','A',0),
	(224,355,0,'father','UZOZIE','Onyekachi','Derek',NULL,7,NULL,'male','','2003-12-11','','','',NULL,NULL,NULL,NULL,NULL,NULL,NULL,NULL,NULL,NULL,'Day',NULL,NULL,NULL,NULL,NULL,NULL,'None','2023-10-18',0.00,'',NULL,NULL,NULL,NULL,NULL,NULL,NULL,'08107970801','uzozie_000264@gonzagajesuit.org','active',NULL,NULL,NULL,NULL,NULL,'GJC000264',NULL,NULL,NULL,NULL,'mother','A',0),
	(225,356,0,'father','AKANI','Kamtochukwu','Kester',NULL,8,NULL,'male','','1970-01-01','','','',NULL,NULL,NULL,NULL,NULL,NULL,NULL,NULL,NULL,NULL,'Day',NULL,NULL,NULL,NULL,NULL,NULL,'None','2023-10-18',0.00,'',NULL,NULL,NULL,NULL,NULL,NULL,NULL,'08107970801','akani_000187@gonzagajesuit.org','active',NULL,NULL,NULL,NULL,NULL,'GJC000187',NULL,NULL,NULL,NULL,'mother','A',0),
	(226,357,0,'father','CHUKWU','Doreen','Chimkamara',NULL,8,NULL,'female','','1970-01-01','','','',NULL,NULL,NULL,NULL,NULL,NULL,NULL,NULL,NULL,NULL,'Day',NULL,NULL,NULL,NULL,NULL,NULL,'None','2023-10-18',0.00,'',NULL,NULL,NULL,NULL,NULL,NULL,NULL,'08107970801','chukwu_000197@gonzagajesuit.org','active',NULL,NULL,NULL,NULL,NULL,'GJC000197',NULL,NULL,NULL,NULL,'mother','A',0),
	(227,358,0,'father','CHUKWUDI-AGUJIOBI','Naetochukwu','Chukwudi',NULL,8,NULL,'male','','1970-01-01','','','',NULL,NULL,NULL,NULL,NULL,NULL,NULL,NULL,NULL,NULL,'Day',NULL,NULL,NULL,NULL,NULL,NULL,'None','2023-10-18',0.00,'',NULL,NULL,NULL,NULL,NULL,NULL,NULL,'08107970801','chukwudi-agujiobi_000198@gonzagajesuit.org','active',NULL,NULL,NULL,NULL,NULL,'GJC000198',NULL,NULL,NULL,NULL,'mother','A',0),
	(228,359,0,'father','EGBUCIEM','Mcjohnson','Uzochukwu',NULL,8,NULL,'male','','1970-01-01','','','',NULL,NULL,NULL,NULL,NULL,NULL,NULL,NULL,NULL,NULL,'Day',NULL,NULL,NULL,NULL,NULL,NULL,'None','2023-10-18',0.00,'',NULL,NULL,NULL,NULL,NULL,NULL,NULL,'08107970801','egbuciem_000200@gonzagajesuit.org','active',NULL,NULL,NULL,NULL,NULL,'GJC000200',NULL,NULL,NULL,NULL,'mother','A',0),
	(229,0,0,'father','ELELEGU','Ugochi','Thelma',NULL,8,NULL,'female','','1970-01-01','','','',NULL,NULL,NULL,NULL,NULL,NULL,NULL,NULL,NULL,NULL,'Day',NULL,NULL,NULL,NULL,NULL,NULL,'None','2023-10-18',0.00,'',NULL,NULL,NULL,NULL,NULL,NULL,NULL,'08107970801','elelegu_000203@gonzagajesuit.org','active',NULL,NULL,NULL,NULL,NULL,'GJC000203',NULL,NULL,NULL,NULL,'mother','A',0),
	(230,360,0,'father','EZECHI','Jessica','Dessia',NULL,8,NULL,'female','','1970-01-01','','','',NULL,NULL,NULL,NULL,NULL,NULL,NULL,NULL,NULL,NULL,'Day',NULL,NULL,NULL,NULL,NULL,NULL,'None','2023-10-18',0.00,'',NULL,NULL,NULL,NULL,NULL,NULL,NULL,'08107970801','ezechi_000206@gonzagajesuit.org','active',NULL,NULL,NULL,NULL,NULL,'GJC000206',NULL,NULL,NULL,NULL,'mother','A',0),
	(231,361,0,'father','EZEMBA','Chibuikem','Daniel',NULL,8,NULL,'male','','1970-01-01','','','',NULL,NULL,NULL,NULL,NULL,NULL,NULL,NULL,NULL,NULL,'Day',NULL,NULL,NULL,NULL,NULL,NULL,'None','2023-10-18',0.00,'',NULL,NULL,NULL,NULL,NULL,NULL,NULL,'08107970801','ezemba_000208@gonzagajesuit.org','active',NULL,NULL,NULL,NULL,NULL,'GJC000208',NULL,NULL,NULL,NULL,'mother','A',0),
	(232,362,0,'father','EZEUDOGU','Chukwuebuka','Henry',NULL,8,NULL,'male','','1970-01-01','','','',NULL,NULL,NULL,NULL,NULL,NULL,NULL,NULL,NULL,NULL,'Day',NULL,NULL,NULL,NULL,NULL,NULL,'None','2023-10-18',0.00,'',NULL,NULL,NULL,NULL,NULL,NULL,NULL,'08107970801','ezeudogu_000211@gonzagajesuit.org','active',NULL,NULL,NULL,NULL,NULL,'GJC000211',NULL,NULL,NULL,NULL,'mother','A',0),
	(233,0,0,'father','IDAHOSA','Iyobosa','Joseph',NULL,8,NULL,'male','','1970-01-01','','','',NULL,NULL,NULL,NULL,NULL,NULL,NULL,NULL,NULL,NULL,'Day',NULL,NULL,NULL,NULL,NULL,NULL,'None','2023-10-18',0.00,'',NULL,NULL,NULL,NULL,NULL,NULL,NULL,'08107970801','idahosa_000213@gonzagajesuit.org','active',NULL,NULL,NULL,NULL,NULL,'GJC000213',NULL,NULL,NULL,NULL,'mother','A',0),
	(234,0,0,'father','IGWE','Joshua','Ebubechukwu',NULL,8,NULL,'male','','2010-02-13','','','',NULL,NULL,NULL,NULL,NULL,NULL,NULL,NULL,NULL,NULL,'Day',NULL,NULL,NULL,NULL,NULL,NULL,'None','2023-10-18',0.00,'',NULL,NULL,NULL,NULL,NULL,NULL,NULL,'08107970801','igwe_000218@gonzagajesuit.org','active',NULL,NULL,NULL,NULL,NULL,'GJC000218',NULL,NULL,NULL,NULL,'mother','A',0),
	(235,0,0,'father','ISAAC-KAMALU','Agora',NULL,NULL,8,NULL,'male','','2007-10-13','','','',NULL,NULL,NULL,NULL,NULL,NULL,NULL,NULL,NULL,NULL,'Day',NULL,NULL,NULL,NULL,NULL,NULL,'None','2023-10-18',0.00,'',NULL,NULL,NULL,NULL,NULL,NULL,NULL,'08107970801','isaac-kamalu_000222@gonzagajesuit.org','active',NULL,NULL,NULL,NULL,NULL,'GJC000222',NULL,NULL,NULL,NULL,'mother','A',0),
	(236,363,0,'father','JAMES','Adannaya','Gloria',NULL,8,NULL,'female','','2011-06-13','','','',NULL,NULL,NULL,NULL,NULL,NULL,NULL,NULL,NULL,NULL,'Day',NULL,NULL,NULL,NULL,NULL,NULL,'None','2023-10-18',0.00,'',NULL,NULL,NULL,NULL,NULL,NULL,NULL,'08107970801','james_000225@gonzagajesuit.org','active',NULL,NULL,NULL,NULL,NULL,'GJC000225',NULL,NULL,NULL,NULL,'mother','A',0),
	(237,364,0,'father','NUEL-ENEH','Ifechi','Joy',NULL,8,NULL,'female','','1970-01-01','','','',NULL,NULL,NULL,NULL,NULL,NULL,NULL,NULL,NULL,NULL,'Day',NULL,NULL,NULL,NULL,NULL,NULL,'None','2023-10-18',0.00,'',NULL,NULL,NULL,NULL,NULL,NULL,NULL,'08107970801','nuel-eneh_000232@gonzagajesuit.org','active',NULL,NULL,NULL,NULL,NULL,'GJC000232',NULL,NULL,NULL,NULL,'mother','A',0),
	(238,0,0,'father','NWADIKE','Udochukwu','Bryan',NULL,8,NULL,'male','','1970-01-01','','','',NULL,NULL,NULL,NULL,NULL,NULL,NULL,NULL,NULL,NULL,'Day',NULL,NULL,NULL,NULL,NULL,NULL,'None','2023-10-18',0.00,'',NULL,NULL,NULL,NULL,NULL,NULL,NULL,'08107970801','nwadike_000233@gonzagajesuit.org','active',NULL,NULL,NULL,NULL,NULL,'GJC000233',NULL,NULL,NULL,NULL,'mother','A',0),
	(239,365,0,'father','OKEKE','Uluchukwubalum','David',NULL,8,NULL,'male','','1970-01-01','','','',NULL,NULL,NULL,NULL,NULL,NULL,NULL,NULL,NULL,NULL,'Day',NULL,NULL,NULL,NULL,NULL,NULL,'None','2023-10-18',0.00,'',NULL,NULL,NULL,NULL,NULL,NULL,NULL,'08107970801','okeke_000239@gonzagajesuit.org','active',NULL,NULL,NULL,NULL,NULL,'GJC000239',NULL,NULL,NULL,NULL,'mother','A',0),
	(240,366,0,'father','OKEZIE','Gift','Uchechukwu',NULL,8,NULL,'female','','2003-05-10','','','',NULL,NULL,NULL,NULL,NULL,NULL,NULL,NULL,NULL,NULL,'Day',NULL,NULL,NULL,NULL,NULL,NULL,'None','2023-10-18',0.00,'',NULL,NULL,NULL,NULL,NULL,NULL,NULL,'08107970801','okezie_000241@gonzagajesuit.org','active',NULL,NULL,NULL,NULL,NULL,'GJC000241',NULL,NULL,NULL,NULL,'mother','A',0),
	(241,0,0,'father','ONWUMERE','Kenechukwu','Josephine',NULL,8,NULL,'female','','1970-01-01','','','',NULL,NULL,NULL,NULL,NULL,NULL,NULL,NULL,NULL,NULL,'Day',NULL,NULL,NULL,NULL,NULL,NULL,'None','2023-10-18',0.00,'',NULL,NULL,NULL,NULL,NULL,NULL,NULL,'08107970801','onwumere_000247@gonzagajesuit.org','active',NULL,NULL,NULL,NULL,NULL,'GJC000247',NULL,NULL,NULL,NULL,'mother','A',0),
	(242,367,0,'father','ONYEGBULE','Nwachinemere','John Jnr',NULL,8,NULL,'male','','1970-01-01','','','',NULL,NULL,NULL,NULL,NULL,NULL,NULL,NULL,NULL,NULL,'Day',NULL,NULL,NULL,NULL,NULL,NULL,'None','2023-10-18',0.00,'',NULL,NULL,NULL,NULL,NULL,NULL,NULL,'08107970801','onyegbule_000250@gonzagajesuit.org','active',NULL,NULL,NULL,NULL,NULL,'GJC000250',NULL,NULL,NULL,NULL,'mother','A',0),
	(243,368,0,'father','RICHARD-OBIOHA','Odinakachukwu','Edith',NULL,8,NULL,'female','','1970-01-01','','','',NULL,NULL,NULL,NULL,NULL,NULL,NULL,NULL,NULL,NULL,'Day',NULL,NULL,NULL,NULL,NULL,NULL,'None','2023-10-18',0.00,'',NULL,NULL,NULL,NULL,NULL,NULL,NULL,'08107970801','richard-obioha_000254@gonzagajesuit.org','active',NULL,NULL,NULL,NULL,NULL,'GJC000254',NULL,NULL,NULL,NULL,'mother','A',0),
	(244,0,0,'father','AGBASIERE','Sunshine','Chizimuzo, Chizulum, Eliora, Anne',NULL,9,NULL,'female','','1970-01-01','','','',NULL,NULL,NULL,NULL,NULL,NULL,NULL,NULL,NULL,NULL,'Day',NULL,NULL,NULL,NULL,NULL,NULL,'None','2023-10-18',0.00,'',NULL,NULL,NULL,NULL,NULL,NULL,NULL,'08107970801','agbasiere_000184@gonzagajesuit.org','active',NULL,NULL,NULL,NULL,NULL,'GJC000184',NULL,NULL,NULL,NULL,'mother','A',0),
	(245,0,0,'father','AJAMMA','Chukwuzaram','Mario',NULL,9,NULL,'male','','1970-01-01','','','',NULL,NULL,NULL,NULL,NULL,NULL,NULL,NULL,NULL,NULL,'Day',NULL,NULL,NULL,NULL,NULL,NULL,'None','2023-10-18',0.00,'',NULL,NULL,NULL,NULL,NULL,NULL,NULL,'08107970801','ajamma_000185@gonzagajesuit.org','active',NULL,NULL,NULL,NULL,NULL,'GJC000185',NULL,NULL,NULL,NULL,'mother','A',0),
	(246,0,0,'father','AJIRI-UWUSEBA','Okeoghene','Raphael',NULL,9,NULL,'male','','2010-03-12','','','',NULL,NULL,NULL,NULL,NULL,NULL,NULL,NULL,NULL,NULL,'Day',NULL,NULL,NULL,NULL,NULL,NULL,'None','2023-10-18',0.00,'',NULL,NULL,NULL,NULL,NULL,NULL,NULL,'08107970801','ajiri-uwuseba_000186@gonzagajesuit.org','active',NULL,NULL,NULL,NULL,NULL,'GJC000186',NULL,NULL,NULL,NULL,'mother','A',0),
	(247,369,0,'father','ANEKWE','Chiamamda','Rose',NULL,9,NULL,'female','','1970-01-01','','','',NULL,NULL,NULL,NULL,NULL,NULL,NULL,NULL,NULL,NULL,'Day',NULL,NULL,NULL,NULL,NULL,NULL,'None','2023-10-18',0.00,'',NULL,NULL,NULL,NULL,NULL,NULL,NULL,'08107970801','anekwe_000191@gonzagajesuit.org','active',NULL,NULL,NULL,NULL,NULL,'GJC000191',NULL,NULL,NULL,NULL,'mother','A',0),
	(248,370,0,'father','EJIKE-OJOBOR','Dubem','Curtis',NULL,9,NULL,'male','','1970-01-01','','','',NULL,NULL,NULL,NULL,NULL,NULL,NULL,NULL,NULL,NULL,'Day',NULL,NULL,NULL,NULL,NULL,NULL,'None','2023-10-18',0.00,'',NULL,NULL,NULL,NULL,NULL,NULL,NULL,'08107970801','ejike-ojobor_000201@gonzagajesuit.org','active',NULL,NULL,NULL,NULL,NULL,'GJC000201',NULL,NULL,NULL,NULL,'mother','A',0),
	(249,371,0,'father','ENUKORA','Zimuzo','Valerie',NULL,9,NULL,'female','','1970-01-01','','','',NULL,NULL,NULL,NULL,NULL,NULL,NULL,NULL,NULL,NULL,'Day',NULL,NULL,NULL,NULL,NULL,NULL,'None','2023-10-18',0.00,'',NULL,NULL,NULL,NULL,NULL,NULL,NULL,'08107970801','enukora_000204@gonzagajesuit.org','active',NULL,NULL,NULL,NULL,NULL,'GJC000204',NULL,NULL,NULL,NULL,'mother','A',0),
	(250,372,0,'father','EZERIBE','Onyedikachukwu','Johnbosco',NULL,9,NULL,'male','','1970-01-01','','','',NULL,NULL,NULL,NULL,NULL,NULL,NULL,NULL,NULL,NULL,'Day',NULL,NULL,NULL,NULL,NULL,NULL,'None','2023-10-18',0.00,'',NULL,NULL,NULL,NULL,NULL,NULL,NULL,'08107970801','ezeribe_000210@gonzagajesuit.org','active',NULL,NULL,NULL,NULL,NULL,'GJC000210',NULL,NULL,NULL,NULL,'mother','A',0),
	(251,373,0,'father','IBEKWE','Ogechukwu','Fredrick',NULL,9,NULL,'male','','1970-01-01','','','',NULL,NULL,NULL,NULL,NULL,NULL,NULL,NULL,NULL,NULL,'Day',NULL,NULL,NULL,NULL,NULL,NULL,'None','2023-10-18',0.00,'',NULL,NULL,NULL,NULL,NULL,NULL,NULL,'08107970801','ibekwe_000212@gonzagajesuit.org','active',NULL,NULL,NULL,NULL,NULL,'GJC000212',NULL,NULL,NULL,NULL,'mother','A',0),
	(252,0,0,'father','IKE','Chimbusomma','Favour, Christabel',NULL,9,NULL,'female','','1970-01-01','','','',NULL,NULL,NULL,NULL,NULL,NULL,NULL,NULL,NULL,NULL,'Day',NULL,NULL,NULL,NULL,NULL,NULL,'None','2023-10-18',0.00,'',NULL,NULL,NULL,NULL,NULL,NULL,NULL,'08107970801','ike_000219@gonzagajesuit.org','active',NULL,NULL,NULL,NULL,NULL,'GJC000219',NULL,NULL,NULL,NULL,'mother','A',0),
	(253,374,0,'father','NNABUKO','Charles','Chinemeze',NULL,9,NULL,'male','','1970-01-01','','','',NULL,NULL,NULL,NULL,NULL,NULL,NULL,NULL,NULL,NULL,'Day',NULL,NULL,NULL,NULL,NULL,NULL,'None','2023-10-18',0.00,'',NULL,NULL,NULL,NULL,NULL,NULL,NULL,'08107970801','nnabuko_000229@gonzagajesuit.org','active',NULL,NULL,NULL,NULL,NULL,'GJC000229',NULL,NULL,NULL,NULL,'mother','A',0),
	(254,375,0,'father','NNAEKULIE','Somtochukwu','Anaya',NULL,9,NULL,'male','','1970-01-01','','','',NULL,NULL,NULL,NULL,NULL,NULL,NULL,NULL,NULL,NULL,'Day',NULL,NULL,NULL,NULL,NULL,NULL,'None','2023-10-18',0.00,'',NULL,NULL,NULL,NULL,NULL,NULL,NULL,'08107970801','nnaekulie_000230@gonzagajesuit.org','active',NULL,NULL,NULL,NULL,NULL,'GJC000230',NULL,NULL,NULL,NULL,'mother','A',0),
	(255,376,0,'father','ODIMEGWU','Daisy','Ihuoma',NULL,9,NULL,'female','','1970-01-01','','','',NULL,NULL,NULL,NULL,NULL,NULL,NULL,NULL,NULL,NULL,'Day',NULL,NULL,NULL,NULL,NULL,NULL,'None','2023-10-18',0.00,'',NULL,NULL,NULL,NULL,NULL,NULL,NULL,'08107970801','odimegwu_000238@gonzagajesuit.org','active',NULL,NULL,NULL,NULL,NULL,'GJC000238',NULL,NULL,NULL,NULL,'mother','A',0),
	(256,0,0,'father','OKEKE','Chimuanya','Wisdom, Chuks',NULL,9,NULL,'male','','2003-10-13','','','',NULL,NULL,NULL,NULL,NULL,NULL,NULL,NULL,NULL,NULL,'Day',NULL,NULL,NULL,NULL,NULL,NULL,'None','2023-10-18',0.00,'',NULL,NULL,NULL,NULL,NULL,NULL,NULL,'08107970801','okeke_000240@gonzagajesuit.org','active',NULL,NULL,NULL,NULL,NULL,'GJC000240',NULL,NULL,NULL,NULL,'mother','A',0),
	(257,377,0,'father','ONUOHA','Uriel','Kechika',NULL,9,NULL,'female','','1970-01-01','','','',NULL,NULL,NULL,NULL,NULL,NULL,NULL,NULL,NULL,NULL,'Day',NULL,NULL,NULL,NULL,NULL,NULL,'None','2023-10-18',0.00,'',NULL,NULL,NULL,NULL,NULL,NULL,NULL,'08107970801','onuoha_000245@gonzagajesuit.org','active',NULL,NULL,NULL,NULL,NULL,'GJC000245',NULL,NULL,NULL,NULL,'mother','A',0),
	(258,378,0,'father','ONWUGBENU','Ifunanyachukwu','Frances-Xaviera',NULL,9,NULL,'female','','2012-03-11','','','',NULL,NULL,NULL,NULL,NULL,NULL,NULL,NULL,NULL,NULL,'Day',NULL,NULL,NULL,NULL,NULL,NULL,'None','2023-10-18',0.00,'',NULL,NULL,NULL,NULL,NULL,NULL,NULL,'08107970801','onwugbenu_000246@gonzagajesuit.org','active',NULL,NULL,NULL,NULL,NULL,'GJC000246',NULL,NULL,NULL,NULL,'mother','A',0),
	(259,0,0,'father','ONWUSOREGBU','Idimmachukwu','Pascaline',NULL,9,NULL,'female','','2005-12-12','','','',NULL,NULL,NULL,NULL,NULL,NULL,NULL,NULL,NULL,NULL,'Day',NULL,NULL,NULL,NULL,NULL,NULL,'None','2023-10-18',0.00,'',NULL,NULL,NULL,NULL,NULL,NULL,NULL,'08107970801','onwusoregbu_000248@gonzagajesuit.org','active',NULL,NULL,NULL,NULL,NULL,'GJC000248',NULL,NULL,NULL,NULL,'mother','A',0),
	(260,379,0,'father','PAUL-ENIDOM','Chikanneto','Ndianefo',NULL,9,NULL,'male','','2012-03-11','','','',NULL,NULL,NULL,NULL,NULL,NULL,NULL,NULL,NULL,NULL,'Day',NULL,NULL,NULL,NULL,NULL,NULL,'None','2023-10-18',0.00,'',NULL,NULL,NULL,NULL,NULL,NULL,NULL,'08107970801','paul-enidom_000253@gonzagajesuit.org','active',NULL,NULL,NULL,NULL,NULL,'GJC000253',NULL,NULL,NULL,NULL,'mother','A',0),
	(261,380,0,'father','UBABUKO','Henry','Chidera',NULL,9,NULL,'male','','2010-04-12','','','',NULL,NULL,NULL,NULL,NULL,NULL,NULL,NULL,NULL,NULL,'Day',NULL,NULL,NULL,NULL,NULL,NULL,'None','2023-10-18',0.00,'',NULL,NULL,NULL,NULL,NULL,NULL,NULL,'08107970801','ubabuko_000256@gonzagajesuit.org','active',NULL,NULL,NULL,NULL,NULL,'GJC000256',NULL,NULL,NULL,NULL,'mother','A',0),
	(262,381,0,'father','UMEZULORAH','Chizaram','Michelle',NULL,9,NULL,'female','','2004-10-13','','','',NULL,NULL,NULL,NULL,NULL,NULL,NULL,NULL,NULL,NULL,'Day',NULL,NULL,NULL,NULL,NULL,NULL,'None','2023-10-18',0.00,'',NULL,NULL,NULL,NULL,NULL,NULL,NULL,'08107970801','umezulorah_000262@gonzagajesuit.org','active',NULL,NULL,NULL,NULL,NULL,'GJC000262',NULL,NULL,NULL,NULL,'mother','A',0),
	(263,382,0,'father','UNACHUKWU','Chikamso','Favour',NULL,9,NULL,'female','','2010-12-13','','','',NULL,NULL,NULL,NULL,NULL,NULL,NULL,NULL,NULL,NULL,'Day',NULL,NULL,NULL,NULL,NULL,NULL,'None','2023-10-18',0.00,'',NULL,NULL,NULL,NULL,NULL,NULL,NULL,'08107970801','unachukwu_000263@gonzagajesuit.org','active',NULL,NULL,NULL,NULL,NULL,'GJC000263',NULL,NULL,NULL,NULL,'mother','A',0);



# Dump of table students_dedicated_subjects
# ------------------------------------------------------------


CREATE TABLE `students_dedicated_subjects` (
  `id` int(11) unsigned NOT NULL AUTO_INCREMENT,
  `student_id` int(6) NOT NULL,
  `subject_id` int(11) NOT NULL,
  PRIMARY KEY (`id`),
  KEY `Unique Entries` (`student_id`,`subject_id`)
) ENGINE=MyISAM DEFAULT CHARSET=latin1 ROW_FORMAT=FIXED;



# Dump of table subject_attendance
# ------------------------------------------------------------


CREATE TABLE `subject_attendance` (
  `id` smallint(5) unsigned NOT NULL AUTO_INCREMENT,
  `status` varchar(10) NOT NULL,
  `term_id` tinyint(1) unsigned NOT NULL DEFAULT '0',
  `date` date NOT NULL,
  `class_id` smallint(5) unsigned NOT NULL DEFAULT '0',
  `subject_id` int(11) NOT NULL,
  `students_id` smallint(5) unsigned NOT NULL DEFAULT '0',
  `teacher_id` bigint(20) DEFAULT NULL,
  `registrar` varchar(40) DEFAULT 'Annonymous',
  PRIMARY KEY (`id`),
  UNIQUE KEY `status` (`status`,`term_id`,`date`,`class_id`,`students_id`,`subject_id`),
  UNIQUE KEY `Student date` (`date`,`students_id`,`subject_id`)
) ENGINE=InnoDB DEFAULT CHARSET=latin1 ROW_FORMAT=COMPACT;



# Dump of table subject_groups
# ------------------------------------------------------------


CREATE TABLE `subject_groups` (
  `id` int(2) unsigned NOT NULL AUTO_INCREMENT,
  `group_id` int(2) DEFAULT NULL,
  `title` varchar(30) DEFAULT NULL,
  PRIMARY KEY (`id`)
) ENGINE=InnoDB DEFAULT CHARSET=latin1 ROW_FORMAT=COMPACT;



# Dump of table subjects
# ------------------------------------------------------------


CREATE TABLE `subjects` (
  `id` int(4) unsigned NOT NULL AUTO_INCREMENT,
  `title` varchar(80) NOT NULL DEFAULT '',
  `status` enum('enabled','disabled') NOT NULL DEFAULT 'enabled',
  `abbreviations` varchar(10) DEFAULT NULL,
  `type` enum('elective','compulsory') DEFAULT 'elective',
  `department_id` tinyint(4) DEFAULT NULL,
  `is_minor` tinyint(1) DEFAULT '1',
  `group` tinyint(1) DEFAULT NULL,
  PRIMARY KEY (`id`),
  UNIQUE KEY `id` (`title`),
  UNIQUE KEY `title` (`title`)
) ENGINE=InnoDB DEFAULT CHARSET=latin1 ROW_FORMAT=COMPACT;


INSERT INTO `subjects` (`id`, `title`, `status`, `abbreviations`, `type`, `department_id`, `is_minor`, `group`)
VALUES
	(1,'Fine Art (CCA)','enabled','CCA','compulsory',NULL,1,NULL),
	(3,'Biology','enabled','Bio','elective',25,1,NULL),
	(4,'Business Studies ','enabled','Bus Std.','elective',NULL,1,NULL),
	(5,'Chemistry','enabled','Chem','elective',26,1,NULL),
	(7,'Economics','enabled','Econs','elective',27,1,NULL),
	(8,'English Language','enabled','Eng','elective',19,1,NULL),
	(10,'Literature in English','enabled','Lit Eng.','elective',19,1,NULL),
	(11,'Mathematics','enabled','Maths','elective',16,1,NULL),
	(12,'Physics','enabled','Phy','elective',26,1,NULL),
	(21,'Computer Studies  (BST)','enabled','Comp. St.','elective',17,1,NULL),
	(22,'Cultural and Creative Arts','enabled','CCA','elective',24,1,NULL),
	(24,'Basic Science (BST)','enabled','BST(1)','elective',25,1,NULL),
	(25,'Basic Technology (BST)','enabled','B. Tech','elective',23,1,NULL),
	(26,'Music (CCA)','enabled','CCA','compulsory',NULL,1,NULL),
	(27,'Physical Health Education (BST)','enabled','BST(4)','elective',25,1,NULL),
	(28,'Home Economics (PVS)','enabled','H. Econs','elective',22,1,NULL),
	(29,'Social Studies (NVE)','enabled','NVE(2)','elective',28,1,NULL),
	(31,'French Language','enabled','French','elective',20,1,NULL),
	(32,'Practical Agricultural Science','enabled','Pract. Agr','elective',21,1,NULL),
	(33,'Civic and Security Education (NVE)','enabled','NVE(1)','elective',28,1,NULL),
	(34,'Nigerian Language','enabled','Nig. Lang.','elective',20,1,NULL),
	(35,'Technical Drawing','enabled','Tech. Drw.','elective',23,1,NULL),
	(36,'Geography','enabled','Geo.','elective',27,1,NULL),
	(37,'Agricultural Science (PVS)','enabled','PVS(1)','elective',21,1,NULL),
	(38,'Government','enabled','Gov.','elective',28,1,NULL),
	(39,'Foods and Nutrition','enabled','Food&Nut','elective',22,1,NULL),
	(40,'Theatre Arts (GEI)','enabled','GEI','elective',24,1,NULL),
	(41,'Commerce','enabled','Comm.','elective',NULL,1,NULL),
	(42,'Christian Religious Studies and Catholic Social Teaching (CRS-CST)','enabled','CRS-CST','elective',29,1,NULL),
	(44,'Further Mathematics','enabled','F. Maths','elective',16,1,NULL),
	(45,'Catering Craft Practice','enabled','Catering','elective',22,1,NULL),
	(46,'Physics Technology','enabled','Phy Tech','elective',26,1,NULL),
	(47,'Data Processing','enabled','Data Proc.','elective',17,1,NULL),
	(48,'Hausa Language','enabled','Hausa','elective',20,1,NULL),
	(49,'Fisheries and Animal Husbandry','enabled','Fisheries','elective',21,1,NULL),
	(50,'History','enabled','History','elective',29,1,NULL),
	(51,'Guidance','enabled','Guidiance','elective',NULL,1,NULL),
	(52,'Number work','enabled','Num. Wrk.','compulsory',NULL,0,NULL),
	(53,'Letter work','enabled','Let. Wrk','compulsory',NULL,0,NULL),
	(54,'Health habit','enabled','Hlth. Hab.','compulsory',NULL,0,NULL),
	(55,'Reading Readiness','enabled','Read R.','compulsory',NULL,0,NULL),
	(56,'Elementary Science','enabled','Elem. Sc.','compulsory',NULL,0,NULL),
	(57,'Social Habits','enabled','Soc. Hab.','compulsory',0,0,NULL),
	(58,'Rhymes','enabled','Rhym','compulsory',0,0,NULL),
	(59,'Religious Knowledge','enabled','RK','compulsory',0,0,NULL),
	(60,'Handwriting','enabled','Writing','compulsory',0,0,NULL),
	(61,'Verbal Reasoning','enabled','V. Reas.','compulsory',NULL,0,NULL),
	(62,'Quantitative Reasoning','enabled','Q. Reas.','compulsory',NULL,0,NULL),
	(63,'Vocational Aptitude','enabled','Voc. Apt.','compulsory',NULL,0,NULL),
	(64,'Phonics','enabled','Phonics','compulsory',NULL,0,NULL),
	(65,'Yoruba Language','enabled','Yor.','compulsory',NULL,0,NULL),
	(66,'Mental Maths','enabled','M. Maths.','compulsory',NULL,0,NULL),
	(67,'Mind Builder','enabled','Mind B','compulsory',NULL,0,NULL),
	(68,'General Knowledge','enabled','G. K.','compulsory',NULL,0,NULL),
	(69,'Igbo Language','enabled','Igbo','elective',20,1,NULL),
	(70,'Christian Religious Knowledge ','enabled','CRK','elective',29,1,NULL),
	(71,'Basic Science & Technology','enabled','BST.','elective',25,1,NULL),
	(72,'Vocational Studies','enabled','Voc. St.','compulsory',NULL,0,NULL),
	(73,'Thinking and Reasoning Skills (GEI)','enabled','TRS','compulsory',NULL,0,NULL),
	(74,'National Values Education','enabled','NVE.','elective',20,1,NULL),
	(75,'Financial Accounting','enabled','F. Acc.','elective',NULL,1,NULL);



# Dump of table subjects_high_low
# ------------------------------------------------------------


CREATE TABLE `subjects_high_low` (
  `id` int(11) unsigned NOT NULL AUTO_INCREMENT,
  `subject_id` tinyint(3) DEFAULT NULL,
  `term_id` tinyint(3) DEFAULT NULL,
  `high` float(5,2) DEFAULT NULL,
  `low` float(5,2) DEFAULT NULL,
  `class_level_id` tinyint(3) DEFAULT NULL,
  `ca1_high` float(5,2) DEFAULT NULL,
  `ca2_high` float(5,2) DEFAULT NULL,
  `ca1_low` float(5,2) DEFAULT NULL,
  `ca2_low` float(5,2) DEFAULT NULL,
  `ca3_high` float(5,2) DEFAULT NULL,
  `ca3_low` float(5,2) DEFAULT NULL,
  PRIMARY KEY (`id`),
  UNIQUE KEY `Unique high low` (`subject_id`,`term_id`,`class_level_id`)
) ENGINE=InnoDB DEFAULT CHARSET=latin1 ROW_FORMAT=COMPACT;


INSERT INTO `subjects_high_low` (`id`, `subject_id`, `term_id`, `high`, `low`, `class_level_id`, `ca1_high`, `ca2_high`, `ca1_low`, `ca2_low`, `ca3_high`, `ca3_low`)
VALUES
	(1,1,26,0.00,0.00,1,99.00,96.60,62.00,63.90,0.00,0.00),
	(2,8,26,0.00,0.00,1,96.40,96.20,29.00,48.96,0.00,0.00),
	(3,11,26,0.00,0.00,1,98.15,99.64,22.60,37.60,0.00,0.00),
	(4,21,26,0.00,0.00,1,97.80,95.32,38.90,45.76,0.00,0.00),
	(5,24,26,0.00,0.00,1,98.40,99.30,43.80,51.22,0.00,0.00),
	(6,25,26,0.00,0.00,1,98.80,99.30,52.40,62.00,0.00,0.00),
	(7,26,26,0.00,0.00,1,94.00,96.20,38.00,41.90,0.00,0.00),
	(8,27,26,0.00,0.00,1,94.57,90.84,32.00,45.20,0.00,0.00),
	(9,28,26,0.00,0.00,1,97.00,98.30,36.30,53.10,0.00,0.00),
	(10,33,26,0.00,0.00,1,96.40,98.90,57.20,52.80,0.00,0.00),
	(11,37,26,0.00,0.00,1,94.70,97.84,41.00,49.44,0.00,0.00),
	(12,69,26,0.00,0.00,1,100.00,97.20,29.00,28.90,0.00,0.00),
	(13,70,26,68.00,0.00,1,68.00,NULL,NULL,NULL,NULL,NULL),
	(18,22,26,51.25,0.00,1,51.25,NULL,NULL,NULL,NULL,NULL),
	(28,71,26,57.75,0.00,1,57.75,NULL,NULL,NULL,NULL,NULL),
	(29,73,26,0.00,0.00,1,112.00,97.20,3.00,48.40,0.00,0.00),
	(30,74,26,17.50,0.00,1,17.50,NULL,NULL,NULL,NULL,NULL),
	(40,29,26,0.00,0.00,1,98.50,98.20,50.70,44.30,0.00,0.00),
	(41,31,26,0.00,0.00,1,100.00,98.90,51.60,36.70,0.00,0.00),
	(44,40,26,0.00,0.00,1,95.80,98.70,31.00,60.70,0.00,0.00),
	(45,42,26,0.00,0.00,1,100.00,99.50,57.20,57.50,0.00,0.00),
	(46,50,26,0.00,0.00,1,94.00,95.60,45.20,39.00,0.00,0.00),
	(212,0,26,NULL,NULL,1,0.00,0.00,0.00,0.00,0.00,0.00),
	(784,1,27,0.00,0.00,1,99.00,98.60,59.30,55.50,0.00,0.00),
	(785,0,27,NULL,NULL,1,0.00,0.00,0.00,0.00,0.00,0.00),
	(788,4,27,0.00,0.00,1,0.00,98.92,0.00,55.20,0.00,0.00),
	(792,8,27,0.00,0.00,1,98.80,98.06,57.00,62.28,0.00,0.00),
	(796,11,27,0.00,0.00,1,100.00,98.92,40.10,39.60,0.00,0.00),
	(800,21,27,0.00,0.00,1,97.30,96.84,59.90,46.04,0.00,0.00),
	(804,24,27,0.00,0.00,1,100.00,98.70,49.50,51.60,0.00,0.00),
	(808,25,27,0.00,0.00,1,97.00,95.30,44.20,42.30,0.00,0.00),
	(812,26,27,0.00,0.00,1,99.00,100.00,56.30,30.96,0.00,0.00),
	(816,27,27,0.00,0.00,1,99.40,98.20,61.60,60.94,0.00,0.00),
	(820,28,27,0.00,0.00,1,100.00,98.90,57.20,62.80,0.00,0.00),
	(824,29,27,0.00,0.00,1,98.80,99.20,45.20,40.40,0.00,0.00),
	(828,33,27,0.00,0.00,1,100.00,98.92,65.80,71.56,0.00,0.00),
	(832,37,27,0.00,0.00,1,100.00,98.48,51.80,52.88,0.00,0.00),
	(836,40,27,0.00,0.00,1,100.00,99.60,63.00,74.20,0.00,0.00),
	(840,42,27,0.00,0.00,1,99.50,95.68,72.40,49.32,0.00,0.00),
	(844,50,27,0.00,0.00,1,100.00,97.80,53.60,29.60,0.00,0.00),
	(848,69,27,0.00,0.00,1,99.00,98.90,40.20,23.50,0.00,0.00),
	(852,73,27,0.00,0.00,1,97.60,99.28,41.20,59.12,0.00,0.00),
	(997,1,28,98.40,69.12,1,87.91,NULL,NULL,NULL,NULL,NULL),
	(998,0,28,NULL,NULL,1,0.00,0.00,0.00,0.00,0.00,0.00),
	(1001,4,28,100.00,60.32,1,85.93,NULL,NULL,NULL,NULL,NULL),
	(1005,8,28,99.15,66.38,1,86.34,NULL,NULL,NULL,NULL,NULL),
	(1009,11,28,97.38,47.04,1,73.40,NULL,NULL,NULL,NULL,NULL),
	(1013,21,28,96.74,47.49,1,78.61,NULL,NULL,NULL,NULL,NULL),
	(1017,24,28,98.72,55.20,1,81.14,NULL,NULL,NULL,NULL,NULL),
	(1021,25,28,97.92,45.46,1,76.38,NULL,NULL,NULL,NULL,NULL),
	(1025,26,28,97.15,47.25,1,72.47,NULL,NULL,NULL,NULL,NULL),
	(1029,27,28,100.00,63.24,1,88.04,NULL,NULL,NULL,NULL,NULL),
	(1033,28,28,97.10,61.56,1,82.18,NULL,NULL,NULL,NULL,NULL),
	(1037,29,28,97.15,65.88,1,87.94,NULL,NULL,NULL,NULL,NULL),
	(1041,31,28,100.00,52.37,1,81.03,NULL,NULL,NULL,NULL,NULL),
	(1045,33,28,99.35,65.02,1,88.11,NULL,NULL,NULL,NULL,NULL),
	(1049,37,28,97.01,56.16,1,81.67,NULL,NULL,NULL,NULL,NULL),
	(1053,40,28,99.04,72.28,1,90.91,NULL,NULL,NULL,NULL,NULL),
	(1057,42,28,98.68,77.52,1,89.82,NULL,NULL,NULL,NULL,NULL),
	(1061,50,28,97.78,55.10,1,80.01,NULL,NULL,NULL,NULL,NULL),
	(1065,69,28,97.40,42.18,1,77.48,NULL,NULL,NULL,NULL,NULL),
	(1138,1,29,0.00,0.00,1,100.00,98.00,35.90,50.30,0.00,0.00),
	(1142,4,29,0.00,0.00,1,100.00,100.00,62.10,52.38,0.00,0.00),
	(1146,8,29,0.00,0.00,1,96.40,95.34,72.20,64.56,0.00,0.00),
	(1150,11,29,0.00,0.00,1,98.20,97.48,50.20,42.30,0.00,0.00),
	(1154,21,29,0.00,0.00,1,100.00,96.34,58.35,50.12,0.00,0.00),
	(1158,24,29,0.00,0.00,1,100.00,98.20,51.10,47.50,0.00,0.00),
	(1162,25,29,0.00,0.00,1,100.00,98.20,47.80,51.40,0.00,0.00),
	(1166,26,29,0.00,0.00,1,98.80,98.56,42.90,28.46,0.00,0.00),
	(1170,27,29,0.00,0.00,1,99.40,97.71,52.20,66.42,0.00,0.00),
	(1174,28,29,0.00,0.00,1,95.80,98.90,51.10,47.00,0.00,0.00),
	(1178,29,29,0.00,0.00,1,95.80,96.80,55.80,48.30,0.00,0.00),
	(1182,31,29,0.00,0.00,1,100.00,100.00,58.40,64.58,0.00,0.00),
	(1186,33,29,0.00,0.00,1,98.80,98.92,65.00,60.60,0.00,0.00),
	(1190,37,29,0.00,0.00,1,96.40,98.04,36.40,39.80,0.00,0.00),
	(1194,40,29,0.00,0.00,1,99.50,98.90,63.70,61.90,0.00,0.00),
	(1198,50,29,0.00,0.00,1,94.20,93.50,43.40,34.20,0.00,0.00),
	(1202,69,29,0.00,0.00,1,100.00,92.20,38.40,25.10,0.00,0.00),
	(1206,70,29,0.00,0.00,1,100.00,99.88,69.20,64.12,0.00,0.00),
	(1210,1,29,0.00,0.00,2,96.80,97.90,58.60,64.00,0.00,0.00),
	(1214,4,29,0.00,0.00,2,100.00,100.00,70.60,64.08,0.00,0.00),
	(1218,11,29,0.00,0.00,2,98.80,98.92,32.40,37.28,0.00,0.00),
	(1222,21,29,0.00,0.00,2,97.90,95.04,49.74,44.76,0.00,0.00),
	(1226,24,29,0.00,0.00,2,100.00,97.48,58.40,42.74,0.00,0.00),
	(1230,25,29,0.00,0.00,2,98.80,98.20,55.00,38.60,0.00,0.00),
	(1234,26,29,0.00,0.00,2,98.30,97.84,32.90,26.16,0.00,0.00),
	(1238,27,29,0.00,0.00,2,100.00,99.14,66.30,68.71,0.00,0.00),
	(1242,28,29,0.00,0.00,2,100.00,98.20,52.20,45.20,0.00,0.00),
	(1246,31,29,0.00,0.00,2,100.00,100.00,39.40,51.84,0.00,0.00),
	(1250,33,29,0.00,0.00,2,100.00,99.64,55.10,53.16,0.00,0.00),
	(1254,37,29,0.00,0.00,2,100.00,98.75,41.50,48.58,0.00,0.00),
	(1258,40,29,0.00,0.00,2,100.00,99.20,52.30,67.40,0.00,0.00),
	(1262,46,29,0.00,0.00,2,100.00,97.84,46.60,47.10,0.00,0.00),
	(1266,50,29,0.00,0.00,2,97.60,94.90,46.80,41.40,0.00,0.00),
	(1270,69,29,0.00,0.00,2,98.20,98.20,18.90,32.70,0.00,0.00),
	(1274,70,29,0.00,0.00,2,100.00,99.64,61.80,58.32,0.00,0.00),
	(1278,29,29,0.00,0.00,2,100.00,99.28,68.30,52.40,0.00,0.00),
	(1282,8,29,0.00,0.00,2,97.20,96.76,62.60,59.08,0.00,0.00),
	(1283,1,30,0.00,0.00,1,99.00,97.50,59.20,54.00,0.00,0.00),
	(1287,4,30,0.00,0.00,1,100.00,98.50,72.00,65.00,0.00,0.00),
	(1291,8,30,0.00,0.00,1,97.20,93.00,63.80,47.50,0.00,0.00),
	(1295,11,30,0.00,0.00,1,100.00,94.50,34.50,50.50,0.00,0.00),
	(1299,21,30,0.00,0.00,1,97.10,88.00,47.80,34.00,0.00,0.00),
	(1303,24,30,0.00,0.00,1,100.00,98.50,57.20,55.50,0.00,0.00),
	(1307,25,30,0.00,0.00,1,98.20,88.50,34.60,41.50,0.00,0.00),
	(1311,26,30,0.00,0.00,1,100.00,92.30,46.80,30.50,0.00,0.00),
	(1315,28,30,0.00,0.00,1,100.00,93.50,68.40,50.00,0.00,0.00),
	(1319,29,30,0.00,0.00,1,95.20,94.50,38.80,26.00,0.00,0.00),
	(1323,31,30,0.00,0.00,1,100.00,98.50,38.20,47.50,0.00,0.00),
	(1327,33,30,0.00,0.00,1,98.80,96.50,57.00,55.00,0.00,0.00),
	(1331,37,30,0.00,0.00,1,100.00,94.00,57.60,60.00,0.00,0.00),
	(1335,40,30,0.00,0.00,1,100.00,98.50,67.00,60.00,0.00,0.00),
	(1339,50,30,0.00,0.00,1,97.40,93.50,30.80,31.50,0.00,0.00),
	(1343,69,30,0.00,0.00,1,97.80,92.70,26.80,26.50,0.00,0.00),
	(1347,70,30,0.00,0.00,1,98.80,96.00,66.10,49.50,0.00,0.00),
	(1351,1,30,0.00,0.00,2,99.50,96.00,42.60,66.00,0.00,0.00),
	(1355,4,30,0.00,0.00,2,100.00,97.50,62.70,59.50,0.00,0.00),
	(1359,8,30,0.00,0.00,2,98.80,95.00,68.80,55.50,0.00,0.00),
	(1363,11,30,0.00,0.00,2,100.00,95.00,39.70,47.50,0.00,0.00),
	(1367,21,30,0.00,0.00,2,99.00,89.00,49.30,43.50,0.00,0.00),
	(1371,24,30,0.00,0.00,2,98.20,97.50,51.30,48.90,0.00,0.00),
	(1375,25,30,0.00,0.00,2,100.00,96.50,40.00,54.00,0.00,0.00),
	(1379,26,30,0.00,0.00,2,99.00,94.00,64.40,39.50,0.00,0.00),
	(1383,27,30,0.00,0.00,2,100.00,99.00,71.90,79.00,0.00,0.00),
	(1387,28,30,0.00,0.00,2,97.10,90.50,55.20,46.50,0.00,0.00),
	(1391,31,30,0.00,0.00,2,95.90,97.50,28.70,47.50,0.00,0.00),
	(1395,33,30,0.00,0.00,2,97.80,98.50,54.40,58.50,0.00,0.00),
	(1399,37,30,0.00,0.00,2,94.00,92.50,40.20,56.50,0.00,0.00),
	(1403,40,30,0.00,0.00,2,98.80,98.50,52.10,64.00,0.00,0.00),
	(1407,46,30,0.00,0.00,2,99.00,94.50,52.40,40.00,0.00,0.00),
	(1411,50,30,0.00,0.00,2,95.60,93.50,37.00,36.00,0.00,0.00),
	(1415,69,30,0.00,0.00,2,100.00,96.00,21.50,26.50,0.00,0.00),
	(1419,29,30,0.00,0.00,2,100.00,96.50,65.40,43.00,0.00,0.00),
	(1423,70,30,0.00,0.00,2,99.70,93.50,70.10,50.50,0.00,0.00),
	(1459,27,30,0.00,0.00,1,100.00,93.00,57.10,64.00,0.00,0.00),
	(1460,1,31,0.00,0.00,1,96.80,97.90,55.20,54.80,0.00,0.00),
	(1464,4,31,0.00,0.00,1,100.00,97.50,58.10,54.60,0.00,0.00),
	(1468,8,31,0.00,0.00,1,95.80,97.40,50.60,62.30,0.00,0.00),
	(1472,11,31,0.00,0.00,1,98.80,98.70,37.90,38.50,0.00,0.00),
	(1476,21,31,0.00,0.00,1,97.60,90.60,46.60,30.20,0.00,0.00),
	(1480,24,31,0.00,0.00,1,97.60,99.00,49.60,35.20,0.00,0.00),
	(1484,25,31,0.00,0.00,1,96.40,99.00,36.80,46.00,0.00,0.00),
	(1488,26,31,0.00,0.00,1,95.40,98.00,29.40,52.20,0.00,0.00),
	(1492,27,31,0.00,0.00,1,100.00,97.40,68.50,50.10,0.00,0.00),
	(1496,28,31,0.00,0.00,1,97.60,97.10,53.20,31.60,0.00,0.00),
	(1500,29,31,0.00,0.00,1,95.20,98.20,50.30,42.60,0.00,0.00),
	(1504,31,31,0.00,0.00,1,98.20,100.00,32.00,29.60,0.00,0.00),
	(1508,33,31,0.00,0.00,1,100.00,97.80,61.80,71.80,0.00,0.00),
	(1512,37,31,0.00,0.00,1,97.60,94.90,45.00,41.10,0.00,0.00),
	(1516,40,31,0.00,0.00,1,100.00,98.70,60.00,66.20,0.00,0.00),
	(1520,50,31,0.00,0.00,1,98.80,96.30,25.40,24.20,0.00,0.00),
	(1524,69,31,0.00,0.00,1,98.80,97.50,33.10,33.50,0.00,0.00),
	(1528,70,31,0.00,0.00,1,97.60,97.10,53.30,58.40,0.00,0.00),
	(1604,1,31,0.00,0.00,2,97.70,99.00,66.10,78.60,0.00,0.00),
	(1608,4,31,0.00,0.00,2,100.00,99.60,68.00,60.00,0.00,0.00),
	(1612,8,31,0.00,0.00,2,96.40,98.70,61.40,57.80,0.00,0.00),
	(1616,11,31,0.00,0.00,2,97.60,98.20,29.20,33.10,0.00,0.00),
	(1620,21,31,0.00,0.00,2,92.00,92.90,51.70,41.00,0.00,0.00),
	(1624,24,31,0.00,0.00,2,98.80,98.50,62.10,64.90,0.00,0.00),
	(1628,25,31,0.00,0.00,2,95.20,95.80,43.60,55.10,0.00,0.00),
	(1632,26,31,0.00,0.00,2,100.00,99.30,39.50,60.00,0.00,0.00),
	(1636,27,31,0.00,0.00,2,100.00,155.00,67.70,54.10,0.00,0.00),
	(1640,28,31,0.00,0.00,2,100.00,96.30,66.60,62.80,0.00,0.00),
	(1644,29,31,0.00,0.00,2,98.80,99.80,60.00,53.70,0.00,0.00),
	(1648,31,31,0.00,0.00,2,97.30,98.60,32.20,40.30,0.00,0.00),
	(1652,33,31,0.00,0.00,2,100.00,98.50,54.20,77.70,0.00,0.00),
	(1656,37,31,0.00,0.00,2,98.20,96.40,41.40,56.10,0.00,0.00),
	(1660,40,31,0.00,0.00,2,100.00,98.20,46.70,73.90,0.00,0.00),
	(1664,46,31,0.00,0.00,2,98.80,95.80,10.20,51.10,0.00,0.00),
	(1668,50,31,0.00,0.00,2,100.00,97.80,38.30,41.40,0.00,0.00),
	(1672,69,31,0.00,0.00,2,98.80,98.00,21.80,36.00,0.00,0.00),
	(1676,70,31,0.00,0.00,2,97.50,96.40,57.00,52.80,0.00,0.00);



# Dump of table teachers_comments
# ------------------------------------------------------------


CREATE TABLE `teachers_comments` (
  `id` int(10) unsigned NOT NULL,
  `teacher_id` int(11) NOT NULL,
  `student_id` int(11) NOT NULL,
  `term_id` int(11) NOT NULL,
  `comment` varchar(150) NOT NULL,
  PRIMARY KEY (`id`) USING BTREE,
  UNIQUE KEY `UniqueComment` (`student_id`,`term_id`) USING BTREE
) ENGINE=InnoDB DEFAULT CHARSET=latin1;


# Dump of table term_performance_averages
# ------------------------------------------------------------


CREATE TABLE `term_performance_averages` (
  `id` int(11) unsigned NOT NULL AUTO_INCREMENT,
  `student_id` int(11) DEFAULT NULL,
  `term_id` tinyint(11) DEFAULT NULL,
  `tavg` double(5,2) DEFAULT NULL,
  `class_id` tinyint(4) DEFAULT NULL,
  `avg1` double(5,2) DEFAULT NULL,
  `avg2` double(5,2) DEFAULT NULL,
  `rank` int(3) DEFAULT NULL,
  `avg3` double(5,2) DEFAULT NULL,
  `ca1_rank` int(20) DEFAULT NULL,
  `ca2_rank` int(8) DEFAULT NULL,
  PRIMARY KEY (`id`),
  UNIQUE KEY `student_id` (`student_id`,`term_id`)
) ENGINE=InnoDB DEFAULT CHARSET=latin1 ROW_FORMAT=COMPACT;


INSERT INTO `term_performance_averages` (`id`, `student_id`, `term_id`, `tavg`, `class_id`, `avg1`, `avg2`, `rank`, `avg3`, `ca1_rank`, `ca2_rank`)
VALUES
	(1,1,26,80.58,1,78.12,82.22,NULL,0.00,43,25),
	(2,4,26,80.67,1,79.97,81.14,NULL,0.00,31,32),
	(3,14,26,80.43,1,81.12,79.97,NULL,0.00,23,37),
	(4,15,26,82.43,1,82.55,82.35,NULL,0.00,19,24),
	(5,23,26,80.25,8,77.44,82.13,NULL,0.00,48,26),
	(6,25,26,87.97,9,85.46,89.64,NULL,0.00,13,9),
	(7,28,26,78.74,8,73.99,81.91,NULL,0.00,62,28),
	(8,30,26,68.04,9,68.92,67.45,NULL,0.00,72,74),
	(9,33,26,73.64,8,73.30,73.86,NULL,0.00,63,64),
	(10,36,26,77.13,7,76.45,77.58,NULL,0.00,56,52),
	(11,40,26,81.79,9,82.39,81.39,NULL,0.00,20,31),
	(12,41,26,74.18,1,76.53,72.61,NULL,0.00,54,68),
	(13,42,26,68.16,1,0.00,68.16,NULL,0.00,NULL,72),
	(14,46,26,82.77,7,81.92,83.34,NULL,0.00,21,20),
	(15,64,26,71.91,9,71.60,72.13,NULL,0.00,68,70),
	(16,65,26,79.85,1,80.65,79.31,NULL,0.00,26,43),
	(17,77,26,80.88,7,79.18,82.01,NULL,0.00,36,27),
	(18,78,26,62.34,1,63.18,61.78,NULL,0.00,76,84),
	(19,79,26,77.44,1,77.00,77.73,NULL,0.00,51,51),
	(20,83,26,80.33,9,80.86,79.97,NULL,0.00,25,37),
	(21,84,26,58.52,1,61.94,56.23,NULL,0.00,78,87),
	(22,87,26,87.06,9,86.57,87.39,NULL,0.00,10,12),
	(23,3,26,75.82,7,78.05,74.33,NULL,0.00,44,62),
	(24,8,26,82.72,7,81.00,83.86,NULL,0.00,24,19),
	(25,9,26,85.17,7,86.01,84.61,NULL,0.00,12,18),
	(26,10,26,77.74,7,78.46,77.25,NULL,0.00,42,54),
	(27,13,26,74.69,7,72.18,76.36,NULL,0.00,64,57),
	(28,16,26,NULL,7,NULL,NULL,NULL,0.00,NULL,NULL),
	(29,19,26,62.07,8,58.98,64.13,NULL,0.00,80,81),
	(30,34,26,69.71,1,67.51,71.18,NULL,0.00,73,71),
	(31,35,26,80.05,7,80.32,79.87,NULL,0.00,27,39),
	(32,45,26,70.35,8,66.98,72.59,NULL,0.00,74,69),
	(33,48,26,63.06,9,60.26,64.92,NULL,0.00,79,79),
	(34,54,26,79.98,9,79.13,80.54,NULL,0.00,37,35),
	(35,55,26,86.37,7,87.20,85.81,NULL,0.00,9,15),
	(36,56,26,75.72,7,77.06,74.83,NULL,0.00,50,61),
	(37,57,26,79.64,7,78.99,80.08,NULL,0.00,39,36),
	(38,59,26,60.06,9,56.28,62.58,NULL,0.00,84,83),
	(39,71,26,80.03,9,81.14,79.29,NULL,0.00,22,44),
	(40,76,26,87.46,8,84.87,89.19,NULL,0.00,14,10),
	(41,80,26,78.80,1,77.38,79.75,NULL,0.00,49,40),
	(42,81,26,75.86,7,78.76,73.93,NULL,0.00,40,63),
	(43,85,26,94.74,1,94.25,95.07,NULL,0.00,1,1),
	(44,5,26,63.26,8,58.01,66.77,NULL,0.00,82,75),
	(45,11,26,90.96,8,89.22,92.12,NULL,0.00,7,7),
	(46,18,26,75.89,9,75.53,76.13,NULL,0.00,58,58),
	(47,20,26,84.55,8,83.67,85.13,NULL,0.00,16,16),
	(48,21,26,77.16,8,77.91,76.66,NULL,0.00,45,56),
	(49,22,26,84.93,8,82.93,86.26,NULL,0.00,18,13),
	(50,26,26,78.53,1,78.68,78.43,NULL,0.00,41,47),
	(51,27,26,73.59,8,74.49,72.99,NULL,0.00,60,67),
	(52,31,26,81.65,1,79.86,82.84,NULL,0.00,33,21),
	(53,32,26,72.18,8,69.77,73.79,NULL,0.00,70,65),
	(54,38,26,74.72,9,74.03,75.18,NULL,0.00,61,60),
	(55,44,26,61.42,9,57.07,64.32,NULL,0.00,83,80),
	(56,49,26,92.52,7,91.95,92.90,NULL,0.00,4,6),
	(57,51,26,77.84,9,76.87,78.48,NULL,0.00,53,46),
	(58,52,26,79.73,8,80.26,79.38,NULL,0.00,28,42),
	(59,60,26,65.64,7,64.54,66.37,NULL,0.00,75,77),
	(60,61,26,71.59,8,68.94,73.35,NULL,0.00,71,66),
	(61,62,26,93.41,8,91.03,95.00,NULL,0.00,6,2),
	(62,68,26,93.50,9,93.40,93.56,NULL,0.00,3,5),
	(63,72,26,79.39,7,76.88,81.06,NULL,0.00,52,33),
	(64,74,26,68.80,9,72.17,66.54,NULL,0.00,65,76),
	(65,75,26,53.57,8,47.32,57.74,NULL,0.00,85,86),
	(66,2,26,80.97,9,80.07,81.57,NULL,0.00,30,29),
	(67,6,26,85.00,9,83.60,85.93,NULL,0.00,17,14),
	(68,7,26,77.97,9,79.87,76.71,NULL,0.00,32,55),
	(69,12,26,69.55,9,71.98,67.92,NULL,0.00,66,73),
	(70,17,26,76.65,7,75.27,77.58,NULL,0.00,59,52),
	(71,24,26,77.83,1,77.57,78.01,NULL,0.00,47,49),
	(72,29,26,73.76,1,71.41,75.33,NULL,0.00,69,59),
	(73,37,26,81.34,1,79.29,82.70,NULL,0.00,35,23),
	(74,39,26,94.30,8,93.84,94.61,NULL,0.00,2,4),
	(75,43,26,81.40,1,79.43,82.71,NULL,0.00,34,22),
	(76,47,26,80.57,1,80.13,80.86,NULL,0.00,29,34),
	(77,50,26,93.59,8,91.95,94.69,NULL,0.00,4,3),
	(78,53,26,75.43,8,71.76,77.88,NULL,0.00,67,50),
	(79,58,26,86.95,7,86.02,87.58,NULL,0.00,11,11),
	(80,63,26,84.79,8,84.46,85.01,NULL,0.00,15,17),
	(81,66,26,58.91,1,58.81,58.98,NULL,0.00,81,85),
	(82,67,26,64.63,9,62.64,65.95,NULL,0.00,77,78),
	(83,69,26,78.07,8,76.51,79.11,NULL,0.00,55,45),
	(84,70,26,62.17,9,3.00,63.23,NULL,0.00,86,82),
	(85,73,26,89.66,8,87.26,91.25,NULL,0.00,8,8),
	(86,82,26,80.00,7,77.66,81.56,NULL,0.00,46,30),
	(87,86,26,79.43,7,79.03,79.70,NULL,0.00,38,41),
	(539,88,26,77.29,1,75.70,78.35,NULL,0.00,57,48),
	(11642,1,27,90.55,1,83.84,91.56,12,0.00,21,12),
	(11660,4,27,83.54,1,80.21,82.35,47,0.00,38,53),
	(11678,14,27,87.68,1,82.23,87.74,20,0.00,30,21),
	(11696,15,27,87.77,1,82.74,87.58,19,0.00,26,22),
	(11714,24,27,80.17,1,73.08,81.56,58,0.00,73,57),
	(11732,26,27,80.89,1,77.31,80.25,57,0.00,59,59),
	(11750,29,27,74.25,1,70.20,73.93,72,0.00,79,73),
	(11768,31,27,84.91,1,78.99,85.52,35,0.00,48,32),
	(11786,34,27,78.71,1,74.17,78.43,61,0.00,67,65),
	(11804,37,27,86.11,1,82.58,84.90,27,0.00,28,35),
	(11822,41,27,82.40,1,78.11,81.92,53,0.00,53,55),
	(11840,42,27,77.89,1,72.65,78.35,65,0.00,75,67),
	(11858,43,27,85.19,1,78.62,86.31,32,0.00,50,30),
	(11876,47,27,87.25,1,81.53,87.56,21,0.00,33,23),
	(11894,65,27,84.85,1,80.11,84.59,36,0.00,41,37),
	(11912,66,27,62.79,1,0.00,62.79,86,0.00,5,85),
	(11930,78,27,66.41,1,62.63,66.85,80,0.00,83,82),
	(11948,79,27,84.46,1,76.94,86.09,40,0.00,60,31),
	(11966,80,27,82.70,1,77.83,82.65,51,0.00,56,48),
	(11984,84,27,66.04,1,59.81,67.66,83,0.00,85,80),
	(12002,85,27,97.32,1,91.69,97.44,1,0.00,4,1),
	(12020,88,27,82.87,1,78.50,82.37,49,0.00,51,52),
	(12038,3,27,81.01,7,73.61,82.42,56,0.00,70,51),
	(12056,8,27,89.13,7,83.51,89.36,15,0.00,23,16),
	(12074,9,27,88.06,7,82.36,88.54,18,0.00,29,17),
	(12092,10,27,78.50,7,74.02,78.44,63,0.00,69,64),
	(12110,13,27,84.56,7,82.14,82.71,38,0.00,31,47),
	(12128,17,27,84.32,7,77.88,85.04,41,0.00,55,33),
	(12146,20,27,87.13,7,80.00,88.32,22,0.00,43,19),
	(12164,35,27,83.75,7,78.21,84.04,46,0.00,52,41),
	(12182,36,27,82.38,7,77.83,82.16,54,0.00,56,54),
	(12200,46,27,86.91,7,81.57,87.13,23,0.00,32,26),
	(12218,49,27,95.61,7,90.32,95.54,3,0.00,6,5),
	(12236,55,27,85.10,7,81.30,84.21,33,0.00,35,39),
	(12254,56,27,0.00,7,0.00,0.00,NULL,0.00,0,0),
	(12272,57,27,84.68,7,81.32,83.66,37,0.00,34,43),
	(12290,58,27,88.58,7,83.61,88.42,16,0.00,22,18),
	(12308,60,27,75.57,7,68.11,77.70,70,0.00,81,69),
	(12326,72,27,85.54,7,83.08,83.98,31,0.00,25,42),
	(12344,77,27,84.98,7,80.02,84.96,34,0.00,42,34),
	(12362,81,27,84.29,7,79.12,84.38,42,0.00,46,38),
	(12380,82,27,88.24,7,84.10,87.54,17,0.00,20,24),
	(12398,86,27,86.28,7,83.26,84.78,26,0.00,24,36),
	(12416,5,27,76.87,8,70.82,77.87,68,0.00,78,68),
	(12434,11,27,93.49,8,88.42,93.24,6,0.00,13,9),
	(12452,19,27,69.25,8,63.60,70.18,78,0.00,82,77),
	(12470,21,27,82.73,8,76.39,83.48,50,0.00,61,45),
	(12488,22,27,89.53,8,84.23,89.56,14,0.00,19,15),
	(12506,23,27,81.98,8,77.94,81.38,55,0.00,54,58),
	(12524,27,27,82.53,8,77.52,82.54,52,0.00,58,49),
	(12542,28,27,84.50,8,80.12,84.14,39,0.00,40,40),
	(12560,32,27,78.66,8,74.21,78.41,62,0.00,66,66),
	(12578,33,27,73.27,8,71.33,71.80,73,0.00,77,76),
	(12596,39,27,96.30,8,91.02,96.17,2,0.00,5,3),
	(12614,45,27,83.97,8,79.39,83.65,44,0.00,45,44),
	(12632,50,27,95.56,8,89.99,95.65,4,0.00,9,4),
	(12650,52,27,84.09,8,80.40,82.97,43,0.00,37,46),
	(12668,53,27,80.07,8,75.83,79.73,59,0.00,64,60),
	(12686,61,27,77.07,8,73.19,76.81,67,0.00,72,70),
	(12704,62,27,95.01,8,89.27,95.19,5,0.00,11,6),
	(12722,63,27,89.78,8,84.79,89.63,13,0.00,18,14),
	(12740,69,27,83.23,8,79.76,82.45,48,0.00,44,50),
	(12758,73,27,92.43,8,86.43,93.00,9,0.00,16,11),
	(12776,75,27,66.03,8,61.66,66.52,84,0.00,84,83),
	(12794,76,27,93.36,8,88.38,93.08,7,0.00,14,10),
	(12812,2,27,87.85,9,89.51,86.80,NULL,0.00,10,28),
	(12830,6,27,87.97,9,88.95,87.20,NULL,0.00,12,25),
	(12848,7,27,79.30,9,79.08,78.85,NULL,0.00,47,63),
	(12866,12,27,76.40,9,78.75,74.86,NULL,0.00,49,71),
	(12884,18,27,82.00,9,82.62,81.72,NULL,0.00,27,56),
	(12902,25,27,94.42,9,94.91,94.06,NULL,0.00,2,7),
	(12920,30,27,74.65,9,74.43,74.79,NULL,0.00,65,72),
	(12938,38,27,80.25,9,80.83,79.65,NULL,0.00,36,61),
	(12956,40,27,88.83,9,90.05,88.02,NULL,0.00,8,20),
	(12974,44,27,67.68,9,68.39,66.88,NULL,0.00,80,81),
	(12992,48,27,73.34,9,74.11,72.53,NULL,0.00,68,75),
	(13010,51,27,89.81,9,87.73,90.92,NULL,0.00,15,13),
	(13028,54,27,86.53,9,85.37,87.10,NULL,0.00,17,27),
	(13046,59,27,70.14,9,72.87,68.98,NULL,0.00,74,79),
	(13064,64,27,74.75,9,76.25,73.51,NULL,0.00,63,74),
	(13082,67,27,71.09,9,73.21,69.87,NULL,0.00,71,78),
	(13100,68,27,96.50,9,96.48,96.46,NULL,0.00,1,2),
	(13118,70,27,67.32,9,71.67,64.94,NULL,0.00,76,84),
	(13136,71,27,79.94,9,80.20,79.24,NULL,0.00,39,62),
	(13154,74,27,66.79,9,76.28,60.33,NULL,0.00,62,86),
	(13172,83,27,88.21,9,90.24,86.71,NULL,0.00,7,29),
	(13190,87,27,93.61,9,93.11,93.75,NULL,0.00,3,8),
	(16323,1,28,91.70,1,90.94,92.20,11,0.00,1,1651),
	(16341,4,28,81.24,1,80.59,81.68,52,0.00,3,1462),
	(16359,14,28,87.94,1,87.38,88.32,24,0.00,2,1583),
	(16377,15,28,88.67,1,86.95,89.81,20,0.00,2,1596),
	(16395,24,28,84.95,1,86.24,84.09,36,0.00,2,1529),
	(16413,26,28,78.73,1,76.04,80.52,59,0.00,3,1417),
	(16431,29,28,76.39,1,75.70,76.85,65,0.00,3,1375),
	(16449,31,28,86.50,1,85.36,87.26,27,0.00,2,1557),
	(16467,34,28,78.53,1,78.25,78.72,60,0.00,3,1414),
	(16485,37,28,86.91,1,87.13,86.76,26,0.00,2,1564),
	(16503,41,28,78.49,1,81.56,76.44,61,0.00,3,1413),
	(16521,42,28,79.47,1,79.47,79.48,56,0.00,3,1431),
	(16539,43,28,85.12,1,85.15,85.10,34,0.00,2,1532),
	(16557,47,28,89.52,1,89.66,89.42,17,0.00,2,1611),
	(16575,65,28,85.85,1,86.67,85.31,29,0.00,2,1545),
	(16593,66,28,67.96,1,67.88,68.01,79,0.00,4,1223),
	(16611,78,28,68.73,1,68.51,68.88,78,0.00,4,1237),
	(16629,79,28,85.07,1,82.79,86.59,35,0.00,2,1531),
	(16647,80,28,83.84,1,85.19,82.93,43,0.00,3,1509),
	(16665,84,28,71.11,1,74.51,68.85,74,0.00,4,1280),
	(16683,85,28,97.23,1,97.36,97.15,1,0.00,1,1750),
	(16701,88,28,84.22,1,79.87,87.13,40,0.00,2,1516),
	(16719,3,28,79.80,7,81.06,78.54,55,0.00,3,1436),
	(16737,8,28,88.16,7,87.33,88.98,23,0.00,2,1587),
	(16755,9,28,90.75,7,91.73,89.78,15,0.00,1,1634),
	(16773,10,28,76.23,7,77.42,75.05,67,0.00,3,1372),
	(16791,13,28,75.67,7,76.26,75.07,68,0.00,3,1362),
	(16809,17,28,0.00,7,0.00,0.00,NULL,0.00,0,0),
	(16827,20,28,89.13,7,90.21,88.05,19,0.00,2,1604),
	(16845,35,28,84.41,7,86.82,81.99,39,0.00,2,1519),
	(16863,36,28,82.79,7,83.15,82.43,48,0.00,2,1490),
	(16881,46,28,87.82,7,87.64,87.99,25,0.00,2,1581),
	(16899,49,28,94.27,7,94.77,93.77,7,0.00,1,1697),
	(16917,55,28,85.83,7,86.48,85.17,30,0.00,2,1545),
	(16935,56,28,0.00,7,0.00,0.00,NULL,0.00,0,0),
	(16953,57,28,82.82,7,83.47,82.17,46,0.00,3,1491),
	(16971,58,28,89.44,7,89.92,88.97,18,0.00,2,1610),
	(16989,60,28,75.27,7,75.65,74.88,69,0.00,3,1355),
	(17007,72,28,0.00,7,0.00,0.00,NULL,0.00,0,0),
	(17025,77,28,81.61,7,81.09,82.14,51,0.00,3,1469),
	(17043,81,28,85.29,7,85.68,84.89,33,0.00,2,1535),
	(17061,82,28,88.48,7,88.80,88.16,22,0.00,2,1593),
	(17079,86,28,84.84,7,84.65,85.02,37,0.00,2,1527),
	(17097,5,28,78.18,8,75.64,79.87,62,0.00,3,1407),
	(17115,11,28,92.14,8,91.94,92.27,10,0.00,1,1659),
	(17133,19,28,69.42,8,70.12,68.96,77,0.00,4,1250),
	(17151,21,28,83.57,8,83.04,83.93,44,0.00,3,1504),
	(17169,22,28,91.14,8,90.46,91.60,12,0.00,1,1641),
	(17187,23,28,79.41,8,78.18,80.22,57,0.00,3,1429),
	(17205,27,28,82.24,8,82.58,82.02,49,0.00,2,1480),
	(17223,28,28,82.06,8,82.96,81.45,50,0.00,3,1477),
	(17241,32,28,85.40,8,84.74,85.84,31,0.00,2,1537),
	(17259,33,28,76.38,8,77.39,75.71,66,0.00,3,1375),
	(17277,39,28,96.51,8,96.48,96.52,2,0.00,1,1737),
	(17295,45,28,82.79,8,82.97,82.67,47,0.00,3,1490),
	(17313,50,28,93.45,8,94.50,92.75,9,0.00,1,1682),
	(17331,52,28,85.35,8,85.67,85.15,32,0.00,2,1536),
	(17349,53,28,80.66,8,81.84,79.87,53,0.00,3,1452),
	(17367,61,28,77.11,8,77.11,77.10,63,0.00,3,1388),
	(17385,62,28,95.59,8,95.13,95.89,4,0.00,1,1721),
	(17403,63,28,86.23,8,84.71,87.24,28,0.00,2,1552),
	(17421,69,28,80.62,8,80.54,80.68,54,0.00,3,1451),
	(17439,73,28,90.98,8,91.50,90.63,13,0.00,2,1638),
	(17457,75,28,65.49,8,67.21,64.34,82,0.00,4,1179),
	(17475,76,28,93.94,8,93.86,94.00,8,0.00,1,1691),
	(17493,2,28,83.54,9,84.95,82.60,45,0.00,2,1504),
	(17511,6,28,89.65,9,91.22,88.60,16,0.00,2,1614),
	(17529,7,28,76.78,9,79.61,74.89,64,0.00,3,1382),
	(17547,12,28,74.84,9,77.78,72.88,70,0.00,4,1347),
	(17565,18,28,0.00,9,0.00,0.00,NULL,0.00,0,0),
	(17583,25,28,95.46,9,95.50,95.44,5,0.00,1,1718),
	(17601,30,28,72.49,9,72.73,72.33,72,0.00,4,1305),
	(17619,38,28,79.31,9,78.97,79.54,58,0.00,3,1428),
	(17637,40,28,84.68,9,88.00,82.47,38,0.00,2,1524),
	(17655,44,28,64.66,9,65.13,64.34,83,0.00,4,1164),
	(17673,48,28,69.80,9,71.39,68.74,76,0.00,4,1256),
	(17691,51,28,90.85,9,91.20,90.62,14,0.00,2,1635),
	(17709,54,28,84.00,9,83.06,84.62,41,0.00,2,1512),
	(17727,59,28,67.08,9,72.14,63.71,81,0.00,4,1208),
	(17745,64,28,72.28,9,75.37,70.23,73,0.00,4,1301),
	(17763,67,28,69.86,9,69.70,69.96,75,0.00,4,1257),
	(17781,68,28,95.74,9,96.03,95.54,3,0.00,1,1723),
	(17799,70,28,72.83,9,73.50,72.39,71,0.00,4,1311),
	(17817,71,28,83.91,9,85.18,83.07,42,0.00,2,1510),
	(17835,74,28,67.59,9,71.23,65.17,80,0.00,4,1217),
	(17853,83,28,88.57,9,88.76,88.44,21,0.00,2,1594),
	(17871,87,28,94.34,9,94.61,94.17,6,0.00,1,1698),
	(19438,89,29,86.72,1,86.14,87.11,NULL,0.00,25,23),
	(19456,90,29,89.86,1,0.00,89.86,NULL,0.00,NULL,13),
	(19474,103,29,73.67,1,72.36,74.54,NULL,0.00,82,67),
	(19492,107,29,82.83,1,82.64,82.96,NULL,0.00,40,41),
	(19510,113,29,86.50,1,86.46,86.53,NULL,0.00,23,28),
	(19528,121,29,76.52,1,75.41,77.26,NULL,0.00,69,58),
	(19546,122,29,80.83,1,81.92,80.11,NULL,0.00,43,51),
	(19564,123,29,93.46,1,92.24,94.27,NULL,0.00,4,4),
	(19582,124,29,80.58,1,81.42,80.01,NULL,0.00,46,52),
	(19600,125,29,80.45,1,81.40,79.81,NULL,0.00,47,53),
	(19618,126,29,73.75,1,77.44,71.29,NULL,0.00,59,79),
	(19636,131,29,78.38,1,82.67,75.52,NULL,0.00,39,64),
	(19654,133,29,75.46,1,75.36,75.53,NULL,0.00,70,63),
	(19672,137,29,70.42,1,72.48,69.04,NULL,0.00,80,86),
	(19690,142,29,87.32,1,87.29,87.34,NULL,0.00,20,22),
	(19708,146,29,65.02,1,66.23,64.22,NULL,0.00,90,91),
	(19726,147,29,69.62,1,68.67,70.25,NULL,0.00,87,83),
	(19744,149,29,87.71,1,86.63,88.43,NULL,0.00,22,19),
	(19762,151,29,81.35,1,82.42,80.64,NULL,0.00,42,49),
	(19780,160,29,83.17,1,82.98,83.30,NULL,0.00,38,40),
	(19798,163,29,81.75,1,80.82,82.36,NULL,0.00,50,45),
	(19816,164,29,75.82,1,77.02,75.01,NULL,0.00,62,66),
	(19834,167,29,83.49,1,81.83,84.60,NULL,0.00,44,33),
	(19852,177,29,87.53,1,88.25,87.05,NULL,0.00,18,24),
	(20302,94,29,77.65,7,76.53,78.40,NULL,0.00,64,56),
	(20320,97,29,96.25,7,97.06,95.72,NULL,0.00,1,1),
	(20338,106,29,93.34,7,91.49,94.57,NULL,0.00,7,3),
	(20356,108,29,77.41,7,78.38,76.75,NULL,0.00,55,60),
	(20374,118,29,73.48,7,76.24,71.64,NULL,0.00,66,78),
	(20392,120,29,80.99,7,79.77,81.80,NULL,0.00,53,46),
	(20410,127,29,89.04,7,89.11,88.99,NULL,0.00,12,17),
	(20428,130,29,78.74,7,81.19,77.10,NULL,0.00,48,59),
	(20446,136,29,80.70,7,79.79,81.30,NULL,0.00,52,47),
	(20464,138,29,71.18,7,73.02,69.96,NULL,0.00,79,84),
	(20482,139,29,86.83,7,84.22,88.57,NULL,0.00,34,18),
	(20500,140,29,91.47,7,88.61,93.38,NULL,0.00,16,6),
	(20518,141,29,73.91,7,75.66,72.74,NULL,0.00,67,76),
	(20536,145,29,78.42,7,77.88,78.77,NULL,0.00,56,54),
	(20554,148,29,92.50,7,92.08,92.78,NULL,0.00,6,7),
	(20572,153,29,72.63,7,71.10,73.65,NULL,0.00,84,69),
	(20590,156,29,73.03,7,72.30,73.51,NULL,0.00,83,72),
	(20608,159,29,90.32,7,89.09,91.14,NULL,0.00,13,11),
	(20626,161,29,82.76,7,82.57,82.89,NULL,0.00,41,42),
	(20644,162,29,93.97,7,92.89,94.69,NULL,0.00,3,2),
	(20662,165,29,91.21,7,90.78,91.51,NULL,0.00,8,9),
	(20680,171,29,82.17,7,83.78,81.09,NULL,0.00,35,48),
	(20698,178,29,73.22,7,77.39,70.43,NULL,0.00,60,81),
	(20716,179,29,73.48,7,73.38,73.55,NULL,0.00,77,71),
	(20734,91,29,80.15,8,79.77,80.40,NULL,0.00,53,50),
	(20752,93,29,87.58,8,88.81,86.76,NULL,0.00,15,26),
	(20770,95,29,73.05,8,72.39,73.49,NULL,0.00,81,73),
	(20788,99,29,85.77,8,85.18,86.16,NULL,0.00,30,30),
	(20806,100,29,71.75,8,73.82,70.38,NULL,0.00,75,82),
	(20824,102,29,83.19,8,81.47,84.33,NULL,0.00,45,35),
	(20842,104,29,86.20,8,85.72,86.53,NULL,0.00,27,28),
	(20860,105,29,75.05,8,74.11,75.68,NULL,0.00,73,62),
	(20878,109,29,0.00,8,0.00,0.00,NULL,0.00,NULL,NULL),
	(20896,112,29,83.43,8,84.41,82.78,NULL,0.00,33,43),
	(20914,115,29,74.29,8,75.14,73.72,NULL,0.00,71,68),
	(20932,117,29,71.80,8,73.53,70.65,NULL,0.00,76,80),
	(20950,128,29,89.53,8,89.39,89.62,NULL,0.00,11,15),
	(20968,132,29,84.47,8,85.54,83.76,NULL,0.00,29,39),
	(20986,134,29,81.71,8,80.26,82.68,NULL,0.00,51,44),
	(21004,135,29,73.97,8,70.34,76.39,NULL,0.00,85,61),
	(21022,154,29,64.22,8,65.44,63.40,NULL,0.00,91,92),
	(21040,155,29,77.61,8,76.40,78.42,NULL,0.00,65,55),
	(21058,170,29,68.37,8,68.29,68.42,NULL,0.00,88,88),
	(21076,173,29,89.75,8,87.78,91.06,NULL,0.00,19,12),
	(21094,180,29,93.80,8,94.00,93.66,NULL,0.00,2,5),
	(21112,181,29,86.16,8,84.89,87.00,NULL,0.00,32,25),
	(21130,184,29,75.22,8,77.66,73.60,NULL,0.00,58,70),
	(21147,92,29,77.55,9,81.05,75.22,NULL,0.00,49,65),
	(21165,96,29,68.17,9,67.18,68.82,NULL,0.00,89,87),
	(21183,101,29,73.56,9,74.56,72.89,NULL,0.00,72,75),
	(21201,110,29,85.38,9,85.06,85.60,NULL,0.00,31,31),
	(21219,111,29,89.45,9,88.97,89.77,NULL,0.00,14,14),
	(21237,114,29,91.65,9,92.12,91.34,NULL,0.00,5,10),
	(21255,116,29,91.39,9,89.77,92.48,NULL,0.00,10,8),
	(21273,119,29,77.13,9,75.59,78.16,NULL,0.00,68,57),
	(21291,129,29,62.53,9,62.89,62.30,NULL,0.00,92,93),
	(21309,143,29,84.08,9,83.78,84.28,NULL,0.00,35,36),
	(21327,144,29,69.83,9,73.08,67.66,NULL,0.00,78,90),
	(21345,150,29,83.87,9,83.59,84.06,NULL,0.00,37,37),
	(21363,152,29,71.45,9,74.04,69.72,NULL,0.00,74,85),
	(21381,157,29,87.79,9,87.11,88.24,NULL,0.00,21,20),
	(21399,158,29,86.57,9,89.82,84.40,NULL,0.00,9,34),
	(21417,166,29,87.36,9,88.56,86.56,NULL,0.00,17,27),
	(21435,168,29,87.36,9,86.08,88.22,NULL,0.00,26,21),
	(21453,169,29,87.88,9,86.16,89.03,NULL,0.00,24,16),
	(21471,172,29,74.06,9,76.69,72.31,NULL,0.00,63,77),
	(21489,174,29,81.48,9,77.87,83.89,NULL,0.00,57,38),
	(21507,175,29,59.60,9,62.38,57.76,NULL,0.00,93,94),
	(21525,176,29,85.52,9,85.71,85.39,NULL,0.00,28,32),
	(21543,98,29,74.78,9,77.09,73.24,NULL,0.00,61,74),
	(21561,182,29,68.66,9,69.58,68.05,NULL,0.00,86,89),
	(21579,1,29,92.18,2,91.16,92.86,NULL,0.00,12,9),
	(21596,4,29,77.13,2,76.67,77.43,NULL,0.00,61,62),
	(21613,14,29,88.21,2,87.56,88.64,NULL,0.00,23,20),
	(21630,15,29,86.66,2,87.07,86.38,NULL,0.00,24,32),
	(21647,24,29,82.99,2,83.38,82.73,NULL,0.00,39,42),
	(21664,26,29,80.47,2,79.34,81.22,NULL,0.00,56,51),
	(21681,29,29,77.05,2,79.71,75.26,NULL,0.00,52,67),
	(21698,31,29,85.62,2,83.60,86.97,NULL,0.00,38,29),
	(21715,34,29,78.73,2,79.45,78.26,NULL,0.00,53,60),
	(21732,37,29,83.07,2,81.64,84.03,NULL,0.00,45,39),
	(21749,41,29,83.51,2,86.77,81.34,NULL,0.00,26,48),
	(21766,42,29,82.15,2,80.50,83.25,NULL,0.00,51,41),
	(21783,43,29,84.28,2,84.98,83.82,NULL,0.00,36,40),
	(21800,47,29,87.13,2,84.99,88.56,NULL,0.00,35,22),
	(21817,65,29,87.18,2,86.04,87.94,NULL,0.00,28,25),
	(21834,66,29,64.83,2,66.41,63.78,NULL,0.00,79,80),
	(21851,78,29,71.28,2,75.13,68.72,NULL,0.00,66,76),
	(21868,79,29,89.83,2,88.16,90.94,NULL,0.00,18,13),
	(21885,80,29,81.09,2,80.64,81.39,NULL,0.00,50,47),
	(21902,84,29,64.02,2,68.83,60.80,NULL,0.00,75,82),
	(21919,85,29,97.45,2,97.92,97.14,NULL,0.00,1,1),
	(21936,88,29,81.31,2,81.05,81.49,NULL,0.00,49,46),
	(21953,3,29,76.15,10,74.66,77.15,NULL,0.00,67,63),
	(21972,8,29,89.43,10,88.75,89.89,NULL,0.00,16,16),
	(21991,9,29,87.93,10,87.89,87.96,NULL,0.00,19,24),
	(22010,10,29,77.90,10,76.20,79.04,NULL,0.00,62,58),
	(22029,13,29,81.26,10,79.43,82.48,NULL,0.00,54,43),
	(22048,20,29,88.34,10,0.00,88.34,NULL,0.00,NULL,23),
	(22067,35,29,89.05,10,89.76,88.57,NULL,0.00,14,21),
	(22086,36,29,80.84,10,81.81,80.20,NULL,0.00,44,56),
	(22105,46,29,89.43,10,88.30,90.18,NULL,0.00,17,15),
	(22124,49,29,95.98,10,95.66,96.20,NULL,0.00,5,3),
	(22143,55,29,85.58,10,85.60,85.57,NULL,0.00,31,35),
	(22162,57,29,86.53,10,85.04,87.52,NULL,0.00,33,27),
	(22181,58,29,89.62,10,90.04,89.33,NULL,0.00,13,18),
	(22200,60,29,76.80,10,75.67,77.56,NULL,0.00,64,61),
	(22219,77,29,82.06,10,83.28,81.25,NULL,0.00,40,50),
	(22238,81,29,83.26,10,81.07,84.72,NULL,0.00,48,38),
	(22257,82,29,87.02,10,86.29,87.50,NULL,0.00,27,28),
	(22276,86,29,85.62,10,83.96,86.72,NULL,0.00,37,31),
	(22295,5,29,79.89,11,78.55,80.78,NULL,0.00,58,53),
	(22313,11,29,92.59,11,92.67,92.53,NULL,0.00,8,10),
	(22331,19,29,68.09,11,70.04,66.79,NULL,0.00,74,77),
	(22349,21,29,82.14,11,81.93,82.27,NULL,0.00,43,44),
	(22367,22,29,89.55,11,87.76,90.74,NULL,0.00,21,14),
	(22385,23,29,78.65,11,79.11,78.34,NULL,0.00,57,59),
	(22403,27,29,79.60,11,79.39,79.74,NULL,0.00,55,57),
	(22421,28,29,82.00,11,83.09,81.27,NULL,0.00,41,49),
	(22439,32,29,84.55,11,82.29,86.06,NULL,0.00,42,34),
	(22457,33,29,73.76,11,72.99,74.28,NULL,0.00,69,68),
	(22475,39,29,96.42,11,96.21,96.56,NULL,0.00,2,2),
	(22493,45,29,81.92,11,81.62,82.12,NULL,0.00,46,45),
	(22511,50,29,93.34,11,92.95,93.61,NULL,0.00,7,8),
	(22529,52,29,80.87,11,81.15,80.68,NULL,0.00,47,54),
	(22547,53,29,75.82,11,75.64,75.94,NULL,0.00,65,65),
	(22565,61,29,73.44,11,72.66,73.96,NULL,0.00,70,69),
	(22583,62,29,95.12,11,94.53,95.52,NULL,0.00,6,6),
	(22601,63,29,85.90,11,85.62,86.09,NULL,0.00,30,33),
	(22619,69,29,79.34,11,77.73,80.42,NULL,0.00,60,55),
	(22637,73,29,91.66,11,91.47,91.79,NULL,0.00,11,11),
	(22655,75,29,62.61,11,63.52,62.01,NULL,0.00,81,81),
	(22673,76,29,93.17,11,92.09,93.89,NULL,0.00,10,7),
	(22691,2,29,87.70,13,89.06,86.79,NULL,0.00,15,30),
	(22709,6,29,87.49,13,87.01,87.81,NULL,0.00,25,26),
	(22727,7,29,70.03,13,67.45,71.75,NULL,0.00,77,72),
	(22745,12,29,71.63,13,73.06,70.69,NULL,0.00,68,74),
	(22763,25,29,95.82,13,95.70,95.91,NULL,0.00,4,4),
	(22781,30,29,71.67,13,71.27,71.94,NULL,0.00,72,70),
	(22799,38,29,75.54,13,75.68,75.45,NULL,0.00,63,66),
	(22817,40,29,82.86,13,85.64,81.02,NULL,0.00,29,52),
	(22835,44,29,58.16,13,59.38,57.34,NULL,0.00,82,83),
	(22853,48,29,67.58,13,70.51,65.62,NULL,0.00,73,78),
	(22871,51,29,88.80,13,87.82,89.45,NULL,0.00,20,17),
	(22889,54,29,85.22,13,85.46,85.06,NULL,0.00,32,36),
	(22907,59,29,69.73,13,66.66,71.78,NULL,0.00,78,71),
	(22925,64,29,77.22,13,78.38,76.45,NULL,0.00,59,64),
	(22943,67,29,70.12,13,68.67,71.09,NULL,0.00,76,73),
	(22961,68,29,95.65,13,95.79,95.57,NULL,0.00,3,5),
	(22979,70,29,70.21,13,71.34,69.45,NULL,0.00,71,75),
	(22997,71,29,84.91,13,85.03,84.83,NULL,0.00,34,37),
	(23015,74,29,64.68,13,63.83,65.24,NULL,0.00,80,79),
	(23033,83,29,88.39,13,87.65,88.88,NULL,0.00,22,19),
	(23051,87,29,92.02,13,92.51,91.69,NULL,0.00,9,12),
	(23052,89,30,88.93,1,91.77,87.03,NULL,0.00,10,12),
	(23053,90,30,90.89,1,93.37,89.24,NULL,0.00,6,5),
	(23054,103,30,70.18,1,72.21,68.83,NULL,0.00,81,81),
	(23055,107,30,81.11,1,84.12,79.10,NULL,0.00,36,44),
	(23056,113,30,81.09,1,82.24,80.32,NULL,0.00,46,38),
	(23057,121,30,73.43,1,77.64,70.63,NULL,0.00,60,78),
	(23058,122,30,76.90,1,76.56,77.12,NULL,0.00,63,51),
	(23059,123,30,88.89,1,92.28,86.64,NULL,0.00,9,14),
	(23060,124,30,82.21,1,83.60,81.29,NULL,0.00,41,28),
	(23061,125,30,77.32,1,79.05,76.17,NULL,0.00,54,58),
	(23062,126,30,73.60,1,72.83,74.11,NULL,0.00,78,62),
	(23063,131,30,73.20,1,81.78,67.47,NULL,0.00,48,83),
	(23064,133,30,77.44,1,78.34,76.84,NULL,0.00,57,53),
	(23065,137,30,70.97,1,70.73,71.13,NULL,0.00,85,76),
	(23066,142,30,85.41,1,87.19,84.22,NULL,0.00,23,19),
	(23067,146,30,71.91,1,75.71,69.37,NULL,0.00,66,80),
	(23068,147,30,67.29,1,70.22,65.33,NULL,0.00,86,88),
	(23069,149,30,83.72,1,86.01,82.19,NULL,0.00,25,24),
	(23070,151,30,75.46,1,78.66,73.32,NULL,0.00,55,67),
	(23071,160,30,81.19,1,82.26,80.47,NULL,0.00,44,36),
	(23072,163,30,81.41,1,84.11,79.61,NULL,0.00,37,42),
	(23073,164,30,78.08,1,73.70,81.00,NULL,0.00,75,32),
	(23074,167,30,83.87,1,88.71,80.64,NULL,0.00,17,35),
	(23075,177,30,82.41,1,85.02,80.68,NULL,0.00,31,34),
	(23484,94,30,75.20,7,77.84,73.43,NULL,0.00,59,66),
	(23499,97,30,95.37,7,97.79,93.75,NULL,0.00,1,1),
	(23514,106,30,91.62,7,94.01,90.03,NULL,0.00,5,3),
	(23529,108,30,80.86,7,82.06,80.06,NULL,0.00,47,39),
	(23544,118,30,73.57,7,73.41,73.68,NULL,0.00,77,65),
	(23559,120,30,82.19,7,84.06,80.95,NULL,0.00,38,33),
	(23574,127,30,86.63,7,88.47,85.41,NULL,0.00,19,16),
	(23589,130,30,78.63,7,79.75,77.89,NULL,0.00,52,47),
	(23604,136,30,75.58,7,73.81,76.76,NULL,0.00,73,55),
	(23619,138,30,65.13,7,67.67,63.43,NULL,0.00,89,91),
	(23634,139,30,82.65,7,84.92,81.14,NULL,0.00,32,29),
	(23649,140,30,91.86,7,94.45,90.13,NULL,0.00,3,2),
	(23664,141,30,71.57,7,70.75,72.12,NULL,0.00,84,70),
	(23679,145,30,76.70,7,75.38,77.58,NULL,0.00,68,49),
	(23694,148,30,91.14,7,94.37,88.99,NULL,0.00,4,6),
	(23709,153,30,71.35,7,67.43,73.97,NULL,0.00,90,63),
	(23724,156,30,73.22,7,76.81,70.83,NULL,0.00,62,77),
	(23739,159,30,87.66,7,88.22,87.29,NULL,0.00,20,10),
	(23754,161,30,77.34,7,75.52,78.56,NULL,0.00,67,46),
	(23769,162,30,89.67,7,92.93,87.51,NULL,0.00,8,9),
	(23784,165,30,90.59,7,93.02,88.97,NULL,0.00,7,7),
	(23799,171,30,80.94,7,80.75,81.06,NULL,0.00,50,31),
	(23814,178,30,62.29,7,68.56,58.11,NULL,0.00,88,93),
	(23829,179,30,74.29,7,77.08,72.43,NULL,0.00,61,69),
	(23844,91,30,75.95,8,81.76,72.08,NULL,0.00,49,71),
	(23860,93,30,83.94,8,88.15,81.13,NULL,0.00,21,30),
	(23876,95,30,71.98,8,72.77,71.46,NULL,0.00,79,73),
	(23892,99,30,79.86,8,83.74,77.28,NULL,0.00,40,50),
	(23908,100,30,72.22,8,73.60,71.31,NULL,0.00,76,75),
	(23924,102,30,80.17,8,83.79,77.75,NULL,0.00,39,48),
	(23940,104,30,85.21,8,88.95,82.72,NULL,0.00,16,22),
	(23956,105,30,70.30,8,78.01,65.17,NULL,0.00,58,89),
	(23972,112,30,80.55,8,83.09,78.86,NULL,0.00,42,45),
	(23988,115,30,66.02,8,75.18,59.92,NULL,0.00,69,92),
	(24004,117,30,69.94,8,73.94,67.28,NULL,0.00,72,85),
	(24020,128,30,85.09,8,89.65,82.06,NULL,0.00,15,25),
	(24036,132,30,79.90,8,84.91,76.56,NULL,0.00,33,56),
	(24052,134,30,80.75,8,82.28,79.72,NULL,0.00,43,41),
	(24068,135,30,79.37,8,84.79,75.75,NULL,0.00,34,59),
	(24084,154,30,70.27,8,74.93,67.17,NULL,0.00,70,86),
	(24100,155,30,77.82,8,79.28,76.84,NULL,0.00,53,53),
	(24116,170,30,69.92,8,65.12,73.12,NULL,0.00,92,68),
	(24132,173,30,89.59,8,91.75,88.16,NULL,0.00,11,8),
	(24148,180,30,92.13,8,95.34,89.98,NULL,0.00,2,4),
	(24164,181,30,85.23,8,88.70,82.92,NULL,0.00,18,21),
	(24180,184,30,71.34,8,76.11,68.16,NULL,0.00,65,82),
	(24196,92,30,77.65,9,78.48,77.09,NULL,0.00,56,52),
	(24210,96,30,0.00,9,0.00,0.00,NULL,0.00,NULL,NULL),
	(24224,101,30,70.06,9,71.00,69.43,NULL,0.00,83,79),
	(24238,110,30,84.10,9,85.04,83.48,NULL,0.00,30,20),
	(24252,111,30,88.69,9,91.57,86.76,NULL,0.00,12,13),
	(24266,114,30,88.05,9,90.18,86.64,NULL,0.00,14,14),
	(24280,116,30,81.46,9,84.26,79.59,NULL,0.00,35,43),
	(24294,119,30,74.78,9,73.73,75.49,NULL,0.00,74,60),
	(24308,129,30,64.69,9,65.82,63.94,NULL,0.00,91,90),
	(24322,143,30,78.80,9,82.25,76.49,NULL,0.00,45,57),
	(24336,144,30,71.74,9,68.79,73.71,NULL,0.00,87,64),
	(24350,150,30,79.75,9,79.76,79.75,NULL,0.00,51,40),
	(24364,152,30,73.75,9,76.48,71.93,NULL,0.00,64,72),
	(24378,157,30,83.70,9,85.17,82.72,NULL,0.00,28,22),
	(24392,158,30,83.02,9,85.39,81.44,NULL,0.00,27,27),
	(24406,166,30,86.14,9,87.29,85.38,NULL,0.00,22,17),
	(24420,168,30,83.66,9,86.16,81.99,NULL,0.00,24,26),
	(24434,169,30,88.58,9,90.65,87.20,NULL,0.00,13,11),
	(24448,172,30,74.34,9,74.54,74.21,NULL,0.00,71,61),
	(24462,174,30,82.32,9,85.12,80.45,NULL,0.00,29,37),
	(24476,175,30,64.90,9,61.13,67.42,NULL,0.00,93,84),
	(24490,176,30,85.12,9,85.78,84.68,NULL,0.00,26,18),
	(24504,98,30,68.82,9,72.75,65.94,NULL,0.00,80,87),
	(24518,182,30,71.59,9,71.97,71.34,NULL,0.00,82,74),
	(24532,3,30,77.80,10,79.79,76.47,NULL,0.00,53,59),
	(24550,8,30,85.72,10,89.02,83.53,NULL,0.00,17,23),
	(24568,9,30,86.95,10,90.13,84.82,NULL,0.00,15,16),
	(24586,10,30,78.54,10,80.34,77.33,NULL,0.00,51,56),
	(24604,13,30,78.66,10,77.95,79.13,NULL,0.00,63,45),
	(24622,20,30,87.92,10,91.67,85.42,NULL,0.00,10,15),
	(24640,35,30,85.19,10,86.46,84.34,NULL,0.00,24,17),
	(24658,36,30,80.32,10,83.52,78.18,NULL,0.00,38,51),
	(24676,46,30,84.71,10,88.86,81.95,NULL,0.00,18,30),
	(24694,49,30,92.85,10,94.31,91.88,NULL,0.00,6,4),
	(24712,55,30,83.03,10,84.81,81.85,NULL,0.00,34,31),
	(24730,57,30,85.90,10,88.38,84.24,NULL,0.00,20,18),
	(24748,58,30,86.73,10,91.02,83.88,NULL,0.00,12,21),
	(24766,60,30,74.69,10,74.95,74.52,NULL,0.00,67,66),
	(24784,77,30,81.43,10,80.97,81.74,NULL,0.00,48,33),
	(24802,81,30,81.18,10,82.66,80.19,NULL,0.00,41,41),
	(24820,82,30,83.87,10,85.97,82.47,NULL,0.00,31,26),
	(24838,86,30,84.74,10,87.38,82.97,NULL,0.00,22,24),
	(24856,5,30,78.74,11,77.09,79.84,NULL,0.00,64,43),
	(24872,11,30,88.17,11,90.61,86.55,NULL,0.00,14,12),
	(24888,19,30,64.16,11,64.04,64.24,NULL,0.00,78,77),
	(24904,21,30,82.18,11,81.76,82.46,NULL,0.00,45,27),
	(24920,22,30,87.65,11,89.49,86.42,NULL,0.00,16,13),
	(24936,23,30,79.55,11,80.26,79.07,NULL,0.00,52,46),
	(24952,27,30,78.31,11,78.09,78.45,NULL,0.00,62,50),
	(24968,28,30,78.35,11,82.70,75.44,NULL,0.00,40,64),
	(24984,32,30,82.44,11,84.31,81.20,NULL,0.00,35,36),
	(25000,33,30,72.73,11,74.98,71.24,NULL,0.00,66,68),
	(25016,39,30,93.76,11,95.93,92.31,NULL,0.00,2,2),
	(25032,45,30,78.70,11,78.95,78.54,NULL,0.00,59,49),
	(25048,50,30,91.68,11,92.72,90.99,NULL,0.00,8,7),
	(25064,52,30,77.28,11,78.73,76.31,NULL,0.00,60,61),
	(25080,53,30,78.56,11,79.73,77.78,NULL,0.00,54,54),
	(25096,61,30,76.14,11,75.88,76.31,NULL,0.00,65,61),
	(25112,62,30,93.40,11,95.61,91.93,NULL,0.00,3,3),
	(25128,63,30,85.00,11,86.22,84.19,NULL,0.00,29,19),
	(25144,69,30,83.36,11,86.36,81.36,NULL,0.00,26,35),
	(25160,73,30,90.12,11,91.44,89.24,NULL,0.00,11,9),
	(25176,75,30,64.89,11,61.91,66.87,NULL,0.00,80,72),
	(25192,76,30,91.49,11,95.25,88.98,NULL,0.00,4,10),
	(25208,2,30,84.49,13,88.19,82.03,NULL,0.00,21,29),
	(25226,6,30,79.74,13,84.96,76.26,NULL,0.00,32,63),
	(25244,7,30,67.83,13,73.73,63.89,NULL,0.00,68,78),
	(25262,12,30,61.74,13,61.70,61.76,NULL,0.00,81,80),
	(25280,25,30,92.95,13,95.19,91.46,NULL,0.00,5,5),
	(25298,30,30,68.54,13,67.62,69.16,NULL,0.00,74,71),
	(25316,38,30,78.11,13,80.69,76.39,NULL,0.00,50,60),
	(25334,40,30,82.59,13,84.85,81.08,NULL,0.00,33,37),
	(25352,44,30,60.52,13,61.26,60.03,NULL,0.00,82,82),
	(25370,48,30,66.18,13,65.51,66.63,NULL,0.00,76,73),
	(25388,51,30,85.78,13,88.65,83.86,NULL,0.00,19,22),
	(25406,54,30,83.63,13,86.46,81.74,NULL,0.00,24,33),
	(25424,59,30,68.43,13,71.95,66.08,NULL,0.00,69,75),
	(25442,64,30,71.41,13,71.72,71.21,NULL,0.00,70,69),
	(25460,67,30,64.96,13,68.54,62.58,NULL,0.00,73,79),
	(25478,68,30,92.39,13,94.07,91.26,NULL,0.00,7,6),
	(25496,70,30,70.24,13,69.44,70.78,NULL,0.00,71,70),
	(25514,71,30,79.41,13,79.67,79.24,NULL,0.00,55,44),
	(25532,74,30,64.80,13,65.38,64.42,NULL,0.00,77,76),
	(25550,83,30,84.93,13,86.24,84.05,NULL,0.00,28,20),
	(25568,87,30,91.22,13,91.95,90.74,NULL,0.00,9,8),
	(25586,1,30,88.48,2,90.63,87.05,NULL,0.00,13,11),
	(25603,4,30,77.47,2,78.20,76.98,NULL,0.00,61,58),
	(25620,14,30,86.36,2,87.28,85.74,NULL,0.00,23,14),
	(25637,15,30,80.31,2,82.23,79.03,NULL,0.00,43,47),
	(25654,24,30,81.57,2,83.20,80.48,NULL,0.00,39,40),
	(25671,26,30,76.91,2,79.65,75.09,NULL,0.00,56,65),
	(25688,29,30,77.90,2,79.17,77.06,NULL,0.00,58,57),
	(25705,31,30,80.41,2,81.04,79.99,NULL,0.00,47,42),
	(25722,34,30,78.99,2,81.05,77.62,NULL,0.00,46,55),
	(25739,37,30,83.94,2,86.33,82.34,NULL,0.00,27,28),
	(25756,41,30,80.49,2,79.61,81.07,NULL,0.00,57,38),
	(25773,42,30,81.34,2,82.16,80.79,NULL,0.00,44,39),
	(25790,43,30,81.81,2,86.15,78.91,NULL,0.00,30,48),
	(25807,47,30,82.68,2,83.94,81.84,NULL,0.00,37,32),
	(25824,65,30,83.19,2,84.19,82.52,NULL,0.00,36,25),
	(25841,66,30,66.51,2,66.92,66.23,NULL,0.00,75,74),
	(25858,78,30,71.54,2,68.86,73.33,NULL,0.00,72,67),
	(25875,79,30,0.00,2,0.00,0.00,NULL,0.00,NULL,NULL),
	(25892,80,30,79.05,2,80.91,77.81,NULL,0.00,49,53),
	(25909,84,30,61.71,2,62.24,61.35,NULL,0.00,79,81),
	(25926,85,30,95.33,2,97.10,94.15,NULL,0.00,1,1),
	(25943,88,30,79.77,2,82.63,77.87,NULL,0.00,42,52),
	(25944,89,31,89.96,1,90.93,89.32,NULL,0.00,11,15),
	(25945,90,31,93.42,1,93.91,93.09,NULL,0.00,4,6),
	(25946,103,31,66.14,1,63.04,68.21,NULL,0.00,90,83),
	(25947,107,31,81.62,1,81.84,81.47,NULL,0.00,41,40),
	(25948,113,31,81.34,1,80.06,82.20,NULL,0.00,45,37),
	(25949,121,31,74.28,1,69.34,77.57,NULL,0.00,77,53),
	(25950,122,31,78.96,1,79.10,78.87,NULL,0.00,49,51),
	(25951,123,31,90.97,1,92.31,90.07,NULL,0.00,7,12),
	(25952,124,31,84.31,1,83.74,84.69,NULL,0.00,35,30),
	(25953,125,31,79.16,1,77.72,80.13,NULL,0.00,52,46),
	(25954,126,31,68.74,1,65.71,70.76,NULL,0.00,87,74),
	(25955,131,31,72.09,1,71.11,72.74,NULL,0.00,72,66),
	(25956,133,31,81.79,1,82.23,81.50,NULL,0.00,40,39),
	(25957,137,31,70.65,1,71.91,69.82,NULL,0.00,68,77),
	(25958,142,31,85.82,1,85.07,86.32,NULL,0.00,24,21),
	(25959,146,31,71.53,1,71.13,71.79,NULL,0.00,71,68),
	(25960,147,31,67.98,1,66.60,68.89,NULL,0.00,85,81),
	(25961,149,31,84.10,1,82.85,84.94,NULL,0.00,37,29),
	(25962,151,31,78.28,1,79.31,77.59,NULL,0.00,47,52),
	(25963,160,31,84.73,1,83.92,85.27,NULL,0.00,34,27),
	(25964,163,31,86.22,1,86.73,85.89,NULL,0.00,18,24),
	(25965,164,31,74.89,1,73.48,75.83,NULL,0.00,64,60),
	(25966,167,31,81.97,1,81.57,82.23,NULL,0.00,43,36),
	(25967,177,31,86.07,1,85.67,86.34,NULL,0.00,22,19),
	(26400,94,31,73.35,7,72.63,73.82,NULL,0.00,66,63),
	(26418,97,31,96.49,7,95.79,96.96,NULL,0.00,1,1),
	(26436,106,31,93.40,7,93.18,93.56,NULL,0.00,6,4),
	(26454,108,31,81.51,7,81.67,81.40,NULL,0.00,42,41),
	(26472,118,31,65.96,7,67.29,65.07,NULL,0.00,82,89),
	(26490,120,31,82.71,7,85.78,80.66,NULL,0.00,21,44),
	(26508,127,31,88.84,7,87.91,89.46,NULL,0.00,17,13),
	(26526,130,31,80.52,7,82.45,79.24,NULL,0.00,39,49),
	(26544,136,31,72.81,7,71.02,74.01,NULL,0.00,74,62),
	(26562,138,31,62.97,7,63.83,62.39,NULL,0.00,89,91),
	(26580,139,31,85.03,7,85.64,84.63,NULL,0.00,23,32),
	(26598,140,31,93.76,7,94.02,93.59,NULL,0.00,3,3),
	(26616,141,31,69.98,7,72.08,68.57,NULL,0.00,67,82),
	(26634,145,31,70.35,7,74.20,67.79,NULL,0.00,61,86),
	(26652,148,31,92.43,7,93.72,91.57,NULL,0.00,5,8),
	(26670,153,31,67.93,7,67.60,68.14,NULL,0.00,80,84),
	(26688,156,31,71.73,7,72.66,71.11,NULL,0.00,65,72),
	(26706,159,31,88.66,7,88.77,88.59,NULL,0.00,16,16),
	(26724,161,31,84.73,7,84.86,84.64,NULL,0.00,26,31),
	(26742,162,31,92.58,7,91.71,93.16,NULL,0.00,9,5),
	(26760,165,31,92.36,7,91.85,92.71,NULL,0.00,8,7),
	(26778,171,31,76.81,7,76.99,76.69,NULL,0.00,53,56),
	(26796,178,31,68.47,7,65.83,70.23,NULL,0.00,86,76),
	(26814,179,31,64.78,7,62.41,66.36,NULL,0.00,91,87),
	(26832,91,31,72.69,8,71.17,73.71,NULL,0.00,70,64),
	(26850,93,31,84.37,8,84.43,84.33,NULL,0.00,29,34),
	(26868,95,31,68.93,8,65.37,71.31,NULL,0.00,88,69),
	(26886,99,31,81.49,8,84.26,79.64,NULL,0.00,31,47),
	(26904,100,31,68.17,8,66.99,68.95,NULL,0.00,84,80),
	(26922,102,31,76.67,8,75.31,77.57,NULL,0.00,58,53),
	(26940,104,31,88.82,8,89.90,88.11,NULL,0.00,12,17),
	(26958,105,31,70.23,8,70.08,70.33,NULL,0.00,76,75),
	(26976,112,31,79.97,8,79.13,80.53,NULL,0.00,48,45),
	(26994,115,31,72.24,8,73.70,71.26,NULL,0.00,63,71),
	(27012,117,31,65.59,8,67.84,64.09,NULL,0.00,78,90),
	(27030,128,31,82.71,8,84.84,81.29,NULL,0.00,27,42),
	(27048,132,31,79.05,8,78.49,79.42,NULL,0.00,51,48),
	(27066,134,31,79.47,8,79.86,79.21,NULL,0.00,46,50),
	(27084,135,31,81.59,8,80.38,82.39,NULL,0.00,44,35),
	(27102,154,31,67.96,8,67.80,68.07,NULL,0.00,79,85),
	(27120,155,31,79.27,8,76.81,80.91,NULL,0.00,54,43),
	(27138,170,31,74.07,8,76.43,72.50,NULL,0.00,56,67),
	(27156,173,31,90.04,8,91.08,89.34,NULL,0.00,10,14),
	(27174,180,31,94.52,8,94.76,94.37,NULL,0.00,2,2),
	(27192,181,31,86.16,8,86.17,86.16,NULL,0.00,20,23),
	(27210,184,31,77.59,8,79.09,76.59,NULL,0.00,50,57),
	(27228,92,31,70.91,9,71.04,70.82,NULL,0.00,73,73),
	(27246,96,31,NULL,9,NULL,NULL,NULL,0.00,NULL,NULL),
	(27264,101,31,71.51,9,71.82,71.31,NULL,0.00,69,69),
	(27282,110,31,86.38,9,86.64,86.21,NULL,0.00,19,22),
	(27300,111,31,90.32,9,89.50,90.87,NULL,0.00,14,10),
	(27318,114,31,89.72,9,89.04,90.18,NULL,0.00,15,11),
	(27336,116,31,85.00,9,84.11,85.60,NULL,0.00,32,25),
	(27354,119,31,73.64,9,74.89,72.81,NULL,0.00,60,65),
	(27372,129,31,56.45,9,56.91,56.15,NULL,0.00,92,92),
	(27390,143,31,76.72,9,75.99,77.21,NULL,0.00,57,55),
	(27408,144,31,68.53,9,67.28,69.37,NULL,0.00,83,78),
	(27426,150,31,69.79,9,70.97,69.01,NULL,0.00,75,79),
	(27444,152,31,75.32,9,73.94,76.23,NULL,0.00,62,59),
	(27462,157,31,83.88,9,82.74,84.63,NULL,0.00,38,32),
	(27480,158,31,84.93,9,83.93,85.60,NULL,0.00,33,25),
	(27498,166,31,84.94,9,84.72,85.09,NULL,0.00,28,28),
	(27516,168,31,86.03,9,84.43,87.11,NULL,0.00,29,18),
	(27534,169,31,90.64,9,89.75,91.24,NULL,0.00,13,9),
	(27552,172,31,75.93,9,75.09,76.48,NULL,0.00,59,58),
	(27570,174,31,82.11,9,82.95,81.56,NULL,0.00,36,38),
	(27588,175,31,54.57,9,56.84,53.06,NULL,0.00,93,93),
	(27606,176,31,85.82,9,85.05,86.33,NULL,0.00,25,20),
	(27624,98,31,66.20,9,67.49,65.34,NULL,0.00,81,88),
	(27642,182,31,75.65,9,76.58,75.03,NULL,0.00,55,61),
	(28920,3,31,78.74,10,75.98,80.57,NULL,0.00,62,55),
	(28939,8,31,86.35,10,81.60,89.52,NULL,0.00,39,13),
	(28958,9,31,85.63,10,85.07,86.01,NULL,0.00,19,29),
	(28977,10,31,75.82,10,72.41,78.09,NULL,0.00,67,63),
	(28996,13,31,78.54,10,77.19,79.44,NULL,0.00,56,61),
	(29015,20,31,88.71,10,89.46,88.22,NULL,0.00,11,14),
	(29034,35,31,86.58,10,86.39,86.71,NULL,0.00,17,26),
	(29053,36,31,80.86,10,80.72,80.96,NULL,0.00,42,53),
	(29072,46,31,84.38,10,84.38,84.38,NULL,0.00,20,34),
	(29091,49,31,93.84,10,93.36,94.16,NULL,0.00,5,6),
	(29110,55,31,83.67,10,82.32,84.58,NULL,0.00,35,33),
	(29129,57,31,83.22,10,82.92,83.42,NULL,0.00,31,40),
	(29148,58,31,86.16,10,86.16,86.15,NULL,0.00,18,28),
	(29167,60,31,70.97,10,68.61,72.55,NULL,0.00,73,70),
	(29186,77,31,79.51,10,74.99,82.52,NULL,0.00,64,43),
	(29205,81,31,79.28,10,76.59,81.07,NULL,0.00,60,52),
	(29224,82,31,84.72,10,82.97,85.89,NULL,0.00,29,30),
	(29243,86,31,86.54,10,84.36,87.98,NULL,0.00,21,19),
	(29262,5,31,80.54,11,79.72,81.09,NULL,0.00,45,51),
	(29281,11,31,87.95,11,87.62,88.16,NULL,0.00,14,15),
	(29300,19,31,61.71,11,62.55,61.14,NULL,0.00,79,82),
	(29319,21,31,83.59,11,83.59,83.59,NULL,0.00,25,39),
	(29338,22,31,85.79,11,84.35,86.75,NULL,0.00,22,25),
	(29357,23,31,80.12,11,79.36,80.63,NULL,0.00,47,54),
	(29376,27,31,77.96,11,76.93,78.64,NULL,0.00,58,62),
	(29395,28,31,78.65,11,76.45,80.11,NULL,0.00,61,58),
	(29414,32,31,81.87,11,82.01,81.77,NULL,0.00,38,50),
	(29433,33,31,70.86,11,71.62,70.35,NULL,0.00,68,75),
	(29452,39,31,95.67,11,95.37,95.87,NULL,0.00,2,2),
	(29471,45,31,80.12,11,77.00,82.21,NULL,0.00,57,45),
	(29490,50,31,93.18,11,93.78,92.77,NULL,0.00,3,10),
	(29509,52,31,80.55,11,78.36,82.01,NULL,0.00,50,48),
	(29528,53,31,80.84,11,78.71,82.26,NULL,0.00,48,44),
	(29547,61,31,75.23,11,73.65,76.28,NULL,0.00,65,64),
	(29566,62,31,94.34,11,93.06,95.18,NULL,0.00,6,4),
	(29585,63,31,87.14,11,87.24,87.07,NULL,0.00,16,22),
	(29604,69,31,83.92,11,82.84,84.64,NULL,0.00,32,32),
	(29623,73,31,92.96,11,92.44,93.31,NULL,0.00,9,7),
	(29642,75,31,65.94,11,64.36,67.00,NULL,0.00,76,80),
	(29661,76,31,92.75,11,92.62,92.85,NULL,0.00,8,9),
	(29680,2,31,86.43,13,84.01,88.04,NULL,0.00,23,16),
	(29699,6,31,84.64,13,80.95,87.11,NULL,0.00,41,21),
	(29718,7,31,73.29,13,71.33,74.59,NULL,0.00,69,68),
	(29737,12,31,70.48,13,69.44,71.18,NULL,0.00,71,72),
	(29756,25,31,94.13,13,93.06,94.85,NULL,0.00,6,5),
	(29775,30,31,66.11,13,62.28,68.66,NULL,0.00,80,77),
	(29794,38,31,75.91,13,77.23,75.03,NULL,0.00,55,65),
	(29813,40,31,82.39,13,79.87,84.07,NULL,0.00,44,37),
	(29832,44,31,57.77,13,56.33,61.98,NULL,0.00,82,81),
	(29851,48,31,67.31,13,65.28,68.66,NULL,0.00,75,77),
	(29870,51,31,89.37,13,87.96,90.31,NULL,0.00,13,12),
	(29889,54,31,85.81,13,84.00,87.02,NULL,0.00,24,23),
	(29908,59,31,65.22,13,59.39,69.11,NULL,0.00,81,76),
	(29927,64,31,75.91,13,77.45,74.89,NULL,0.00,53,67),
	(29946,67,31,67.70,13,63.57,70.46,NULL,0.00,78,74),
	(29965,68,31,94.60,13,93.44,95.37,NULL,0.00,4,3),
	(29984,70,31,73.94,13,72.46,74.93,NULL,0.00,66,66),
	(30003,71,31,81.63,13,80.97,82.07,NULL,0.00,40,47),
	(30022,74,31,70.05,13,65.93,72.79,NULL,0.00,74,69),
	(30041,83,31,84.88,13,82.96,86.16,NULL,0.00,30,27),
	(30060,87,31,92.60,13,91.89,93.07,NULL,0.00,10,8),
	(30079,1,31,89.88,2,89.06,90.43,NULL,0.00,12,11),
	(30098,4,31,79.33,2,78.03,80.21,NULL,0.00,51,57),
	(30117,14,31,87.11,2,87.56,86.80,NULL,0.00,15,24),
	(30136,15,31,84.92,2,80.31,88.00,NULL,0.00,43,18),
	(30155,24,31,82.11,2,82.02,82.18,NULL,0.00,37,46),
	(30174,26,31,80.69,2,77.33,82.93,NULL,0.00,54,41),
	(30193,29,31,78.66,2,76.86,79.86,NULL,0.00,59,60),
	(30212,31,31,86.10,2,83.21,88.03,NULL,0.00,28,17),
	(30231,34,31,78.43,2,75.36,80.48,NULL,0.00,63,56),
	(30250,37,31,83.32,2,82.14,84.11,NULL,0.00,36,35),
	(30269,41,31,79.13,2,77.88,79.96,NULL,0.00,52,59),
	(30288,42,31,82.57,2,82.45,82.65,NULL,0.00,34,42),
	(30307,43,31,83.88,2,83.57,84.08,NULL,0.00,26,36),
	(30326,47,31,83.93,2,82.58,84.83,NULL,0.00,33,31),
	(30345,65,31,83.63,2,83.39,83.79,NULL,0.00,27,38),
	(30364,66,31,68.42,2,69.03,68.02,NULL,0.00,72,79),
	(30383,78,31,70.78,2,69.59,71.57,NULL,0.00,70,71),
	(30402,79,31,NULL,2,NULL,NULL,NULL,0.00,NULL,NULL),
	(30421,80,31,80.57,2,78.58,81.89,NULL,0.00,49,49),
	(30440,84,31,67.85,2,63.80,70.56,NULL,0.00,77,73),
	(30459,85,31,96.49,2,96.82,96.26,NULL,0.00,1,1),
	(30478,88,31,84.56,2,79.71,87.79,NULL,0.00,46,20);




# Dump of table timetable_durations
# ------------------------------------------------------------


CREATE TABLE `timetable_durations` (
  `id` int(11) unsigned NOT NULL,
  `period` tinyint(1) DEFAULT NULL,
  `day` varchar(12) DEFAULT NULL,
  `start` varchar(12) DEFAULT NULL,
  `end` varchar(12) DEFAULT NULL,
  PRIMARY KEY (`id`),
  UNIQUE KEY `period` (`period`,`day`)
) ENGINE=InnoDB DEFAULT CHARSET=latin1 ROW_FORMAT=COMPACT;


INSERT INTO `timetable_durations` (`id`, `period`, `day`, `start`, `end`)
VALUES
	(1,1,'Monday','8:30 am  ','9:10 am  '),
	(2,1,'Tuesday','8:30 am     ','9:10 am     '),
	(3,1,'Wednesday','8:30 am     ','9:10 am     '),
	(4,1,'Thursday','8:30 am     ','9:10 am     '),
	(5,1,'Friday','8:30 am  ','9:10 am  '),
	(6,2,'Monday','9:10 am  ','9:50 am  '),
	(7,2,'Tuesday','9:10 am     ','9:50 am     '),
	(8,2,'Wednesday','9:10 am     ','9:50 am     '),
	(9,2,'Thursday','9:10 am     ','9:50 am     '),
	(10,2,'Friday','9:10 am    ','9:50 am    '),
	(11,3,'Monday','9:50 am  ','10:30 am  '),
	(12,3,'Tuesday','9:50 am     ','10:30 am    '),
	(13,3,'Wednesday','9:50 am ','10:30 am    '),
	(14,3,'Thursday','9:50 am     ','10:30 am    '),
	(15,3,'Friday','9:50 am    ','10:30 am    '),
	(16,4,'Monday','10:30 am    ','11:10 am    '),
	(17,4,'Tuesday','10:30 am    ','11:10 am    '),
	(18,4,'Wednesday','10:30 am    ','11:10 am    '),
	(19,4,'Thursday','10:30 am    ','11:10 am    '),
	(20,4,'Friday','10:30 am    ','11:10 am    '),
	(21,5,'Monday','11:35 am    ','12:15 pm    '),
	(22,5,'Tuesday','11:35 am    ','12:15 pm    '),
	(23,5,'Wednesday','11:35 am    ','12:15 pm    '),
	(24,5,'Thursday','11:35 am    ','12:15 pm    '),
	(25,5,'Friday','11:35 am    ','12:15 pm    '),
	(26,6,'Monday','12:15 pm    ','12:55 pm    '),
	(27,6,'Tuesday','12:15 pm    ','12:55 pm    '),
	(28,6,'Wednesday','12:15 pm    ','12:55 pm    '),
	(29,6,'Thursday','12:15 pm    ','12:55 pm    '),
	(30,6,'Friday','12:15 pm    ','12:55 pm    '),
	(31,7,'Monday','12:55 pm    ','1:35 pm     '),
	(32,7,'Tuesday','12:55 pm    ','1:35 pm  '),
	(33,7,'Wednesday','12:55 pm    ','1:35 pm     '),
	(34,7,'Thursday','12:55 pm    ','1:35 pm     '),
	(35,7,'Friday','12:55 pm    ','1:35 pm    '),
	(36,8,'Monday','1:35 pm     ','2:15 pm     '),
	(37,8,'Tuesday','1:35 pm     ','2:15 pm     '),
	(38,8,'Wednesday','1:35 pm     ','2:15 pm  '),
	(39,8,'Thursday','1:35 pm     ','2:15 pm     '),
	(40,8,'Friday','1:35 pm    ','2:15 pm    '),
	(41,9,'Monday','2:30 pm     ','3:05 pm     '),
	(42,9,'Tuesday','2:30 pm     ','3:05 pm     '),
	(43,9,'Wednesday','2:30 pm     ','3:05 pm     '),
	(44,9,'Thursday','2:30 pm     ','3:05 pm     '),
	(45,9,'Friday','2:30 pm    ','3:05 pm    '),
	(46,10,'Monday','3:05 pm   ','3.40 pm     '),
	(47,10,'Tuesday','3:05 pm     ','3:40 pm     '),
	(48,10,'Wednesday','3:05 pm     ','3:40 pm     '),
	(49,10,'Thursday','3:05 pm     ','3:40 pm  '),
	(50,10,'Friday','3:05 pm    ','3:40 pm    '),
	(56,1,'Saturday','7:00 am','7:30 am'),
	(62,2,'Saturday',' ',' '),
	(68,3,'Saturday',' ',' '),
	(74,4,'Saturday',' ',' '),
	(80,5,'Saturday',' ',' '),
	(86,6,'Saturday',' ',' '),
	(92,7,'Saturday',' ',' '),
	(98,8,'Saturday',' ',' '),
	(104,9,'Saturday',' ',' '),
	(110,10,'Saturday',' ',' ');



# Dump of table titles
# ------------------------------------------------------------


CREATE TABLE `titles` (
  `id` tinyint(4) NOT NULL AUTO_INCREMENT,
  `title` varchar(40) NOT NULL,
  PRIMARY KEY (`id`),
  UNIQUE KEY `id` (`id`,`title`)
) ENGINE=InnoDB DEFAULT CHARSET=latin1 ROW_FORMAT=COMPACT;


INSERT INTO `titles` (`id`, `title`)
VALUES
	(1,'NONE'),
	(2,'Executive Director'),
	(3,'Chairman'),
	(4,'Head Master '),
	(7,'Assistant Bursar'),
	(8,'PA. to the Executive Director'),
	(9,'Head of Marketting '),
	(10,'Ass. Head of Boarding'),
	(14,'Head of Boarding'),
	(15,'Facilities / Store manager'),
	(16,'College Secretary'),
	(18,'Academics Coordinator'),
	(19,'Admissions Coordinator'),
	(20,'Teacher'),
	(22,'Exam Officer'),
	(28,'Cook'),
	(29,'Kitchen Manager'),
	(30,'Kitchen Supervisor'),
	(31,'Security'),
	(33,'Head of Environment'),
	(34,'Head of Security'),
	(35,'E.D Staff'),
	(36,'Chairman Staff'),
	(37,'Bursar'),
	(38,'Assistant Admin Officer '),
	(39,'Head Teacher'),
	(40,'PA. to the Chairman'),
	(41,'Assistant Head Teacher'),
	(42,'Principal');



# Dump of table transaction_log
# ------------------------------------------------------------


CREATE TABLE `transaction_log` (
  `id` int(11) unsigned NOT NULL AUTO_INCREMENT,
  `student_id` int(6) NOT NULL,
  `email` varchar(80) DEFAULT NULL,
  `response` varchar(2000) DEFAULT 'pending',
  `channel` int(2) NOT NULL DEFAULT '1',
  `ref` varchar(50) DEFAULT NULL,
  `amount` double(12,2) NOT NULL,
  `status` varchar(100) NOT NULL DEFAULT 'pending',
  `time` timestamp NOT NULL DEFAULT CURRENT_TIMESTAMP,
  `metadata` longtext,
  `debit_id` int(11) DEFAULT NULL,
  `processed` int(11) DEFAULT NULL,
  PRIMARY KEY (`id`),
  UNIQUE KEY `Unique ref` (`ref`),
  KEY `ref` (`ref`) USING BTREE
) ENGINE=InnoDB DEFAULT CHARSET=latin1 ROW_FORMAT=DYNAMIC;



# Dump of table transactions
# ------------------------------------------------------------


CREATE TABLE `transactions` (
  `id` int(10) unsigned NOT NULL AUTO_INCREMENT,
  `type` enum('debit','credit') NOT NULL,
  `method_id` int(11) DEFAULT '4',
  `employee_id` int(11) DEFAULT NULL,
  `student_id` int(11) DEFAULT NULL,
  `client_name` varchar(50) DEFAULT NULL,
  `details` varchar(600) NOT NULL,
  `amount` double(10,2) NOT NULL,
  `account_id` int(10) unsigned DEFAULT NULL,
  `dateTime` timestamp NOT NULL DEFAULT CURRENT_TIMESTAMP ON UPDATE CURRENT_TIMESTAMP,
  `date` date DEFAULT NULL,
  `accountant` varchar(50) DEFAULT NULL,
  `order_id` varchar(50) DEFAULT NULL,
  `term_id` int(11) DEFAULT NULL,
  PRIMARY KEY (`id`),
  UNIQUE KEY `order_id` (`order_id`)
) ENGINE=InnoDB DEFAULT CHARSET=latin1 ROW_FORMAT=COMPACT;



# Dump of table vehicle_routes
# ------------------------------------------------------------


CREATE TABLE `vehicle_routes` (
  `id` int(10) unsigned NOT NULL,
  `vehicle_id` int(11) NOT NULL,
  `route_id` int(11) NOT NULL,
  `attendant_id` int(11) DEFAULT NULL,
  `driver_id` int(11) NOT NULL,
  `runs` int(11) NOT NULL,
  PRIMARY KEY (`id`),
  UNIQUE KEY `Unique Bus Route` (`vehicle_id`,`route_id`),
  UNIQUE KEY `Unique Bus Attendant` (`vehicle_id`,`attendant_id`)
) ENGINE=InnoDB DEFAULT CHARSET=latin1 ROW_FORMAT=COMPACT;



# Dump of table vehicles
# ------------------------------------------------------------


CREATE TABLE `vehicles` (
  `id` int(10) unsigned NOT NULL,
  `alias` varchar(40) NOT NULL,
  `brand` varchar(25) NOT NULL,
  `model` varchar(28) NOT NULL,
  `reg_number` varchar(15) NOT NULL,
  `capacity` tinyint(3) unsigned NOT NULL DEFAULT '0',
  `driver_id` int(11) DEFAULT NULL,
  `attendant_id` smallint(5) unsigned DEFAULT '0' COMMENT 'employeeID in employees',
  `type` tinytext NOT NULL,
  PRIMARY KEY (`id`),
  UNIQUE KEY `Unique Alias` (`alias`),
  UNIQUE KEY `Unique Reg` (`reg_number`),
  KEY `Unique Vehicle` (`alias`,`brand`,`model`,`reg_number`)
) ENGINE=InnoDB DEFAULT CHARSET=latin1 ROW_FORMAT=COMPACT;



# Dump of table vouchers
# ------------------------------------------------------------


CREATE TABLE `vouchers` (
  `Id` int(9) unsigned zerofill NOT NULL,
  `clientName` varchar(100) NOT NULL COMMENT 'recieved from or given to',
  `transaction_id` int(9) unsigned NOT NULL DEFAULT '0',
  `paymentType` enum('cash','cheque') NOT NULL,
  PRIMARY KEY (`Id`,`transaction_id`),
  UNIQUE KEY `transaction` (`transaction_id`)
) ENGINE=InnoDB DEFAULT CHARSET=latin1 ROW_FORMAT=COMPACT;




